{"id":10146,"date":"2024-07-03T12:59:10","date_gmt":"2024-07-03T12:59:10","guid":{"rendered":"https:\/\/multifrigo.pl\/sklep\/produkt\/urzadzenie-regenerujace-do-potraw-sous-vide-6-gn-1-1-p-5-65-kw-fm-industrial-9100608\/"},"modified":"2025-05-19T12:48:13","modified_gmt":"2025-05-19T12:48:13","slug":"urzadzenie-regenerujace-do-potraw-sous-vide-6-gn-1-1-p-5-65-kw-fm-industrial-9100608","status":"publish","type":"product","link":"https:\/\/www.multifrigo.pl\/sklep\/produkt\/urzadzenie-regenerujace-do-potraw-sous-vide-6-gn-1-1-p-5-65-kw-fm-industrial-9100608\/","title":{"rendered":"Urz\u0105dzenie regeneruj\u0105ce do potraw, sous vide, 6 GN 1\/1, P 5.65 kW | FM Industrial 9100608"},"content":{"rendered":"<p><LI>rozmiar wewn\u0119trzny 594x386x451 mm  <LI>mozliwo\u015b\u0107 zapami\u0119tania do 99 w\u0142asnych program\u00f3w gotowania  <LI>wst\u0119pne rozgrzanie  <LI>regulacja wilgotno\u015bci od 0 do 100 %  <LI>alarm na koniec cyklu pracy  <LI>wy\u0142\u0105cznik drzwiowy  <LI>odleg\u0142o\u015b\u0107 mi\u0119dzy prowadnicami ~ 67 mm  <LI>W celu uzyskaniu uprawnie\u0144 z gwarancji, urz\u0105dzenie musi zosta\u0107 zarejestrowane w ci\u0105gu 30 dni od pierwszego uruchomienia na stronie https:\/\/stalgast.com\/rejestracja  <\/p>\n","protected":false},"excerpt":{"rendered":"<p>rozmiar wewn\u0119trzny 594x386x451 mm mozliwo\u015b\u0107 zapami\u0119tania do 99 w\u0142asnych program\u00f3w gotowania wst\u0119pne rozgrzanie regulacja wilgotno\u015bci od 0 do 100 % alarm na koniec cyklu pracy wy\u0142\u0105cznik drzwiowy odleg\u0142o\u015b\u0107 mi\u0119dzy prowadnicami ~ 67 mm W celu uzyskaniu uprawnie\u0144 z gwarancji, urz\u0105dzenie musi zosta\u0107 zarejestrowane w ci\u0105gu 30 dni od pierwszego uruchomienia na stronie https:\/\/stalgast.com\/rejestracja<\/p>\n","protected":false},"featured_media":16831,"template":"","meta":{"_et_pb_use_builder":"","_et_pb_old_content":"","_et_gb_content_width":""},"pwb-brand":[547],"product_brand":[],"product_cat":[414],"product_tag":[],"class_list":{"0":"post-10146","1":"product","2":"type-product","3":"status-publish","4":"has-post-thumbnail","6":"pwb-brand-fm-industrial","7":"product_cat-urzadzenia-do-sous-vide","9":"first","10":"instock","11":"taxable","12":"shipping-taxable","13":"purchasable","14":"product-type-simple"},"brands":[{"id":547,"name":"FM Industrial","slug":"fm-industrial"}],"_links":{"self":[{"href":"https:\/\/www.multifrigo.pl\/sklep\/wp-json\/wp\/v2\/product\/10146","targetHints":{"allow":["GET"]}}],"collection":[{"href":"https:\/\/www.multifrigo.pl\/sklep\/wp-json\/wp\/v2\/product"}],"about":[{"href":"https:\/\/www.multifrigo.pl\/sklep\/wp-json\/wp\/v2\/types\/product"}],"wp:featuredmedia":[{"embeddable":true,"href":"https:\/\/www.multifrigo.pl\/sklep\/wp-json\/wp\/v2\/media\/16831"}],"wp:attachment":[{"href":"https:\/\/www.multifrigo.pl\/sklep\/wp-json\/wp\/v2\/media?parent=10146"}],"wp:term":[{"taxonomy":"pwb-brand","embeddable":true,"href":"https:\/\/www.multifrigo.pl\/sklep\/wp-json\/wp\/v2\/pwb-brand?post=10146"},{"taxonomy":"product_brand","embeddable":true,"href":"https:\/\/www.multifrigo.pl\/sklep\/wp-json\/wp\/v2\/product_brand?post=10146"},{"taxonomy":"product_cat","embeddable":true,"href":"https:\/\/www.multifrigo.pl\/sklep\/wp-json\/wp\/v2\/product_cat?post=10146"},{"taxonomy":"product_tag","embeddable":true,"href":"https:\/\/www.multifrigo.pl\/sklep\/wp-json\/wp\/v2\/product_tag?post=10146"}],"curies":[{"name":"wp","href":"https:\/\/api.w.org\/{rel}","templated":true}]}}