{"id":10480,"date":"2024-07-03T13:00:25","date_gmt":"2024-07-03T13:00:25","guid":{"rendered":"https:\/\/multifrigo.pl\/sklep\/produkt\/kuchnia-gazowa-wolnostojaca-800x700-24-0-kw-g30-37-mbar-stalgast-979533\/"},"modified":"2025-07-24T00:06:38","modified_gmt":"2025-07-24T00:06:38","slug":"kuchnia-gazowa-wolnostojaca-800x700-24-0-kw-g30-37-mbar-stalgast-979533","status":"publish","type":"product","link":"https:\/\/www.multifrigo.pl\/sklep\/produkt\/kuchnia-gazowa-wolnostojaca-800x700-24-0-kw-g30-37-mbar-stalgast-979533\/","title":{"rendered":"Kuchnia gazowa wolnostoj\u0105ca, 800&#215;700, 24.0 kW, G30\/37 mbar | Stalgast 979533"},"content":{"rendered":"<ul>\n<li>konstrukcja wykonana ze stali nierdzewnej<\/li>\n<li>p\u0142omie\u0144 pilotowy<\/li>\n<li>zabezpieczenie przeciwwyp\u0142ywowe<\/li>\n<li>redukcja mocy palnik\u00f3w do 1\/3 (p\u0142omie\u0144 oszcz\u0119dno\u015bciowy)<\/li>\n<li>\u017celiwne ruszty<\/li>\n<li>regulowane n\u00f3\u017cki ~ 20 mm<\/li>\n<li>4 palniki (2&#215;5+2&#215;7)<\/li>\n<li>w zestawie dysze gazu ziemnego (G20)<\/li>\n<li>panel przedni grawerowany laserowo<\/li>\n<\/ul>\n","protected":false},"excerpt":{"rendered":"<p>konstrukcja wykonana ze stali nierdzewnej p\u0142omie\u0144 pilotowy zabezpieczenie przeciwwyp\u0142ywowe redukcja mocy palnik\u00f3w do 1\/3 (p\u0142omie\u0144 oszcz\u0119dno\u015bciowy) \u017celiwne ruszty regulowane n\u00f3\u017cki ~ 20 mm 4 palniki (2&#215;5+2&#215;7) w zestawie dysze gazu ziemnego (G20) panel przedni grawerowany laserowo<\/p>\n","protected":false},"featured_media":17846,"template":"","meta":{"_et_pb_use_builder":"","_et_pb_old_content":"","_et_gb_content_width":""},"pwb-brand":[62],"product_brand":[],"product_cat":[1100,588],"product_tag":[],"class_list":{"0":"post-10480","1":"product","2":"type-product","3":"status-publish","4":"has-post-thumbnail","6":"pwb-brand-stalgast","7":"product_cat-promocje","8":"product_cat-4-palnikowe","10":"first","11":"instock","12":"taxable","13":"shipping-taxable","14":"purchasable","15":"product-type-simple"},"brands":[{"id":62,"name":"Stalgast","slug":"stalgast"}],"_links":{"self":[{"href":"https:\/\/www.multifrigo.pl\/sklep\/wp-json\/wp\/v2\/product\/10480","targetHints":{"allow":["GET"]}}],"collection":[{"href":"https:\/\/www.multifrigo.pl\/sklep\/wp-json\/wp\/v2\/product"}],"about":[{"href":"https:\/\/www.multifrigo.pl\/sklep\/wp-json\/wp\/v2\/types\/product"}],"wp:featuredmedia":[{"embeddable":true,"href":"https:\/\/www.multifrigo.pl\/sklep\/wp-json\/wp\/v2\/media\/17846"}],"wp:attachment":[{"href":"https:\/\/www.multifrigo.pl\/sklep\/wp-json\/wp\/v2\/media?parent=10480"}],"wp:term":[{"taxonomy":"pwb-brand","embeddable":true,"href":"https:\/\/www.multifrigo.pl\/sklep\/wp-json\/wp\/v2\/pwb-brand?post=10480"},{"taxonomy":"product_brand","embeddable":true,"href":"https:\/\/www.multifrigo.pl\/sklep\/wp-json\/wp\/v2\/product_brand?post=10480"},{"taxonomy":"product_cat","embeddable":true,"href":"https:\/\/www.multifrigo.pl\/sklep\/wp-json\/wp\/v2\/product_cat?post=10480"},{"taxonomy":"product_tag","embeddable":true,"href":"https:\/\/www.multifrigo.pl\/sklep\/wp-json\/wp\/v2\/product_tag?post=10480"}],"curies":[{"name":"wp","href":"https:\/\/api.w.org\/{rel}","templated":true}]}}