{"id":10527,"date":"2024-07-03T13:09:13","date_gmt":"2024-07-03T13:09:13","guid":{"rendered":"https:\/\/multifrigo.pl\/sklep\/produkt\/umywalka-zabudowana-400x410x850-stalgast-981434850\/"},"modified":"2024-07-17T10:58:28","modified_gmt":"2024-07-17T10:58:28","slug":"umywalka-zabudowana-400x410x850-stalgast-981434850","status":"publish","type":"product","link":"https:\/\/www.multifrigo.pl\/sklep\/produkt\/umywalka-zabudowana-400x410x850-stalgast-981434850\/","title":{"rendered":"Umywalka zabudowana 400x410x850 | Stalgast 981434850"},"content":{"rendered":"<p><LI>Umywalka spawana  <LI>Komora zabudowana z trzech stron  <LI>Wymiar komory 320x300x150mm  <LI>Otw\u00f3r pod bateri\u0119 na \u015brodku komory o \u015brednicy 33  <LI>Nogi wykonane z profilu 30x30mm  <\/p>\n","protected":false},"excerpt":{"rendered":"<p>Umywalka spawana Komora zabudowana z trzech stron Wymiar komory 320x300x150mm Otw\u00f3r pod bateri\u0119 na \u015brodku komory o \u015brednicy 33 Nogi wykonane z profilu 30x30mm<\/p>\n","protected":false},"featured_media":10526,"template":"","meta":{"_et_pb_use_builder":"","_et_pb_old_content":"","_et_gb_content_width":""},"pwb-brand":[62],"product_brand":[],"product_cat":[370],"product_tag":[],"class_list":{"0":"post-10527","1":"product","2":"type-product","3":"status-publish","4":"has-post-thumbnail","6":"pwb-brand-stalgast","7":"product_cat-stojace","9":"first","10":"instock","11":"taxable","12":"shipping-taxable","13":"purchasable","14":"product-type-simple"},"brands":[{"id":62,"name":"Stalgast","slug":"stalgast"}],"_links":{"self":[{"href":"https:\/\/www.multifrigo.pl\/sklep\/wp-json\/wp\/v2\/product\/10527","targetHints":{"allow":["GET"]}}],"collection":[{"href":"https:\/\/www.multifrigo.pl\/sklep\/wp-json\/wp\/v2\/product"}],"about":[{"href":"https:\/\/www.multifrigo.pl\/sklep\/wp-json\/wp\/v2\/types\/product"}],"wp:featuredmedia":[{"embeddable":true,"href":"https:\/\/www.multifrigo.pl\/sklep\/wp-json\/wp\/v2\/media\/10526"}],"wp:attachment":[{"href":"https:\/\/www.multifrigo.pl\/sklep\/wp-json\/wp\/v2\/media?parent=10527"}],"wp:term":[{"taxonomy":"pwb-brand","embeddable":true,"href":"https:\/\/www.multifrigo.pl\/sklep\/wp-json\/wp\/v2\/pwb-brand?post=10527"},{"taxonomy":"product_brand","embeddable":true,"href":"https:\/\/www.multifrigo.pl\/sklep\/wp-json\/wp\/v2\/product_brand?post=10527"},{"taxonomy":"product_cat","embeddable":true,"href":"https:\/\/www.multifrigo.pl\/sklep\/wp-json\/wp\/v2\/product_cat?post=10527"},{"taxonomy":"product_tag","embeddable":true,"href":"https:\/\/www.multifrigo.pl\/sklep\/wp-json\/wp\/v2\/product_tag?post=10527"}],"curies":[{"name":"wp","href":"https:\/\/api.w.org\/{rel}","templated":true}]}}