{"id":10529,"date":"2024-07-03T13:09:15","date_gmt":"2024-07-03T13:09:15","guid":{"rendered":"https:\/\/multifrigo.pl\/sklep\/produkt\/zlewozmywak-zabudowany-500x500x300-stalgast-981445050\/"},"modified":"2024-07-17T10:58:28","modified_gmt":"2024-07-17T10:58:28","slug":"zlewozmywak-zabudowany-500x500x300-stalgast-981445050","status":"publish","type":"product","link":"https:\/\/www.multifrigo.pl\/sklep\/produkt\/zlewozmywak-zabudowany-500x500x300-stalgast-981445050\/","title":{"rendered":"Zlewozmywak zabudowany 500x500x300 | Stalgast 981445050"},"content":{"rendered":"<p><LI>Komora zabudowana z trzech stron  <LI>Wymiar komory 400x400x250mm  <LI>Otw\u00f3r pod bateri\u0119  o \u015brednicy 33 po prawej stronie  <\/p>\n","protected":false},"excerpt":{"rendered":"<p>Komora zabudowana z trzech stron Wymiar komory 400x400x250mm Otw\u00f3r pod bateri\u0119 o \u015brednicy 33 po prawej stronie<\/p>\n","protected":false},"featured_media":10528,"template":"","meta":{"_et_pb_use_builder":"","_et_pb_old_content":"","_et_gb_content_width":""},"pwb-brand":[62],"product_brand":[],"product_cat":[617],"product_tag":[],"class_list":{"0":"post-10529","1":"product","2":"type-product","3":"status-publish","4":"has-post-thumbnail","6":"pwb-brand-stalgast","7":"product_cat-wiszace","9":"first","10":"instock","11":"taxable","12":"shipping-taxable","13":"purchasable","14":"product-type-simple"},"brands":[{"id":62,"name":"Stalgast","slug":"stalgast"}],"_links":{"self":[{"href":"https:\/\/www.multifrigo.pl\/sklep\/wp-json\/wp\/v2\/product\/10529","targetHints":{"allow":["GET"]}}],"collection":[{"href":"https:\/\/www.multifrigo.pl\/sklep\/wp-json\/wp\/v2\/product"}],"about":[{"href":"https:\/\/www.multifrigo.pl\/sklep\/wp-json\/wp\/v2\/types\/product"}],"wp:featuredmedia":[{"embeddable":true,"href":"https:\/\/www.multifrigo.pl\/sklep\/wp-json\/wp\/v2\/media\/10528"}],"wp:attachment":[{"href":"https:\/\/www.multifrigo.pl\/sklep\/wp-json\/wp\/v2\/media?parent=10529"}],"wp:term":[{"taxonomy":"pwb-brand","embeddable":true,"href":"https:\/\/www.multifrigo.pl\/sklep\/wp-json\/wp\/v2\/pwb-brand?post=10529"},{"taxonomy":"product_brand","embeddable":true,"href":"https:\/\/www.multifrigo.pl\/sklep\/wp-json\/wp\/v2\/product_brand?post=10529"},{"taxonomy":"product_cat","embeddable":true,"href":"https:\/\/www.multifrigo.pl\/sklep\/wp-json\/wp\/v2\/product_cat?post=10529"},{"taxonomy":"product_tag","embeddable":true,"href":"https:\/\/www.multifrigo.pl\/sklep\/wp-json\/wp\/v2\/product_tag?post=10529"}],"curies":[{"name":"wp","href":"https:\/\/api.w.org\/{rel}","templated":true}]}}