{"id":10818,"date":"2024-07-03T13:13:59","date_gmt":"2024-07-03T13:13:59","guid":{"rendered":"https:\/\/multifrigo.pl\/sklep\/produkt\/szafa-magazynowadrzwi-skrzydlowe-1000x700x2000-stalgast-981577100\/"},"modified":"2024-07-17T10:57:45","modified_gmt":"2024-07-17T10:57:45","slug":"szafa-magazynowadrzwi-skrzydlowe-1000x700x2000-stalgast-981577100","status":"publish","type":"product","link":"https:\/\/www.multifrigo.pl\/sklep\/produkt\/szafa-magazynowadrzwi-skrzydlowe-1000x700x2000-stalgast-981577100\/","title":{"rendered":"Szafa magazynowa,drzwi skrzyd\u0142owe  1000x700x2000 | Stalgast 981577100"},"content":{"rendered":"<p><LI>konstrukcja spawana  <LI>dwie przestawne p\u00f3\u0142ki  <LI>mo\u017cliwy monta\u017c zamka 982320001  <\/p>\n","protected":false},"excerpt":{"rendered":"<p>konstrukcja spawana dwie przestawne p\u00f3\u0142ki mo\u017cliwy monta\u017c zamka 982320001<\/p>\n","protected":false},"featured_media":10817,"template":"","meta":{"_et_pb_use_builder":"","_et_pb_old_content":"","_et_gb_content_width":""},"pwb-brand":[62],"product_brand":[],"product_cat":[618],"product_tag":[],"class_list":{"0":"post-10818","1":"product","2":"type-product","3":"status-publish","4":"has-post-thumbnail","6":"pwb-brand-stalgast","7":"product_cat-z-drzwiami-skrzydlowymi-szafy-magazynowe","9":"first","10":"instock","11":"taxable","12":"shipping-taxable","13":"purchasable","14":"product-type-simple"},"brands":[{"id":62,"name":"Stalgast","slug":"stalgast"}],"_links":{"self":[{"href":"https:\/\/www.multifrigo.pl\/sklep\/wp-json\/wp\/v2\/product\/10818","targetHints":{"allow":["GET"]}}],"collection":[{"href":"https:\/\/www.multifrigo.pl\/sklep\/wp-json\/wp\/v2\/product"}],"about":[{"href":"https:\/\/www.multifrigo.pl\/sklep\/wp-json\/wp\/v2\/types\/product"}],"wp:featuredmedia":[{"embeddable":true,"href":"https:\/\/www.multifrigo.pl\/sklep\/wp-json\/wp\/v2\/media\/10817"}],"wp:attachment":[{"href":"https:\/\/www.multifrigo.pl\/sklep\/wp-json\/wp\/v2\/media?parent=10818"}],"wp:term":[{"taxonomy":"pwb-brand","embeddable":true,"href":"https:\/\/www.multifrigo.pl\/sklep\/wp-json\/wp\/v2\/pwb-brand?post=10818"},{"taxonomy":"product_brand","embeddable":true,"href":"https:\/\/www.multifrigo.pl\/sklep\/wp-json\/wp\/v2\/product_brand?post=10818"},{"taxonomy":"product_cat","embeddable":true,"href":"https:\/\/www.multifrigo.pl\/sklep\/wp-json\/wp\/v2\/product_cat?post=10818"},{"taxonomy":"product_tag","embeddable":true,"href":"https:\/\/www.multifrigo.pl\/sklep\/wp-json\/wp\/v2\/product_tag?post=10818"}],"curies":[{"name":"wp","href":"https:\/\/api.w.org\/{rel}","templated":true}]}}