{"id":10890,"date":"2024-07-03T13:15:14","date_gmt":"2024-07-03T13:15:14","guid":{"rendered":"https:\/\/multifrigo.pl\/sklep\/produkt\/szafa-przelotowadrzwi-skrzydlowe-1000x700x2000-stalgast-981597100\/"},"modified":"2024-07-17T10:57:41","modified_gmt":"2024-07-17T10:57:41","slug":"szafa-przelotowadrzwi-skrzydlowe-1000x700x2000-stalgast-981597100","status":"publish","type":"product","link":"https:\/\/www.multifrigo.pl\/sklep\/produkt\/szafa-przelotowadrzwi-skrzydlowe-1000x700x2000-stalgast-981597100\/","title":{"rendered":"Szafa przelotowa,drzwi skrzyd\u0142owe  1000x700x2000 | Stalgast 981597100"},"content":{"rendered":"<p><LI>Konstrukcja spawana  <LI>Mo\u017cliwy monta\u017c zamka 98232001  <LI>Dwie przestawne p\u00f3\u0142ki, \u015brodkowa zamontowana na sta\u0142e  <\/p>\n","protected":false},"excerpt":{"rendered":"<p>Konstrukcja spawana Mo\u017cliwy monta\u017c zamka 98232001 Dwie przestawne p\u00f3\u0142ki, \u015brodkowa zamontowana na sta\u0142e<\/p>\n","protected":false},"featured_media":10889,"template":"","meta":{"_et_pb_use_builder":"","_et_pb_old_content":"","_et_gb_content_width":""},"pwb-brand":[62],"product_brand":[],"product_cat":[619],"product_tag":[],"class_list":{"0":"post-10890","1":"product","2":"type-product","3":"status-publish","4":"has-post-thumbnail","6":"pwb-brand-stalgast","7":"product_cat-z-drzwiami-skrzydlowymi-szafy-przelotowe","9":"first","10":"instock","11":"taxable","12":"shipping-taxable","13":"purchasable","14":"product-type-simple"},"brands":[{"id":62,"name":"Stalgast","slug":"stalgast"}],"_links":{"self":[{"href":"https:\/\/www.multifrigo.pl\/sklep\/wp-json\/wp\/v2\/product\/10890","targetHints":{"allow":["GET"]}}],"collection":[{"href":"https:\/\/www.multifrigo.pl\/sklep\/wp-json\/wp\/v2\/product"}],"about":[{"href":"https:\/\/www.multifrigo.pl\/sklep\/wp-json\/wp\/v2\/types\/product"}],"wp:featuredmedia":[{"embeddable":true,"href":"https:\/\/www.multifrigo.pl\/sklep\/wp-json\/wp\/v2\/media\/10889"}],"wp:attachment":[{"href":"https:\/\/www.multifrigo.pl\/sklep\/wp-json\/wp\/v2\/media?parent=10890"}],"wp:term":[{"taxonomy":"pwb-brand","embeddable":true,"href":"https:\/\/www.multifrigo.pl\/sklep\/wp-json\/wp\/v2\/pwb-brand?post=10890"},{"taxonomy":"product_brand","embeddable":true,"href":"https:\/\/www.multifrigo.pl\/sklep\/wp-json\/wp\/v2\/product_brand?post=10890"},{"taxonomy":"product_cat","embeddable":true,"href":"https:\/\/www.multifrigo.pl\/sklep\/wp-json\/wp\/v2\/product_cat?post=10890"},{"taxonomy":"product_tag","embeddable":true,"href":"https:\/\/www.multifrigo.pl\/sklep\/wp-json\/wp\/v2\/product_tag?post=10890"}],"curies":[{"name":"wp","href":"https:\/\/api.w.org\/{rel}","templated":true}]}}