{"id":11224,"date":"2024-07-03T13:20:37","date_gmt":"2024-07-03T13:20:37","guid":{"rendered":"https:\/\/multifrigo.pl\/sklep\/produkt\/szafka-wiszaca-drzwi-skrzydlowe-1200x400x600-stalgast-981704120\/"},"modified":"2024-07-17T10:55:45","modified_gmt":"2024-07-17T10:55:45","slug":"szafka-wiszaca-drzwi-skrzydlowe-1200x400x600-stalgast-981704120","status":"publish","type":"product","link":"https:\/\/www.multifrigo.pl\/sklep\/produkt\/szafka-wiszaca-drzwi-skrzydlowe-1200x400x600-stalgast-981704120\/","title":{"rendered":"Szafka wisz\u0105ca, drzwi skrzyd\u0142owe 1200x400x600 | Stalgast 981704120"},"content":{"rendered":"<p><LI>szafka spawana  <LI>przestawna p\u00f3\u0142ka  <LI>maksymalne obci\u0105\u017cenie na p\u00f3\u0142k\u0119 70kg\/m2  <LI>mo\u017cliwo\u015b\u0107 zamontowania zamka do drzwi za dodatkow\u0105 op\u0142at\u0105 100 z\u0142 netto  <\/p>\n","protected":false},"excerpt":{"rendered":"<p>szafka spawana przestawna p\u00f3\u0142ka maksymalne obci\u0105\u017cenie na p\u00f3\u0142k\u0119 70kg\/m2 mo\u017cliwo\u015b\u0107 zamontowania zamka do drzwi za dodatkow\u0105 op\u0142at\u0105 100 z\u0142 netto<\/p>\n","protected":false},"featured_media":11223,"template":"","meta":{"_et_pb_use_builder":"","_et_pb_old_content":"","_et_gb_content_width":""},"pwb-brand":[62],"product_brand":[],"product_cat":[564],"product_tag":[],"class_list":{"0":"post-11224","1":"product","2":"type-product","3":"status-publish","4":"has-post-thumbnail","6":"pwb-brand-stalgast","7":"product_cat-z-drzwiami-skrzydlowymi","9":"first","10":"instock","11":"taxable","12":"shipping-taxable","13":"purchasable","14":"product-type-simple"},"brands":[{"id":62,"name":"Stalgast","slug":"stalgast"}],"_links":{"self":[{"href":"https:\/\/www.multifrigo.pl\/sklep\/wp-json\/wp\/v2\/product\/11224","targetHints":{"allow":["GET"]}}],"collection":[{"href":"https:\/\/www.multifrigo.pl\/sklep\/wp-json\/wp\/v2\/product"}],"about":[{"href":"https:\/\/www.multifrigo.pl\/sklep\/wp-json\/wp\/v2\/types\/product"}],"wp:featuredmedia":[{"embeddable":true,"href":"https:\/\/www.multifrigo.pl\/sklep\/wp-json\/wp\/v2\/media\/11223"}],"wp:attachment":[{"href":"https:\/\/www.multifrigo.pl\/sklep\/wp-json\/wp\/v2\/media?parent=11224"}],"wp:term":[{"taxonomy":"pwb-brand","embeddable":true,"href":"https:\/\/www.multifrigo.pl\/sklep\/wp-json\/wp\/v2\/pwb-brand?post=11224"},{"taxonomy":"product_brand","embeddable":true,"href":"https:\/\/www.multifrigo.pl\/sklep\/wp-json\/wp\/v2\/product_brand?post=11224"},{"taxonomy":"product_cat","embeddable":true,"href":"https:\/\/www.multifrigo.pl\/sklep\/wp-json\/wp\/v2\/product_cat?post=11224"},{"taxonomy":"product_tag","embeddable":true,"href":"https:\/\/www.multifrigo.pl\/sklep\/wp-json\/wp\/v2\/product_tag?post=11224"}],"curies":[{"name":"wp","href":"https:\/\/api.w.org\/{rel}","templated":true}]}}