{"id":11762,"date":"2024-07-03T13:29:12","date_gmt":"2024-07-03T13:29:12","guid":{"rendered":"https:\/\/multifrigo.pl\/sklep\/produkt\/regal-magazynowypolki-pelne-1300x700x1800-skrecany-stalgast-981887130\/"},"modified":"2024-07-17T10:54:41","modified_gmt":"2024-07-17T10:54:41","slug":"regal-magazynowypolki-pelne-1300x700x1800-skrecany-stalgast-981887130","status":"publish","type":"product","link":"https:\/\/www.multifrigo.pl\/sklep\/produkt\/regal-magazynowypolki-pelne-1300x700x1800-skrecany-stalgast-981887130\/","title":{"rendered":"Rega\u0142 magazynowy,p\u00f3\u0142ki pe\u0142ne 1300x700x1800 skr\u0119cany | Stalgast 981887130"},"content":{"rendered":"<p><LI>rega\u0142 skr\u0119cany, do samodzielnego monta\u017cu  <LI>nogi wykonane z k\u0105townika  <LI>nogi przymocowane do p\u00f3\u0142ek za pomoc\u0105 \u015brub  <LI>maksymalne r\u00f3wnomierne obci\u0105\u017cenie p\u00f3\u0142ek do 70 kg\/m2  <LI>dost\u0119pny r\u00f3wnie\u017c w wersji spawanej  <LI>stopki regulowane w zakresie do +25  <LI>mo\u017cliwa regulacja po\u0142o\u017cenia p\u00f3\u0142ek  <\/p>\n","protected":false},"excerpt":{"rendered":"<p>rega\u0142 skr\u0119cany, do samodzielnego monta\u017cu nogi wykonane z k\u0105townika nogi przymocowane do p\u00f3\u0142ek za pomoc\u0105 \u015brub maksymalne r\u00f3wnomierne obci\u0105\u017cenie p\u00f3\u0142ek do 70 kg\/m2 dost\u0119pny r\u00f3wnie\u017c w wersji spawanej stopki regulowane w zakresie do +25 mo\u017cliwa regulacja po\u0142o\u017cenia p\u00f3\u0142ek<\/p>\n","protected":false},"featured_media":11761,"template":"","meta":{"_et_pb_use_builder":"","_et_pb_old_content":"","_et_gb_content_width":""},"pwb-brand":[62],"product_brand":[],"product_cat":[570],"product_tag":[],"class_list":{"0":"post-11762","1":"product","2":"type-product","3":"status-publish","4":"has-post-thumbnail","6":"pwb-brand-stalgast","7":"product_cat-z-polkami-pelnymi","9":"first","10":"instock","11":"taxable","12":"shipping-taxable","13":"purchasable","14":"product-type-simple"},"brands":[{"id":62,"name":"Stalgast","slug":"stalgast"}],"_links":{"self":[{"href":"https:\/\/www.multifrigo.pl\/sklep\/wp-json\/wp\/v2\/product\/11762","targetHints":{"allow":["GET"]}}],"collection":[{"href":"https:\/\/www.multifrigo.pl\/sklep\/wp-json\/wp\/v2\/product"}],"about":[{"href":"https:\/\/www.multifrigo.pl\/sklep\/wp-json\/wp\/v2\/types\/product"}],"wp:featuredmedia":[{"embeddable":true,"href":"https:\/\/www.multifrigo.pl\/sklep\/wp-json\/wp\/v2\/media\/11761"}],"wp:attachment":[{"href":"https:\/\/www.multifrigo.pl\/sklep\/wp-json\/wp\/v2\/media?parent=11762"}],"wp:term":[{"taxonomy":"pwb-brand","embeddable":true,"href":"https:\/\/www.multifrigo.pl\/sklep\/wp-json\/wp\/v2\/pwb-brand?post=11762"},{"taxonomy":"product_brand","embeddable":true,"href":"https:\/\/www.multifrigo.pl\/sklep\/wp-json\/wp\/v2\/product_brand?post=11762"},{"taxonomy":"product_cat","embeddable":true,"href":"https:\/\/www.multifrigo.pl\/sklep\/wp-json\/wp\/v2\/product_cat?post=11762"},{"taxonomy":"product_tag","embeddable":true,"href":"https:\/\/www.multifrigo.pl\/sklep\/wp-json\/wp\/v2\/product_tag?post=11762"}],"curies":[{"name":"wp","href":"https:\/\/api.w.org\/{rel}","templated":true}]}}