{"id":1711,"date":"2024-07-02T14:37:06","date_gmt":"2024-07-02T14:37:06","guid":{"rendered":"https:\/\/multifrigo.pl\/sklep\/produkt\/cedzak-durszlak-z-uchwytem-o-220-mm-paderno-077220\/"},"modified":"2025-05-19T11:08:57","modified_gmt":"2025-05-19T11:08:57","slug":"cedzak-durszlak-z-uchwytem-o-220-mm-paderno-077220","status":"publish","type":"product","link":"https:\/\/www.multifrigo.pl\/sklep\/produkt\/cedzak-durszlak-z-uchwytem-o-220-mm-paderno-077220\/","title":{"rendered":"Cedzak, durszlak z uchwytem, \u00f8 220 mm | Paderno 077220"},"content":{"rendered":"<p><LI>r\u0105czka ze stali nierdzewnej  <LI>\u015brednica oczka ok. 3.4 mm  <\/p>\n","protected":false},"excerpt":{"rendered":"<p>r\u0105czka ze stali nierdzewnej \u015brednica oczka ok. 3.4 mm<\/p>\n","protected":false},"featured_media":1710,"template":"","meta":{"_et_pb_use_builder":"","_et_pb_old_content":"","_et_gb_content_width":""},"pwb-brand":[118],"product_brand":[],"product_cat":[108],"product_tag":[],"class_list":{"0":"post-1711","1":"product","2":"type-product","3":"status-publish","4":"has-post-thumbnail","6":"pwb-brand-paderno","7":"product_cat-z-uchwytami","9":"first","10":"instock","11":"taxable","12":"shipping-taxable","13":"purchasable","14":"product-type-simple"},"brands":[{"id":118,"name":"Paderno","slug":"paderno"}],"_links":{"self":[{"href":"https:\/\/www.multifrigo.pl\/sklep\/wp-json\/wp\/v2\/product\/1711","targetHints":{"allow":["GET"]}}],"collection":[{"href":"https:\/\/www.multifrigo.pl\/sklep\/wp-json\/wp\/v2\/product"}],"about":[{"href":"https:\/\/www.multifrigo.pl\/sklep\/wp-json\/wp\/v2\/types\/product"}],"wp:featuredmedia":[{"embeddable":true,"href":"https:\/\/www.multifrigo.pl\/sklep\/wp-json\/wp\/v2\/media\/1710"}],"wp:attachment":[{"href":"https:\/\/www.multifrigo.pl\/sklep\/wp-json\/wp\/v2\/media?parent=1711"}],"wp:term":[{"taxonomy":"pwb-brand","embeddable":true,"href":"https:\/\/www.multifrigo.pl\/sklep\/wp-json\/wp\/v2\/pwb-brand?post=1711"},{"taxonomy":"product_brand","embeddable":true,"href":"https:\/\/www.multifrigo.pl\/sklep\/wp-json\/wp\/v2\/product_brand?post=1711"},{"taxonomy":"product_cat","embeddable":true,"href":"https:\/\/www.multifrigo.pl\/sklep\/wp-json\/wp\/v2\/product_cat?post=1711"},{"taxonomy":"product_tag","embeddable":true,"href":"https:\/\/www.multifrigo.pl\/sklep\/wp-json\/wp\/v2\/product_tag?post=1711"}],"curies":[{"name":"wp","href":"https:\/\/api.w.org\/{rel}","templated":true}]}}