{"id":1793,"date":"2024-07-02T14:38:28","date_gmt":"2024-07-02T14:38:28","guid":{"rendered":"https:\/\/multifrigo.pl\/sklep\/produkt\/wiadro-stalowe-z-pierscieniem-premium-o-280-mm-v-10-l-linden-092101\/"},"modified":"2025-05-19T11:09:25","modified_gmt":"2025-05-19T11:09:25","slug":"wiadro-stalowe-z-pierscieniem-premium-o-280-mm-v-10-l-linden-092101","status":"publish","type":"product","link":"https:\/\/www.multifrigo.pl\/sklep\/produkt\/wiadro-stalowe-z-pierscieniem-premium-o-280-mm-v-10-l-linden-092101\/","title":{"rendered":"Wiadro stalowe z pier\u015bcieniem, Premium, \u00f8 280 mm, V 10 l | Linden 092101"},"content":{"rendered":"<p><LI>rant 10 mm  <LI>podzia\u0142ka wewn\u0105trz wiadra  <\/p>\n","protected":false},"excerpt":{"rendered":"<p>rant 10 mm podzia\u0142ka wewn\u0105trz wiadra<\/p>\n","protected":false},"featured_media":1792,"template":"","meta":{"_et_pb_use_builder":"","_et_pb_old_content":"","_et_gb_content_width":""},"pwb-brand":[116],"product_brand":[],"product_cat":[120],"product_tag":[],"class_list":{"0":"post-1793","1":"product","2":"type-product","3":"status-publish","4":"has-post-thumbnail","6":"pwb-brand-linden","7":"product_cat-wiadra-metalowe","9":"first","10":"instock","11":"taxable","12":"shipping-taxable","13":"purchasable","14":"product-type-simple"},"brands":[{"id":116,"name":"Linden","slug":"linden"}],"_links":{"self":[{"href":"https:\/\/www.multifrigo.pl\/sklep\/wp-json\/wp\/v2\/product\/1793","targetHints":{"allow":["GET"]}}],"collection":[{"href":"https:\/\/www.multifrigo.pl\/sklep\/wp-json\/wp\/v2\/product"}],"about":[{"href":"https:\/\/www.multifrigo.pl\/sklep\/wp-json\/wp\/v2\/types\/product"}],"wp:featuredmedia":[{"embeddable":true,"href":"https:\/\/www.multifrigo.pl\/sklep\/wp-json\/wp\/v2\/media\/1792"}],"wp:attachment":[{"href":"https:\/\/www.multifrigo.pl\/sklep\/wp-json\/wp\/v2\/media?parent=1793"}],"wp:term":[{"taxonomy":"pwb-brand","embeddable":true,"href":"https:\/\/www.multifrigo.pl\/sklep\/wp-json\/wp\/v2\/pwb-brand?post=1793"},{"taxonomy":"product_brand","embeddable":true,"href":"https:\/\/www.multifrigo.pl\/sklep\/wp-json\/wp\/v2\/product_brand?post=1793"},{"taxonomy":"product_cat","embeddable":true,"href":"https:\/\/www.multifrigo.pl\/sklep\/wp-json\/wp\/v2\/product_cat?post=1793"},{"taxonomy":"product_tag","embeddable":true,"href":"https:\/\/www.multifrigo.pl\/sklep\/wp-json\/wp\/v2\/product_tag?post=1793"}],"curies":[{"name":"wp","href":"https:\/\/api.w.org\/{rel}","templated":true}]}}