{"id":1797,"date":"2024-07-02T14:38:31","date_gmt":"2024-07-02T14:38:31","guid":{"rendered":"https:\/\/multifrigo.pl\/sklep\/produkt\/wiadro-stalowe-z-pierscieniem-o-290-mm-v-12-l-stalgast-092123\/"},"modified":"2025-05-19T11:09:27","modified_gmt":"2025-05-19T11:09:27","slug":"wiadro-stalowe-z-pierscieniem-o-290-mm-v-12-l-stalgast-092123","status":"publish","type":"product","link":"https:\/\/www.multifrigo.pl\/sklep\/produkt\/wiadro-stalowe-z-pierscieniem-o-290-mm-v-12-l-stalgast-092123\/","title":{"rendered":"Wiadro stalowe z pier\u015bcieniem, \u00f8 290 mm, V 12 l | Stalgast 092123"},"content":{"rendered":"<p><LI>wysoko\u015b\u0107 z uchem 338 mm  <LI>podzia\u0142ka wewn\u0105trz wiadra  <LI>mo\u017cna pi\u0119trowa\u0107  <\/p>\n","protected":false},"excerpt":{"rendered":"<p>wysoko\u015b\u0107 z uchem 338 mm podzia\u0142ka wewn\u0105trz wiadra mo\u017cna pi\u0119trowa\u0107<\/p>\n","protected":false},"featured_media":1796,"template":"","meta":{"_et_pb_use_builder":"","_et_pb_old_content":"","_et_gb_content_width":""},"pwb-brand":[62],"product_brand":[],"product_cat":[120],"product_tag":[],"class_list":{"0":"post-1797","1":"product","2":"type-product","3":"status-publish","4":"has-post-thumbnail","6":"pwb-brand-stalgast","7":"product_cat-wiadra-metalowe","9":"first","10":"instock","11":"taxable","12":"shipping-taxable","13":"purchasable","14":"product-type-simple"},"brands":[{"id":62,"name":"Stalgast","slug":"stalgast"}],"_links":{"self":[{"href":"https:\/\/www.multifrigo.pl\/sklep\/wp-json\/wp\/v2\/product\/1797","targetHints":{"allow":["GET"]}}],"collection":[{"href":"https:\/\/www.multifrigo.pl\/sklep\/wp-json\/wp\/v2\/product"}],"about":[{"href":"https:\/\/www.multifrigo.pl\/sklep\/wp-json\/wp\/v2\/types\/product"}],"wp:featuredmedia":[{"embeddable":true,"href":"https:\/\/www.multifrigo.pl\/sklep\/wp-json\/wp\/v2\/media\/1796"}],"wp:attachment":[{"href":"https:\/\/www.multifrigo.pl\/sklep\/wp-json\/wp\/v2\/media?parent=1797"}],"wp:term":[{"taxonomy":"pwb-brand","embeddable":true,"href":"https:\/\/www.multifrigo.pl\/sklep\/wp-json\/wp\/v2\/pwb-brand?post=1797"},{"taxonomy":"product_brand","embeddable":true,"href":"https:\/\/www.multifrigo.pl\/sklep\/wp-json\/wp\/v2\/product_brand?post=1797"},{"taxonomy":"product_cat","embeddable":true,"href":"https:\/\/www.multifrigo.pl\/sklep\/wp-json\/wp\/v2\/product_cat?post=1797"},{"taxonomy":"product_tag","embeddable":true,"href":"https:\/\/www.multifrigo.pl\/sklep\/wp-json\/wp\/v2\/product_tag?post=1797"}],"curies":[{"name":"wp","href":"https:\/\/api.w.org\/{rel}","templated":true}]}}