{"id":18500,"date":"2024-07-04T12:26:31","date_gmt":"2024-07-04T12:26:31","guid":{"rendered":"https:\/\/multifrigo.pl\/sklep\/?post_type=product&#038;p=18500"},"modified":"2025-08-07T09:10:36","modified_gmt":"2025-08-07T09:10:36","slug":"obieraczka-do-ziemniakow-z-pluczka-nierdzewna-spomasz-naklo-ozp15n","status":"publish","type":"product","link":"https:\/\/www.multifrigo.pl\/sklep\/produkt\/obieraczka-do-ziemniakow-z-pluczka-nierdzewna-spomasz-naklo-ozp15n\/","title":{"rendered":"Obieraczka do ziemniak\u00f3w z p\u0142uczk\u0105 &#8211; nierdzewna | Spomasz Nak\u0142o OZP15N"},"content":{"rendered":"<p>P\u0142uczko-obieraczka do ziemniak\u00f3w OZP15N wykonana ze stali nierdzewnej, wyposa\u017cona w komor\u0119 wst\u0119pnego mycia warzyw \u2013 \u201ep\u0142uczk\u0119\u201d, dzi\u0119ki kt\u00f3rej mo\u017cna umy\u0107 brudne kopcowane ziemniaki. Eliminuje to konieczno\u015b\u0107 r\u0119cznego mycia wsadu przed obieraniem, co usprawnia i przyspiesza prac\u0119, dzi\u0119ki zastosowaniu specjalnie zaprojektowanych element\u00f3w \u015bciernych.<LI>wykonana ze stali nierdzewnej <LI>unikalne korundowe tarcze i segmenty \u015bcierne zapewniaj\u0105ce dok\u0142adne obieranie warzyw <LI>talerz i segmenty do ziemniak\u00f3w w komplecie z obieraczk\u0105 <LI>talerz i segmenty do marchwi i cebuli sprzedawane alternatywnie w zestawie: <LI>na\u015bcienny zesp\u00f3\u0142 zasilaj\u0105cy z gniazdem i zabezpieczeniem silnika <LI>rura odp\u0142ywowa, sci\u0105gacz talerza separator obierzyn dost\u0119pny oddzielnie<\/p>\n","protected":false},"excerpt":{"rendered":"<p>P\u0142uczko-obieraczka do ziemniak\u00f3w OZP15N wykonana ze stali nierdzewnej, wyposa\u017cona w komor\u0119 wst\u0119pnego mycia warzyw \u2013 \u201ep\u0142uczk\u0119\u201d, dzi\u0119ki kt\u00f3rej mo\u017cna umy\u0107 brudne kopcowane ziemniaki. Eliminuje to konieczno\u015b\u0107 r\u0119cznego mycia wsadu przed obieraniem, co usprawnia i przyspiesza prac\u0119, dzi\u0119ki zastosowaniu specjalnie zaprojektowanych element\u00f3w \u015bciernych.wykonana ze stali nierdzewnej unikalne korundowe tarcze i segmenty \u015bcierne zapewniaj\u0105ce dok\u0142adne obieranie warzyw [&hellip;]<\/p>\n","protected":false},"featured_media":18533,"template":"","meta":{"_et_pb_use_builder":"","_et_pb_old_content":"","_et_gb_content_width":""},"pwb-brand":[654],"product_brand":[],"product_cat":[488],"product_tag":[],"class_list":{"0":"post-18500","1":"product","2":"type-product","3":"status-publish","4":"has-post-thumbnail","6":"pwb-brand-spomasz-naklo","7":"product_cat-obieraczki-do-ziemniakow","9":"first","10":"instock","11":"taxable","12":"shipping-taxable","13":"purchasable","14":"product-type-simple"},"brands":[{"id":654,"name":"Spomasz Nak\u0142o","slug":"spomasz-naklo"}],"_links":{"self":[{"href":"https:\/\/www.multifrigo.pl\/sklep\/wp-json\/wp\/v2\/product\/18500","targetHints":{"allow":["GET"]}}],"collection":[{"href":"https:\/\/www.multifrigo.pl\/sklep\/wp-json\/wp\/v2\/product"}],"about":[{"href":"https:\/\/www.multifrigo.pl\/sklep\/wp-json\/wp\/v2\/types\/product"}],"wp:featuredmedia":[{"embeddable":true,"href":"https:\/\/www.multifrigo.pl\/sklep\/wp-json\/wp\/v2\/media\/18533"}],"wp:attachment":[{"href":"https:\/\/www.multifrigo.pl\/sklep\/wp-json\/wp\/v2\/media?parent=18500"}],"wp:term":[{"taxonomy":"pwb-brand","embeddable":true,"href":"https:\/\/www.multifrigo.pl\/sklep\/wp-json\/wp\/v2\/pwb-brand?post=18500"},{"taxonomy":"product_brand","embeddable":true,"href":"https:\/\/www.multifrigo.pl\/sklep\/wp-json\/wp\/v2\/product_brand?post=18500"},{"taxonomy":"product_cat","embeddable":true,"href":"https:\/\/www.multifrigo.pl\/sklep\/wp-json\/wp\/v2\/product_cat?post=18500"},{"taxonomy":"product_tag","embeddable":true,"href":"https:\/\/www.multifrigo.pl\/sklep\/wp-json\/wp\/v2\/product_tag?post=18500"}],"curies":[{"name":"wp","href":"https:\/\/api.w.org\/{rel}","templated":true}]}}