{"id":18619,"date":"2024-07-04T12:28:49","date_gmt":"2024-07-04T12:28:49","guid":{"rendered":"https:\/\/multifrigo.pl\/sklep\/produkt\/stol-z-basenem-1-kom-800x600x850-spomasz-naklo-b1k-800-0-0-0\/"},"modified":"2025-08-07T09:13:45","modified_gmt":"2025-08-07T09:13:45","slug":"stol-z-basenem-1-kom-800x600x850-spomasz-naklo-b1k-800-0-0-0","status":"publish","type":"product","link":"https:\/\/www.multifrigo.pl\/sklep\/produkt\/stol-z-basenem-1-kom-800x600x850-spomasz-naklo-b1k-800-0-0-0\/","title":{"rendered":"St\u00f3\u0142 z basenem 1-kom. 800x600x850 | Spomasz Nak\u0142o B1K 800-0-0-0"},"content":{"rendered":"<p>St\u00f3\u0142 z basenem 1-komorowym 800x600x850<LI>Wykonany ze stali nierdzewnej <LI>Solidna konstrukcja<\/p>\n","protected":false},"excerpt":{"rendered":"<p>St\u00f3\u0142 z basenem 1-komorowym 800x600x850Wykonany ze stali nierdzewnej Solidna konstrukcja<\/p>\n","protected":false},"featured_media":18618,"template":"","meta":{"_et_pb_use_builder":"","_et_pb_old_content":"","_et_gb_content_width":""},"pwb-brand":[654],"product_brand":[],"product_cat":[144],"product_tag":[],"class_list":{"0":"post-18619","1":"product","2":"type-product","3":"status-publish","4":"has-post-thumbnail","6":"pwb-brand-spomasz-naklo","7":"product_cat-stoly-z-basenem","9":"first","10":"instock","11":"taxable","12":"shipping-taxable","13":"purchasable","14":"product-type-simple"},"brands":[{"id":654,"name":"Spomasz Nak\u0142o","slug":"spomasz-naklo"}],"_links":{"self":[{"href":"https:\/\/www.multifrigo.pl\/sklep\/wp-json\/wp\/v2\/product\/18619","targetHints":{"allow":["GET"]}}],"collection":[{"href":"https:\/\/www.multifrigo.pl\/sklep\/wp-json\/wp\/v2\/product"}],"about":[{"href":"https:\/\/www.multifrigo.pl\/sklep\/wp-json\/wp\/v2\/types\/product"}],"wp:featuredmedia":[{"embeddable":true,"href":"https:\/\/www.multifrigo.pl\/sklep\/wp-json\/wp\/v2\/media\/18618"}],"wp:attachment":[{"href":"https:\/\/www.multifrigo.pl\/sklep\/wp-json\/wp\/v2\/media?parent=18619"}],"wp:term":[{"taxonomy":"pwb-brand","embeddable":true,"href":"https:\/\/www.multifrigo.pl\/sklep\/wp-json\/wp\/v2\/pwb-brand?post=18619"},{"taxonomy":"product_brand","embeddable":true,"href":"https:\/\/www.multifrigo.pl\/sklep\/wp-json\/wp\/v2\/product_brand?post=18619"},{"taxonomy":"product_cat","embeddable":true,"href":"https:\/\/www.multifrigo.pl\/sklep\/wp-json\/wp\/v2\/product_cat?post=18619"},{"taxonomy":"product_tag","embeddable":true,"href":"https:\/\/www.multifrigo.pl\/sklep\/wp-json\/wp\/v2\/product_tag?post=18619"}],"curies":[{"name":"wp","href":"https:\/\/api.w.org\/{rel}","templated":true}]}}