{"id":18634,"date":"2024-07-05T12:59:52","date_gmt":"2024-07-05T12:59:52","guid":{"rendered":"https:\/\/multifrigo.pl\/sklep\/?post_type=product&#038;p=18634"},"modified":"2025-10-09T12:53:13","modified_gmt":"2025-10-09T12:53:13","slug":"garnek-wysoki-z-pokrywka-ze-stali-nierdzewnej-16x12cm-24l-yato-yg-00001","status":"publish","type":"product","link":"https:\/\/www.multifrigo.pl\/sklep\/produkt\/garnek-wysoki-z-pokrywka-ze-stali-nierdzewnej-16x12cm-24l-yato-yg-00001\/","title":{"rendered":"GARNEK WYSOKI Z POKRYWK\u0104 ZE STALI NIERDZEWNEJ 16X12CM 2,4L | Yato YG-00001"},"content":{"rendered":"<div id=\"piktogram_container\"><img loading=\"lazy\" decoding=\"async\" class=\"piktogram\" src=\"https:\/\/pim.toya.pl\/piktogramy\/DIAMETER\/image-thumb__96252__Sklep_pikto\/16_cm_DIAMETER.png\" width=\"64\" height=\"64\" alt=\"\"><img loading=\"lazy\" decoding=\"async\" class=\"piktogram\" src=\"https:\/\/pim.toya.pl\/piktogramy\/cm\/image-thumb__96277__Sklep_pikto\/12_cm.png\" width=\"64\" height=\"64\" alt=\"\"><img loading=\"lazy\" decoding=\"async\" class=\"piktogram\" src=\"https:\/\/pim.toya.pl\/piktogramy\/L_ml\/image-thumb__51411__Sklep_pikto\/2%2C4_L.png\" width=\"64\" height=\"64\" alt=\"\"><img loading=\"lazy\" decoding=\"async\" class=\"piktogram\" src=\"https:\/\/pim.toya.pl\/piktogramy\/PICTURES\/image-thumb__59954__Sklep_pikto\/COOKER_ELECTRIC.png\" width=\"64\" height=\"64\" alt=\"\"><img loading=\"lazy\" decoding=\"async\" class=\"piktogram\" src=\"https:\/\/pim.toya.pl\/piktogramy\/PICTURES\/image-thumb__59950__Sklep_pikto\/COOKER_CERAMIC.png\" width=\"64\" height=\"64\" alt=\"\"><img loading=\"lazy\" decoding=\"async\" class=\"piktogram\" src=\"https:\/\/pim.toya.pl\/piktogramy\/PICTURES\/image-thumb__59956__Sklep_pikto\/COOKER_INDUCTION.png\" width=\"64\" height=\"64\" alt=\"\"><img loading=\"lazy\" decoding=\"async\" class=\"piktogram\" src=\"https:\/\/pim.toya.pl\/piktogramy\/PICTURES\/image-thumb__59955__Sklep_pikto\/COOKER_GAS.png\" width=\"64\" height=\"64\" alt=\"\"><img loading=\"lazy\" decoding=\"async\" class=\"piktogram\" src=\"https:\/\/pim.toya.pl\/piktogramy\/PICTURES_DESCRIPTION\/image-thumb__60403__Sklep_pikto\/x3_BOTTOM.png\" width=\"64\" height=\"64\" alt=\"\"><img loading=\"lazy\" decoding=\"async\" class=\"piktogram\" src=\"https:\/\/pim.toya.pl\/piktogramy\/PICTURES_DESCRIPTION\/image-thumb__60317__Sklep_pikto\/%2BLID.png\" width=\"64\" height=\"64\" alt=\"\"><img loading=\"lazy\" decoding=\"async\" class=\"piktogram\" src=\"https:\/\/pim.toya.pl\/piktogramy\/MATERIALS\/image-thumb__65064__Sklep_pikto\/SS_21-0.png\" width=\"64\" height=\"64\" alt=\"\"><img loading=\"lazy\" decoding=\"async\" class=\"piktogram\" src=\"https:\/\/pim.toya.pl\/piktogramy\/PICTURES\/image-thumb__59934__Sklep_pikto\/WASHING_MACHINE.png\" width=\"64\" height=\"64\" alt=\"\"><img loading=\"lazy\" decoding=\"async\" class=\"piktogram\" src=\"https:\/\/pim.toya.pl\/piktogramy\/PICTURES_DESCRIPTION\/image-thumb__60337__Sklep_pikto\/DETERGENT.png\" width=\"64\" height=\"64\" alt=\"\"><\/div>\n<p>Garnek&nbsp;<strong>Yato Professional Kitchen Equipment&nbsp;<\/strong>z pokrywk\u0105, o wymiarach&nbsp;<strong>16&#215;12 cm<\/strong>&nbsp;oraz pojemno\u015bci&nbsp;<strong>2,4 l. <\/strong>Przeznaczony jest do&nbsp;<strong>profesjonalnego wykorzystania<\/strong>&nbsp;w bran\u017cy gastronomicznej. Doskonale nadaje si\u0119 do przygotowywania wszelkiego rodzaju potraw.<\/p>\n<p><strong>Wykonany jest z wysokiej jako\u015bci stali nierdzewnej 21\/0<\/strong>, opracowanej specjalnie do u\u017cytku w gastronomii. Najwa\u017cniejsz\u0105 zalet\u0105 garnk\u00f3w wykonanych z tego rodzaju stali jest przewodzenie ciep\u0142a a\u017c o&nbsp;<strong>30% wi\u0119ksze<\/strong>&nbsp;w por\u00f3wnaniu ze standardowymi garnkami wykonanymi ze stali 304.&nbsp;<strong>Charakteryzuje je r\u00f3wnie\u017c podwy\u017cszona odporno\u015b\u0107 na uszkodzenia mechaniczne oraz dzia\u0142anie kwas\u00f3w organicznych i detergent\u00f3w.<\/strong>&nbsp;W\u0142a\u015bnie dlatego,&nbsp;<strong>nadaj\u0105 si\u0119 do mycia w zmywarkach<\/strong>, oraz s\u0105 odporne na intensywne szorowanie powierzchni.<\/p>\n<p><strong>Specjalna konstrukcja dna kapsu\u0142owego rozprowadza ciep\u0142o r\u00f3wnomiernie<\/strong>&nbsp;po ca\u0142ej powierzchni spodu, co zwi\u0119ksza stopie\u0144 wykorzystania ciep\u0142a i efektywno\u015b\u0107 gotowania. Przek\u0142ada si\u0119 to bezpo\u015brednio na ich jako\u015b\u0107 oraz komfort pracy kucharza. Takie rozwi\u0105zanie zmniejsza r\u00f3wnie\u017c ryzyko przypalenia potraw.<\/p>\n<ul>\n<li>garnki wykonane ze stali typu&nbsp;<strong>21\/0 nie zawieraj\u0105 szkodliwych dla zdrowia ludzkiego manganu i niklu<\/strong><\/li>\n<li>boczne \u015bciany garnka i pokrywka s\u0105&nbsp;<strong>wykonane z grubej stali<\/strong>, utrzymuj\u0105cej temperatur\u0119 d\u0142u\u017cej ni\u017c standardowe naczynia ze stali typu 304<\/li>\n<li>w garnkach Yato zastosowano&nbsp;<strong>wyj\u0105tkowo masywne i nienagrzewaj\u0105ce si\u0119, solidnie zamocowane uchwyty, <\/strong>gwarantuje to bezpiecze\u0144stwo i wieloletni\u0105 trwa\u0142o\u015b\u0107 u\u017cytkowania<\/li>\n<\/ul>\n<p>\n<strong>Wk\u0142adka ferromagnetyczna<\/strong>&nbsp;w dnie pozwala na stosowanie garnk\u00f3w Yato&nbsp;na ka\u017cdym rodzaju kuchenek, takich jak:<\/p>\n<ul>\n<li>elektryczna<\/li>\n<li>indukcyjna<\/li>\n<li>gazowa<\/li>\n<li>ceramiczna<\/li>\n<\/ul>\n<p><strong>Parametry:<\/strong><\/p>\n<ul>\n<li>grubo\u015b\u0107 dna [mm]:&nbsp;<strong>5,6<\/strong><\/li>\n<li>grubo\u015b\u0107 \u015bcianki [mm]:&nbsp;<strong>0,8<\/strong><\/li>\n<li>materia\u0142: stal nierdzewna&nbsp;<strong>21\/0<\/strong><\/li>\n<li>pojemno\u015b\u0107 [L]:&nbsp;<strong>2,4<\/strong><\/li>\n<li>\u015brednica [mm]:&nbsp;<strong>160<\/strong><\/li>\n<li>wysoko\u015b\u0107 [mm]:&nbsp;<strong>120<\/strong><\/li>\n<\/ul>\n","protected":false},"excerpt":{"rendered":"<p>Garnek&nbsp;Yato Professional Kitchen Equipment&nbsp;z pokrywk\u0105, o wymiarach&nbsp;16&#215;12 cm&nbsp;oraz pojemno\u015bci&nbsp;2,4 l. Przeznaczony jest do&nbsp;profesjonalnego wykorzystania&nbsp;w bran\u017cy gastronomicznej. Doskonale nadaje si\u0119 do przygotowywania wszelkiego rodzaju potraw. Wykonany jest z wysokiej jako\u015bci stali nierdzewnej 21\/0, opracowanej specjalnie do u\u017cytku w gastronomii. Najwa\u017cniejsz\u0105 zalet\u0105 garnk\u00f3w wykonanych z tego rodzaju stali jest przewodzenie ciep\u0142a a\u017c o&nbsp;30% wi\u0119ksze&nbsp;w por\u00f3wnaniu ze standardowymi [&hellip;]<\/p>\n","protected":false},"featured_media":19341,"template":"","meta":{"_et_pb_use_builder":"","_et_pb_old_content":"","_et_gb_content_width":""},"pwb-brand":[658],"product_brand":[],"product_cat":[69],"product_tag":[],"class_list":{"0":"post-18634","1":"product","2":"type-product","3":"status-publish","4":"has-post-thumbnail","6":"pwb-brand-yato","7":"product_cat-wysokie","9":"first","10":"instock","11":"taxable","12":"shipping-taxable","13":"purchasable","14":"product-type-simple"},"brands":[{"id":658,"name":"Yato","slug":"yato"}],"_links":{"self":[{"href":"https:\/\/www.multifrigo.pl\/sklep\/wp-json\/wp\/v2\/product\/18634","targetHints":{"allow":["GET"]}}],"collection":[{"href":"https:\/\/www.multifrigo.pl\/sklep\/wp-json\/wp\/v2\/product"}],"about":[{"href":"https:\/\/www.multifrigo.pl\/sklep\/wp-json\/wp\/v2\/types\/product"}],"wp:featuredmedia":[{"embeddable":true,"href":"https:\/\/www.multifrigo.pl\/sklep\/wp-json\/wp\/v2\/media\/19341"}],"wp:attachment":[{"href":"https:\/\/www.multifrigo.pl\/sklep\/wp-json\/wp\/v2\/media?parent=18634"}],"wp:term":[{"taxonomy":"pwb-brand","embeddable":true,"href":"https:\/\/www.multifrigo.pl\/sklep\/wp-json\/wp\/v2\/pwb-brand?post=18634"},{"taxonomy":"product_brand","embeddable":true,"href":"https:\/\/www.multifrigo.pl\/sklep\/wp-json\/wp\/v2\/product_brand?post=18634"},{"taxonomy":"product_cat","embeddable":true,"href":"https:\/\/www.multifrigo.pl\/sklep\/wp-json\/wp\/v2\/product_cat?post=18634"},{"taxonomy":"product_tag","embeddable":true,"href":"https:\/\/www.multifrigo.pl\/sklep\/wp-json\/wp\/v2\/product_tag?post=18634"}],"curies":[{"name":"wp","href":"https:\/\/api.w.org\/{rel}","templated":true}]}}