{"id":18745,"date":"2024-07-05T13:00:18","date_gmt":"2024-07-05T13:00:18","guid":{"rendered":"https:\/\/multifrigo.pl\/sklep\/?post_type=product&#038;p=18745"},"modified":"2025-10-09T12:54:35","modified_gmt":"2025-10-09T12:54:35","slug":"pojemnik-gastronomiczny-gn-1-1-100mm-pc-yato-yg-00391","status":"publish","type":"product","link":"https:\/\/www.multifrigo.pl\/sklep\/produkt\/pojemnik-gastronomiczny-gn-1-1-100mm-pc-yato-yg-00391\/","title":{"rendered":"POJEMNIK GASTRONOMICZNY GN 1\/1 100MM PC | Yato YG-00391"},"content":{"rendered":"<div id=\"piktogram_container\"><img loading=\"lazy\" decoding=\"async\" class=\"piktogram\" src=\"https:\/\/pim.toya.pl\/piktogramy\/GASTRO\/image-thumb__90445__Sklep_pikto\/GN_1-1.png\" width=\"64\" height=\"64\" alt=\"\"><img loading=\"lazy\" decoding=\"async\" class=\"piktogram\" src=\"https:\/\/pim.toya.pl\/piktogramy\/mm\/image-thumb__51659__Sklep_pikto\/100_mm.png\" width=\"64\" height=\"64\" alt=\"\"><img loading=\"lazy\" decoding=\"async\" class=\"piktogram\" src=\"https:\/\/pim.toya.pl\/piktogramy\/L_ml\/image-thumb__51376__Sklep_pikto\/13_L.png\" width=\"64\" height=\"64\" alt=\"\"><img loading=\"lazy\" decoding=\"async\" class=\"piktogram\" src=\"https:\/\/pim.toya.pl\/piktogramy\/MATERIALS\/image-thumb__60892__Sklep_pikto\/PC.png\" width=\"64\" height=\"64\" alt=\"\"><img loading=\"lazy\" decoding=\"async\" class=\"piktogram\" src=\"https:\/\/pim.toya.pl\/piktogramy\/TEMPERATURE\/image-thumb__57252__Sklep_pikto\/TEMP_-40_%2B99_C.png\" width=\"64\" height=\"64\" alt=\"\"><img loading=\"lazy\" decoding=\"async\" class=\"piktogram\" src=\"https:\/\/pim.toya.pl\/piktogramy\/PICTURES\/image-thumb__59925__Sklep_pikto\/STACKING.png\" width=\"64\" height=\"64\" alt=\"\"><img loading=\"lazy\" decoding=\"async\" class=\"piktogram\" src=\"https:\/\/pim.toya.pl\/piktogramy\/PICTURES\/image-thumb__59934__Sklep_pikto\/WASHING_MACHINE.png\" width=\"64\" height=\"64\" alt=\"\"><\/div>\n<p>Profesjonalny pojemnik GN marki <strong>YATO<\/strong> z poliw\u0119glanu o wymiarach GN 1\/1 100 mm i pojemno\u015bci 13,0 l.<\/p>\n<p>Pojemnik ma <strong>wymiary zgodne ze standaryzacj\u0105<\/strong> GASTRO NORM PN-EN 631-1:1996.<\/p>\n<p>Pojemniki gastronomiczne <strong>YATO<\/strong> wyprodukowano&nbsp;z <strong>najwy\u017cszej jako\u015bci poliw\u0119glanu PC<\/strong>, kt&oacute;ry charakteryzuje si\u0119 bardzo du\u017c\u0105 wytrzyma\u0142o\u015bci\u0105 i odporno\u015bci\u0105 na uszkodzenia mechaniczne, zapewniaj\u0105c bardzo d\u0142ug\u0105 \u017cywotno\u015b\u0107. Przeznaczone s\u0105 do profesjonalnego wykorzystania w restauracjach, barach czy&nbsp;plac&oacute;wkach \u017cywienia zbiorowego.&nbsp;S\u0142u\u017c\u0105 przede wszystkim do przechowywania \u017cywno\u015bci, przypraw, itp. Wyj\u0105tkowe w\u0142a\u015bciwo\u015bci umo\u017cliwiaj\u0105 zastosowanie ich w warunkach ch\u0142odniczych&nbsp;czy mro\u017aniczych&nbsp;w temperaturrze do<strong> &#8211; 40&deg;C<\/strong>. Idealnie nadaj\u0105 si\u0119 r&oacute;wnie\u017c do wykorzystania w zakresie wy\u017cszych temperatur&nbsp;si\u0119gaj\u0105cych do <strong>99&deg;C<\/strong>. Dzi\u0119ki temu mo\u017cna je u\u017cywa\u0107 do przechowywania gor\u0105cych potraw. Jednak nie s\u0105 przeznaczone do stosowania w bemarach czy piecach konwekcyjno-parowych.<\/p>\n<p>Pojemniki GN marki <strong>YATO<\/strong> maj\u0105 bardzo g\u0142adk\u0105 powierzchni\u0119, dzi\u0119ki czemu s\u0105 \u0142atwe do czyszczenia i&nbsp;utrzymania&nbsp;w czysto\u015bci. Mo\u017cliwe jest tak\u017ce <strong>mycie&nbsp;ich&nbsp;w zmywarkach<\/strong>.<br \/><strong>Nie wch\u0142aniaj\u0105 zapach&oacute;w czy smak&oacute;w<\/strong>, przez co po umyciu mog\u0105 by\u0107 przeznaczone do przechowywania innych produkt&oacute;w.<br \/>Istotn\u0105 zalet\u0105 tych pojemnik&oacute;w jest tak\u017ce <strong>skala wyra\u017cona w litrach<\/strong>, kt&oacute;ra u\u0142atwia kontrol\u0119 poziomu zawarto\u015bci.<\/p>\n<p>Szczeg&oacute;ln\u0105 uwag\u0119 przy\u0142o\u017cono do detali, takich jak zaokr\u0105glone naro\u017ca czy g\u0142adkie ranty, kt&oacute;re zapewniaj\u0105 wysoki poziom bezpiecze\u0144stwa oraz higieny u\u017cytkowania. Dodatkowe przet\u0142oczenie na obwodzie ka\u017cdego pojemnika wzmacnia jego konstrukcj\u0119, zabezpieczaj\u0105c go przed zagnieceniami powsta\u0142ymi podczas eksploatacji i umo\u017cliwia <strong>pi\u0119trowe sk\u0142adowanie<\/strong>.<\/p>\n","protected":false},"excerpt":{"rendered":"<p>Profesjonalny pojemnik GN marki YATO z poliw\u0119glanu o wymiarach GN 1\/1 100 mm i pojemno\u015bci 13,0 l. Pojemnik ma wymiary zgodne ze standaryzacj\u0105 GASTRO NORM PN-EN 631-1:1996. Pojemniki gastronomiczne YATO wyprodukowano&nbsp;z najwy\u017cszej jako\u015bci poliw\u0119glanu PC, kt&oacute;ry charakteryzuje si\u0119 bardzo du\u017c\u0105 wytrzyma\u0142o\u015bci\u0105 i odporno\u015bci\u0105 na uszkodzenia mechaniczne, zapewniaj\u0105c bardzo d\u0142ug\u0105 \u017cywotno\u015b\u0107. Przeznaczone s\u0105 do profesjonalnego wykorzystania [&hellip;]<\/p>\n","protected":false},"featured_media":20103,"template":"","meta":{"_et_pb_use_builder":"","_et_pb_old_content":"","_et_gb_content_width":""},"pwb-brand":[658],"product_brand":[],"product_cat":[147],"product_tag":[],"class_list":{"0":"post-18745","1":"product","2":"type-product","3":"status-publish","4":"has-post-thumbnail","6":"pwb-brand-yato","7":"product_cat-pojemniki-gn-z-poliweglanu","9":"first","10":"instock","11":"taxable","12":"shipping-taxable","13":"purchasable","14":"product-type-simple"},"brands":[{"id":658,"name":"Yato","slug":"yato"}],"_links":{"self":[{"href":"https:\/\/www.multifrigo.pl\/sklep\/wp-json\/wp\/v2\/product\/18745","targetHints":{"allow":["GET"]}}],"collection":[{"href":"https:\/\/www.multifrigo.pl\/sklep\/wp-json\/wp\/v2\/product"}],"about":[{"href":"https:\/\/www.multifrigo.pl\/sklep\/wp-json\/wp\/v2\/types\/product"}],"wp:featuredmedia":[{"embeddable":true,"href":"https:\/\/www.multifrigo.pl\/sklep\/wp-json\/wp\/v2\/media\/20103"}],"wp:attachment":[{"href":"https:\/\/www.multifrigo.pl\/sklep\/wp-json\/wp\/v2\/media?parent=18745"}],"wp:term":[{"taxonomy":"pwb-brand","embeddable":true,"href":"https:\/\/www.multifrigo.pl\/sklep\/wp-json\/wp\/v2\/pwb-brand?post=18745"},{"taxonomy":"product_brand","embeddable":true,"href":"https:\/\/www.multifrigo.pl\/sklep\/wp-json\/wp\/v2\/product_brand?post=18745"},{"taxonomy":"product_cat","embeddable":true,"href":"https:\/\/www.multifrigo.pl\/sklep\/wp-json\/wp\/v2\/product_cat?post=18745"},{"taxonomy":"product_tag","embeddable":true,"href":"https:\/\/www.multifrigo.pl\/sklep\/wp-json\/wp\/v2\/product_tag?post=18745"}],"curies":[{"name":"wp","href":"https:\/\/api.w.org\/{rel}","templated":true}]}}