{"id":18765,"date":"2024-07-05T13:00:24","date_gmt":"2024-07-05T13:00:24","guid":{"rendered":"https:\/\/multifrigo.pl\/sklep\/?post_type=product&#038;p=18765"},"modified":"2025-10-09T12:54:53","modified_gmt":"2025-10-09T12:54:53","slug":"pokrywka-gn-1-2-pc-yato-yg-00435","status":"publish","type":"product","link":"https:\/\/www.multifrigo.pl\/sklep\/produkt\/pokrywka-gn-1-2-pc-yato-yg-00435\/","title":{"rendered":"POKRYWKA GN 1\/2 PC | Yato YG-00435"},"content":{"rendered":"<div id=\"piktogram_container\"><img loading=\"lazy\" decoding=\"async\" class=\"piktogram\" src=\"https:\/\/pim.toya.pl\/piktogramy\/MATERIALS\/image-thumb__60892__Sklep_pikto\/PC.png\" width=\"64\" height=\"64\" alt=\"\"><img loading=\"lazy\" decoding=\"async\" class=\"piktogram\" src=\"https:\/\/pim.toya.pl\/piktogramy\/TEMPERATURE\/image-thumb__57252__Sklep_pikto\/TEMP_-40_%2B99_C.png\" width=\"64\" height=\"64\" alt=\"\"><img loading=\"lazy\" decoding=\"async\" class=\"piktogram\" src=\"https:\/\/pim.toya.pl\/piktogramy\/PICTURES\/image-thumb__59925__Sklep_pikto\/STACKING.png\" width=\"64\" height=\"64\" alt=\"\"><img loading=\"lazy\" decoding=\"async\" class=\"piktogram\" src=\"https:\/\/pim.toya.pl\/piktogramy\/PICTURES\/image-thumb__59934__Sklep_pikto\/WASHING_MACHINE.png\" width=\"64\" height=\"64\" alt=\"\"><\/div>\n<p>Pokrywka z poliw\u0119glanu do pojemnika <strong>GN 1\/2<\/strong> marki <strong>YATO<\/strong>.<\/p>\n<p>Wymiary zgodne ze standaryzacj\u0105 GASTRO NORM PN-EN 631-1:1996.<\/p>\n<p>Wyprodukowana&nbsp;z <strong>najwy\u017cszej jako\u015bci poliw\u0119glanu PC<\/strong>, kt&oacute;ry charakteryzuje si\u0119 bardzo du\u017c\u0105 wytrzyma\u0142o\u015bci\u0105 i odporno\u015bci\u0105 na uszkodzenia mechaniczne, zapewniaj\u0105c bardzo d\u0142ug\u0105 \u017cywotno\u015b\u0107. Przeznaczone s\u0105 do profesjonalnego wykorzystania w restauracjach, barach czy&nbsp;plac&oacute;wkach \u017cywienia zbiorowego.<\/p>\n<p>Wyj\u0105tkowe w\u0142a\u015bciwo\u015bci umo\u017cliwiaj\u0105 zastosowanie ich w warunkach ch\u0142odniczych czy mro\u017aniczych w temperaturrze do &#8211; 40&amp;deg;C. Idealnie nadaj\u0105 si\u0119 ro&oacute;wnie\u017c do wykorzystania w zakresie wy\u017cszych temperatur si\u0119gaj\u0105cych do 99&amp;deg;C. Dzi\u0119ki temu mo\u017cna je u\u017cywa\u0107 do przechowywania gor\u0105cych potraw. Jednak nie s\u0105 przeznaczone do stosowania w bemarach czy piecach konwekcyjno-parowych.<\/p>\n<p>Pokrywki marki<strong> YATO<\/strong> maj\u0105 bardzo g\u0142adk\u0105 powierzchni\u0119, dzi\u0119ki czemu s\u0105 \u0142atwe do czyszczenia i utrzymania w czysto\u015bci. Mo\u017cliwe jest tak\u017ce <strong>mycie w zmywarkach<\/strong>.&nbsp;Nie wch\u0142aniaj\u0105 zapach&oacute;w czy smak&oacute;w, przez co po umyciu mog\u0105 by\u0107 przeznaczone do przechowywania innych produkt&oacute;w.<\/p>\n<p>Szczeg&oacute;ln\u0105 uwag\u0119 przy\u0142o\u017cono do detali, takich jak zaokr\u0105glone naro\u017ca czy g\u0142adkie ranty, kt&oacute;re zapewniaj\u0105 wysoki poziom bezpiecze\u0144stwa oraz higieny u\u017cytkowania. Dodatkowe przet\u0142oczenie na obwodzie ka\u017cdej&nbsp;pokrywki wzmacnia jego konstrukcj\u0119, zabezpieczaj\u0105c go przed zagnieceniami powsta\u0142ymi podczas eksploatacji i umo\u017cliwia pi\u0119trowe sk\u0142adowanie.<\/p>\n","protected":false},"excerpt":{"rendered":"<p>Pokrywka z poliw\u0119glanu do pojemnika GN 1\/2 marki YATO. Wymiary zgodne ze standaryzacj\u0105 GASTRO NORM PN-EN 631-1:1996. Wyprodukowana&nbsp;z najwy\u017cszej jako\u015bci poliw\u0119glanu PC, kt&oacute;ry charakteryzuje si\u0119 bardzo du\u017c\u0105 wytrzyma\u0142o\u015bci\u0105 i odporno\u015bci\u0105 na uszkodzenia mechaniczne, zapewniaj\u0105c bardzo d\u0142ug\u0105 \u017cywotno\u015b\u0107. Przeznaczone s\u0105 do profesjonalnego wykorzystania w restauracjach, barach czy&nbsp;plac&oacute;wkach \u017cywienia zbiorowego. Wyj\u0105tkowe w\u0142a\u015bciwo\u015bci umo\u017cliwiaj\u0105 zastosowanie ich w warunkach [&hellip;]<\/p>\n","protected":false},"featured_media":20204,"template":"","meta":{"_et_pb_use_builder":"","_et_pb_old_content":"","_et_gb_content_width":""},"pwb-brand":[658],"product_brand":[],"product_cat":[145],"product_tag":[],"class_list":{"0":"post-18765","1":"product","2":"type-product","3":"status-publish","4":"has-post-thumbnail","6":"pwb-brand-yato","7":"product_cat-pokrywy-gn-z-poliweglanu","9":"first","10":"instock","11":"taxable","12":"shipping-taxable","13":"purchasable","14":"product-type-simple"},"brands":[{"id":658,"name":"Yato","slug":"yato"}],"_links":{"self":[{"href":"https:\/\/www.multifrigo.pl\/sklep\/wp-json\/wp\/v2\/product\/18765","targetHints":{"allow":["GET"]}}],"collection":[{"href":"https:\/\/www.multifrigo.pl\/sklep\/wp-json\/wp\/v2\/product"}],"about":[{"href":"https:\/\/www.multifrigo.pl\/sklep\/wp-json\/wp\/v2\/types\/product"}],"wp:featuredmedia":[{"embeddable":true,"href":"https:\/\/www.multifrigo.pl\/sklep\/wp-json\/wp\/v2\/media\/20204"}],"wp:attachment":[{"href":"https:\/\/www.multifrigo.pl\/sklep\/wp-json\/wp\/v2\/media?parent=18765"}],"wp:term":[{"taxonomy":"pwb-brand","embeddable":true,"href":"https:\/\/www.multifrigo.pl\/sklep\/wp-json\/wp\/v2\/pwb-brand?post=18765"},{"taxonomy":"product_brand","embeddable":true,"href":"https:\/\/www.multifrigo.pl\/sklep\/wp-json\/wp\/v2\/product_brand?post=18765"},{"taxonomy":"product_cat","embeddable":true,"href":"https:\/\/www.multifrigo.pl\/sklep\/wp-json\/wp\/v2\/product_cat?post=18765"},{"taxonomy":"product_tag","embeddable":true,"href":"https:\/\/www.multifrigo.pl\/sklep\/wp-json\/wp\/v2\/product_tag?post=18765"}],"curies":[{"name":"wp","href":"https:\/\/api.w.org\/{rel}","templated":true}]}}