{"id":18850,"date":"2024-07-05T13:00:46","date_gmt":"2024-07-05T13:00:46","guid":{"rendered":"https:\/\/multifrigo.pl\/sklep\/?post_type=product&#038;p=18850"},"modified":"2025-10-09T12:55:47","modified_gmt":"2025-10-09T12:55:47","slug":"skrobak-do-deski-kuchennej-yato-yg-02188","status":"publish","type":"product","link":"https:\/\/www.multifrigo.pl\/sklep\/produkt\/skrobak-do-deski-kuchennej-yato-yg-02188\/","title":{"rendered":"SKROBAK DO DESKI KUCHENNEJ | Yato YG-02188"},"content":{"rendered":"<div id=\"piktogram_container\"><img loading=\"lazy\" decoding=\"async\" class=\"piktogram\" src=\"https:\/\/pim.toya.pl\/piktogramy\/mm\/image-thumb__90660__Sklep_pikto\/220x100x50_mm.png\" width=\"64\" height=\"64\" alt=\"\"><img loading=\"lazy\" decoding=\"async\" class=\"piktogram\" src=\"https:\/\/pim.toya.pl\/piktogramy\/WORDS_DESCRIPTION\/image-thumb__90622__Sklep_pikto\/FOR_PE.png\" width=\"64\" height=\"64\" alt=\"\"><\/div>\n<p>Skrobak do desek do krojenia marki YATO przeznaczony jest <strong>do czyszczenia desek do krojenia wykonanych z PE<\/strong>. Umo\u017cliwia mechaniczne usuni\u0119cie wszelkiego rodzaju rys i \u015blad\u00f3w po ci\u0119ciu, w kt\u00f3rych gromadz\u0105 si\u0119 resztki \u017cywno\u015bci i brud. W ten spos\u00f3b deska do krojenia mo\u017ce zosta\u0107 od\u015bwie\u017cona i nadaje si\u0119 ponownie do u\u017cytku, co znacznie wyd\u0142u\u017ca jej \u017cywotno\u015b\u0107.<\/p>\n<ul>\n<li>wykonany z wysokiej jako\u015bci polietylenu<\/li>\n<li>wygodny w u\u017cyciu<\/li>\n<li>zapewnia wysoki poziom higieny<\/li>\n<\/ul>\n","protected":false},"excerpt":{"rendered":"<p>Skrobak do desek do krojenia marki YATO przeznaczony jest do czyszczenia desek do krojenia wykonanych z PE. Umo\u017cliwia mechaniczne usuni\u0119cie wszelkiego rodzaju rys i \u015blad\u00f3w po ci\u0119ciu, w kt\u00f3rych gromadz\u0105 si\u0119 resztki \u017cywno\u015bci i brud. W ten spos\u00f3b deska do krojenia mo\u017ce zosta\u0107 od\u015bwie\u017cona i nadaje si\u0119 ponownie do u\u017cytku, co znacznie wyd\u0142u\u017ca jej \u017cywotno\u015b\u0107. [&hellip;]<\/p>\n","protected":false},"featured_media":20479,"template":"","meta":{"_et_pb_use_builder":"","_et_pb_old_content":"","_et_gb_content_width":""},"pwb-brand":[658],"product_brand":[],"product_cat":[204],"product_tag":[],"class_list":{"0":"post-18850","1":"product","2":"type-product","3":"status-publish","4":"has-post-thumbnail","6":"pwb-brand-yato","7":"product_cat-deski-haccp","9":"first","10":"instock","11":"taxable","12":"shipping-taxable","13":"purchasable","14":"product-type-simple"},"brands":[{"id":658,"name":"Yato","slug":"yato"}],"_links":{"self":[{"href":"https:\/\/www.multifrigo.pl\/sklep\/wp-json\/wp\/v2\/product\/18850","targetHints":{"allow":["GET"]}}],"collection":[{"href":"https:\/\/www.multifrigo.pl\/sklep\/wp-json\/wp\/v2\/product"}],"about":[{"href":"https:\/\/www.multifrigo.pl\/sklep\/wp-json\/wp\/v2\/types\/product"}],"wp:featuredmedia":[{"embeddable":true,"href":"https:\/\/www.multifrigo.pl\/sklep\/wp-json\/wp\/v2\/media\/20479"}],"wp:attachment":[{"href":"https:\/\/www.multifrigo.pl\/sklep\/wp-json\/wp\/v2\/media?parent=18850"}],"wp:term":[{"taxonomy":"pwb-brand","embeddable":true,"href":"https:\/\/www.multifrigo.pl\/sklep\/wp-json\/wp\/v2\/pwb-brand?post=18850"},{"taxonomy":"product_brand","embeddable":true,"href":"https:\/\/www.multifrigo.pl\/sklep\/wp-json\/wp\/v2\/product_brand?post=18850"},{"taxonomy":"product_cat","embeddable":true,"href":"https:\/\/www.multifrigo.pl\/sklep\/wp-json\/wp\/v2\/product_cat?post=18850"},{"taxonomy":"product_tag","embeddable":true,"href":"https:\/\/www.multifrigo.pl\/sklep\/wp-json\/wp\/v2\/product_tag?post=18850"}],"curies":[{"name":"wp","href":"https:\/\/api.w.org\/{rel}","templated":true}]}}