{"id":18853,"date":"2024-07-05T13:00:47","date_gmt":"2024-07-05T13:00:47","guid":{"rendered":"https:\/\/multifrigo.pl\/sklep\/?post_type=product&#038;p=18853"},"modified":"2025-10-09T12:55:48","modified_gmt":"2025-10-09T12:55:48","slug":"widelec-do-miesa-180mm-yato-yg-02216","status":"publish","type":"product","link":"https:\/\/www.multifrigo.pl\/sklep\/produkt\/widelec-do-miesa-180mm-yato-yg-02216\/","title":{"rendered":"WIDELEC DO MI\u0118SA 180MM | Yato YG-02216"},"content":{"rendered":"<div id=\"piktogram_container\"><img loading=\"lazy\" decoding=\"async\" class=\"piktogram\" src=\"https:\/\/pim.toya.pl\/piktogramy\/MATERIALS\/image-thumb__60854__Sklep_pikto\/GERMAN_STEEL.png\" width=\"64\" height=\"64\" alt=\"\"><img loading=\"lazy\" decoding=\"async\" class=\"piktogram\" src=\"https:\/\/pim.toya.pl\/piktogramy\/HRC\/image-thumb__77819__Sklep_pikto\/HRC_55-58.png\" width=\"64\" height=\"64\" alt=\"\"><\/div>\n<p>Widelec do mi\u0119sa marki <strong>YATO<\/strong> o d\u0142ugo\u015bci ostrza <strong>180mm<\/strong>.<\/p>\n<p>Wykonany jest z najwy\u017cszej jako\u015bci kutej stali, o twardo\u015bci HRC 55-58, co gwarantuje, \u017ce ostrza s\u0105:<\/p>\n<ul>\n<li>bardzo&nbsp;trwa\u0142e i sztywne<\/li>\n<li>\u0142atwe do czyszczenia<\/li>\n<\/ul>\n<p>Dzi\u0119ki temu widelce do mi\u0119sa marki <strong>YATO<\/strong> doskonale nadaj\u0105 si\u0119 do profesjonalnego wykorzystania w gastronomii. Szczeg&oacute;lnie polecane s\u0105 do hoteli, restauracji czy bufet&oacute;w.<\/p>\n<p>Wieloetapowy proces produkcyjny, przeprowadzony z zachowaniem najwy\u017cszych wymog&oacute;w jako\u015bciowych zapewnia, \u017ce ka\u017cdy z etap&oacute;w, takich jak kucie, hartowanie, szlifowanie wykonane s\u0105 bardzo starannie i precyzyjnie. Rezultatem tego jest widelec do mi\u0119sa <strong>YATO.<\/strong><\/p>\n<p>Istotnym elementem widelca <strong>YATO<\/strong> jest r\u0119koje\u015b\u0107. Wykonana z<strong> antypo\u015blizgowego<\/strong> materia\u0142u posiada specjalnie wyprofilowany, ergonomiczny kszta\u0142t, \u017ceby zapewni\u0107 jak najwi\u0119kszy komfort pracy.<\/p>\n<p>G\u0142adka powierzchnia i starannie&nbsp;wypolerowane po\u0142\u0105czenia nitowe, uniemo\u017cliwiaj\u0105 gromadzenie si\u0119 resztek co jest zgodne z wymogami HACCP.<\/p>\n<p>Ca\u0142kowita d\u0142ugo\u015b\u0107&nbsp;widelca wynosi <strong>310mm<\/strong>, a&nbsp;z\u0119b&oacute;w&nbsp;<strong>180mm<\/strong>.<\/p>\n<p>Widelec&nbsp;pakowany jest osobno w blister, estetycznie prezentuj\u0105cym si\u0119 na regale sklepowym.<\/p>\n","protected":false},"excerpt":{"rendered":"<p>Widelec do mi\u0119sa marki YATO o d\u0142ugo\u015bci ostrza 180mm. Wykonany jest z najwy\u017cszej jako\u015bci kutej stali, o twardo\u015bci HRC 55-58, co gwarantuje, \u017ce ostrza s\u0105: bardzo&nbsp;trwa\u0142e i sztywne \u0142atwe do czyszczenia Dzi\u0119ki temu widelce do mi\u0119sa marki YATO doskonale nadaj\u0105 si\u0119 do profesjonalnego wykorzystania w gastronomii. Szczeg&oacute;lnie polecane s\u0105 do hoteli, restauracji czy bufet&oacute;w. Wieloetapowy [&hellip;]<\/p>\n","protected":false},"featured_media":20483,"template":"","meta":{"_et_pb_use_builder":"","_et_pb_old_content":"","_et_gb_content_width":""},"pwb-brand":[658],"product_brand":[],"product_cat":[158],"product_tag":[],"class_list":{"0":"post-18853","1":"product","2":"type-product","3":"status-publish","4":"has-post-thumbnail","6":"pwb-brand-yato","7":"product_cat-widelce-do-mies","9":"first","10":"instock","11":"taxable","12":"shipping-taxable","13":"purchasable","14":"product-type-simple"},"brands":[{"id":658,"name":"Yato","slug":"yato"}],"_links":{"self":[{"href":"https:\/\/www.multifrigo.pl\/sklep\/wp-json\/wp\/v2\/product\/18853","targetHints":{"allow":["GET"]}}],"collection":[{"href":"https:\/\/www.multifrigo.pl\/sklep\/wp-json\/wp\/v2\/product"}],"about":[{"href":"https:\/\/www.multifrigo.pl\/sklep\/wp-json\/wp\/v2\/types\/product"}],"wp:featuredmedia":[{"embeddable":true,"href":"https:\/\/www.multifrigo.pl\/sklep\/wp-json\/wp\/v2\/media\/20483"}],"wp:attachment":[{"href":"https:\/\/www.multifrigo.pl\/sklep\/wp-json\/wp\/v2\/media?parent=18853"}],"wp:term":[{"taxonomy":"pwb-brand","embeddable":true,"href":"https:\/\/www.multifrigo.pl\/sklep\/wp-json\/wp\/v2\/pwb-brand?post=18853"},{"taxonomy":"product_brand","embeddable":true,"href":"https:\/\/www.multifrigo.pl\/sklep\/wp-json\/wp\/v2\/product_brand?post=18853"},{"taxonomy":"product_cat","embeddable":true,"href":"https:\/\/www.multifrigo.pl\/sklep\/wp-json\/wp\/v2\/product_cat?post=18853"},{"taxonomy":"product_tag","embeddable":true,"href":"https:\/\/www.multifrigo.pl\/sklep\/wp-json\/wp\/v2\/product_tag?post=18853"}],"curies":[{"name":"wp","href":"https:\/\/api.w.org\/{rel}","templated":true}]}}