{"id":18909,"date":"2024-07-05T13:01:00","date_gmt":"2024-07-05T13:01:00","guid":{"rendered":"https:\/\/multifrigo.pl\/sklep\/?post_type=product&#038;p=18909"},"modified":"2025-10-09T12:56:21","modified_gmt":"2025-10-09T12:56:21","slug":"szczypce-uniwersalne-stalowe-300mm-yato-yg-02751","status":"publish","type":"product","link":"https:\/\/www.multifrigo.pl\/sklep\/produkt\/szczypce-uniwersalne-stalowe-300mm-yato-yg-02751\/","title":{"rendered":"SZCZYPCE UNIWERSALNE STALOWE 300MM | Yato YG-02751"},"content":{"rendered":"<div id=\"piktogram_container\"><img loading=\"lazy\" decoding=\"async\" class=\"piktogram\" src=\"https:\/\/pim.toya.pl\/piktogramy\/mm\/image-thumb__52130__Sklep_pikto\/300_mm.png\" width=\"64\" height=\"64\" alt=\"\"><img loading=\"lazy\" decoding=\"async\" class=\"piktogram\" src=\"https:\/\/pim.toya.pl\/piktogramy\/MATERIALS\/image-thumb__65069__Sklep_pikto\/SS_18-8.png\" width=\"64\" height=\"64\" alt=\"\"><img loading=\"lazy\" decoding=\"async\" class=\"piktogram\" src=\"https:\/\/pim.toya.pl\/piktogramy\/PICTURES\/image-thumb__59934__Sklep_pikto\/WASHING_MACHINE.png\" width=\"64\" height=\"64\" alt=\"\"><img loading=\"lazy\" decoding=\"async\" class=\"piktogram\" src=\"https:\/\/pim.toya.pl\/piktogramy\/PICTURE_PARAMETER\/image-thumb__311787__Sklep_pikto\/THICKNESS_1%2C0_mm.png\" width=\"64\" height=\"64\" alt=\"\"><\/div>\n<p>Szczypce uniwersalne <strong>YATO YG-02751<\/strong> o d\u0142ugo\u015bci <strong>300mm<\/strong>.<\/p>\n<p>Funkcjonalne szczypce o wszechstronnym zastosowaniu gastronomicznym.<\/p>\n<p>Wykonane s\u0105 z wysokiej jako\u015bci <strong>stali nierdzewnej 18\/8<\/strong>. <strong>Grubo\u015b\u0107&nbsp;profilu 1,0mm<\/strong> zapewnia im du\u017c\u0105 wytrzyma\u0142o\u015b\u0107 i stabilno\u015b\u0107 podczas pracy. Dodatkowe przet\u0142ocznia wzmacniaj\u0105 ich konstrukcj\u0119.<\/p>\n<p>Szczypce posiadaj\u0105 <strong>blokad\u0119<\/strong> pozwalaj\u0105c\u0105 na zamkni\u0119ci ich, co znacznie u\u0142atwia przechowywanie w szufladach.<\/p>\n<p><strong>Chromowane wyko\u0144czenie<\/strong> nadaje szczypcom YATO elegancki wygl\u0105d, a jednocze\u015bnie u\u0142atwia utrzymanie ich w czysto\u015bci. Dodatkowo mo\u017cna je <strong>my\u0107 w zmywarkach.<\/strong><\/p>\n","protected":false},"excerpt":{"rendered":"<p>Szczypce uniwersalne YATO YG-02751 o d\u0142ugo\u015bci 300mm. Funkcjonalne szczypce o wszechstronnym zastosowaniu gastronomicznym. Wykonane s\u0105 z wysokiej jako\u015bci stali nierdzewnej 18\/8. Grubo\u015b\u0107&nbsp;profilu 1,0mm zapewnia im du\u017c\u0105 wytrzyma\u0142o\u015b\u0107 i stabilno\u015b\u0107 podczas pracy. Dodatkowe przet\u0142ocznia wzmacniaj\u0105 ich konstrukcj\u0119. Szczypce posiadaj\u0105 blokad\u0119 pozwalaj\u0105c\u0105 na zamkni\u0119ci ich, co znacznie u\u0142atwia przechowywanie w szufladach. Chromowane wyko\u0144czenie nadaje szczypcom YATO elegancki [&hellip;]<\/p>\n","protected":false},"featured_media":20631,"template":"","meta":{"_et_pb_use_builder":"","_et_pb_old_content":"","_et_gb_content_width":""},"pwb-brand":[658],"product_brand":[],"product_cat":[181],"product_tag":[],"class_list":{"0":"post-18909","1":"product","2":"type-product","3":"status-publish","4":"has-post-thumbnail","6":"pwb-brand-yato","7":"product_cat-szczypce-kuchenne","9":"first","10":"instock","11":"taxable","12":"shipping-taxable","13":"purchasable","14":"product-type-simple"},"brands":[{"id":658,"name":"Yato","slug":"yato"}],"_links":{"self":[{"href":"https:\/\/www.multifrigo.pl\/sklep\/wp-json\/wp\/v2\/product\/18909","targetHints":{"allow":["GET"]}}],"collection":[{"href":"https:\/\/www.multifrigo.pl\/sklep\/wp-json\/wp\/v2\/product"}],"about":[{"href":"https:\/\/www.multifrigo.pl\/sklep\/wp-json\/wp\/v2\/types\/product"}],"wp:featuredmedia":[{"embeddable":true,"href":"https:\/\/www.multifrigo.pl\/sklep\/wp-json\/wp\/v2\/media\/20631"}],"wp:attachment":[{"href":"https:\/\/www.multifrigo.pl\/sklep\/wp-json\/wp\/v2\/media?parent=18909"}],"wp:term":[{"taxonomy":"pwb-brand","embeddable":true,"href":"https:\/\/www.multifrigo.pl\/sklep\/wp-json\/wp\/v2\/pwb-brand?post=18909"},{"taxonomy":"product_brand","embeddable":true,"href":"https:\/\/www.multifrigo.pl\/sklep\/wp-json\/wp\/v2\/product_brand?post=18909"},{"taxonomy":"product_cat","embeddable":true,"href":"https:\/\/www.multifrigo.pl\/sklep\/wp-json\/wp\/v2\/product_cat?post=18909"},{"taxonomy":"product_tag","embeddable":true,"href":"https:\/\/www.multifrigo.pl\/sklep\/wp-json\/wp\/v2\/product_tag?post=18909"}],"curies":[{"name":"wp","href":"https:\/\/api.w.org\/{rel}","templated":true}]}}