{"id":19034,"date":"2024-07-05T13:01:32","date_gmt":"2024-07-05T13:01:32","guid":{"rendered":"https:\/\/multifrigo.pl\/sklep\/?post_type=product&#038;p=19034"},"modified":"2025-10-09T12:57:53","modified_gmt":"2025-10-09T12:57:53","slug":"warnik-do-wody-podwojna-scianka-141l-yato-yg-04292","status":"publish","type":"product","link":"https:\/\/www.multifrigo.pl\/sklep\/produkt\/warnik-do-wody-podwojna-scianka-141l-yato-yg-04292\/","title":{"rendered":"WARNIK DO WODY PODW\u00d3JNA \u015aCIANKA 14,1L | Yato YG-04292"},"content":{"rendered":"<div id=\"piktogram_container\"><img loading=\"lazy\" decoding=\"async\" class=\"piktogram\" src=\"https:\/\/pim.toya.pl\/piktogramy\/L_ml\/image-thumb__137884__Sklep_pikto\/14%2C1_L.png\" width=\"64\" height=\"64\" alt=\"\"><img loading=\"lazy\" decoding=\"async\" class=\"piktogram\" src=\"https:\/\/pim.toya.pl\/piktogramy\/W_kW\/image-thumb__141216__Sklep_pikto\/max_2600_W.png\" width=\"64\" height=\"64\" alt=\"\"><img loading=\"lazy\" decoding=\"async\" class=\"piktogram\" src=\"https:\/\/pim.toya.pl\/piktogramy\/MATERIALS\/image-thumb__65053__Sklep_pikto\/SS.png\" width=\"64\" height=\"64\" alt=\"\"><img loading=\"lazy\" decoding=\"async\" class=\"piktogram\" src=\"https:\/\/pim.toya.pl\/piktogramy\/TEMPERATURE\/image-thumb__90755__Sklep_pikto\/TEMP_30-110_C.png\" width=\"64\" height=\"64\" alt=\"\"><img loading=\"lazy\" decoding=\"async\" class=\"piktogram\" src=\"https:\/\/pim.toya.pl\/piktogramy\/WORDS_DESCRIPTION\/image-thumb__90771__Sklep_pikto\/DOUBLE_WALL.png\" width=\"64\" height=\"64\" alt=\"\"><img loading=\"lazy\" decoding=\"async\" class=\"piktogram\" src=\"https:\/\/pim.toya.pl\/piktogramy\/WORDS_DESCRIPTION\/image-thumb__92116__Sklep_pikto\/OVERHEATING_PROTECTION.png\" width=\"64\" height=\"64\" alt=\"\"><img loading=\"lazy\" decoding=\"async\" class=\"piktogram\" src=\"https:\/\/pim.toya.pl\/piktogramy\/PICTURES\/image-thumb__59894__Sklep_pikto\/NOT_DRIPPING.png\" width=\"64\" height=\"64\" alt=\"\"><\/div>\n<p>Warnik o podw\u00f3jnej \u015bciance przeznaczony do zaparzania du\u017cej ilo\u015bci wody. Wykonany jest ze stali nierdzewnej wypolerowanej na wysoki po\u0142ysk, dzi\u0119ki czemu elegancko prezentuje si\u0119 w hotelach, salach konferencyjnych i restauracjach.<\/p>\n<p>Grza\u0142ka o mocy 2500 W znajduje si\u0119 pod dnem warnika. Brak kontaktu z wod\u0105 zabezpiecza grza\u0142k\u0119 przed tworzeniem si\u0119 na niej kamienia, kt\u00f3ry z czasem mo\u017ce doprowadzi\u0107 do przegrzania i do awarii. Jednocze\u015bnie zbiornik jest \u0142atwiejszy do czyszczenia. Zabezpieczenia przeciw przegrzaniu i prac\u0105 na sucho&nbsp;wyd\u0142u\u017caj\u0105 \u017cywotno\u015b\u0107 urz\u0105dzenia.<\/p>\n<p>Warnik posiada regulacj\u0119 zakresu pracy w przedziale 30~110\u00b0C. Lampki kontrolne sygnalizuj\u0105 grzanie i podtrzymywanie temperatury.&nbsp;Na zewn\u0105trz warnika znajduje si\u0119 wska\u017anik poziomu wody ze skal\u0105 w litrach. Po obu stronach warnika s\u0105 mocne, nienagrzewaj\u0105ce si\u0119 uchwyty do przenoszenia. System TWIST LOCK&nbsp;szczelnie zamyka pokrywk\u0119. Plastikowy kranik zapobiega kapaniu.<\/p>\n<ul>\n<li>pojemno\u015b\u0107: 14,1&nbsp;l<\/li>\n<li>moc grza\u0142ki: 2500 W<\/li>\n<li>\u015brednica wewn\u0119trzna&nbsp;zbiornika: 270 mm (rozmiar M)<\/li>\n<li>materia\u0142:\n<ul>\n<li>\u015bcianka wewn\u0119trzna: stal 304 S\/S, grubo\u015b\u0107 0,5 mm<\/li>\n<li>\u015bcianka zewn\u0119trzna: stal 430 S\/S, grubo\u015b\u0107 0,3 mm<\/li>\n<li>pokrywka: stal 304 S\/S, grubo\u015b\u0107 0,4 mm<\/li>\n<\/ul>\n<\/li>\n<li>polerowane wyko\u0144czenie powierzchni<\/li>\n<li>zamkni\u0119cie twist<\/li>\n<li>nienagrzewaj\u0105ce si\u0119, mocne uchwyty<\/li>\n<li>znacznik poziomu wody<\/li>\n<li>niekapi\u0105cy plastikowy kran<\/li>\n<li>podw\u00f3jne zabezpieczenie przed przegrzaniem\n<ul>\n<li>termostat 94\u2103<\/li>\n<li>suche zabezpieczenie 130\u2103 (r\u0119czny przycisk resetu)<\/li>\n<li>bezpiecznik 216\u2103<\/li>\n<\/ul>\n<\/li>\n<li>odizolowana grza\u0142ka<\/li>\n<li>lampka&nbsp;grzanie i podtrzymania temperatury<\/li>\n<li>w\u0142\u0105cznik ON\/OFF<\/li>\n<li>kabel zasilaj\u0105cy: 1.5 m z wtyczk\u0105 VDE<\/li>\n<\/ul>\n<p>Kompatybilny z tack\u0105 ociekow\u0105 YG-04325.<\/p>\n","protected":false},"excerpt":{"rendered":"<p>Warnik o podw\u00f3jnej \u015bciance przeznaczony do zaparzania du\u017cej ilo\u015bci wody. Wykonany jest ze stali nierdzewnej wypolerowanej na wysoki po\u0142ysk, dzi\u0119ki czemu elegancko prezentuje si\u0119 w hotelach, salach konferencyjnych i restauracjach. Grza\u0142ka o mocy 2500 W znajduje si\u0119 pod dnem warnika. Brak kontaktu z wod\u0105 zabezpiecza grza\u0142k\u0119 przed tworzeniem si\u0119 na niej kamienia, kt\u00f3ry z czasem [&hellip;]<\/p>\n","protected":false},"featured_media":21258,"template":"","meta":{"_et_pb_use_builder":"","_et_pb_old_content":"","_et_gb_content_width":""},"pwb-brand":[658],"product_brand":[],"product_cat":[234],"product_tag":[],"class_list":{"0":"post-19034","1":"product","2":"type-product","3":"status-publish","4":"has-post-thumbnail","6":"pwb-brand-yato","7":"product_cat-warniki","9":"first","10":"instock","11":"taxable","12":"shipping-taxable","13":"purchasable","14":"product-type-simple"},"brands":[{"id":658,"name":"Yato","slug":"yato"}],"_links":{"self":[{"href":"https:\/\/www.multifrigo.pl\/sklep\/wp-json\/wp\/v2\/product\/19034","targetHints":{"allow":["GET"]}}],"collection":[{"href":"https:\/\/www.multifrigo.pl\/sklep\/wp-json\/wp\/v2\/product"}],"about":[{"href":"https:\/\/www.multifrigo.pl\/sklep\/wp-json\/wp\/v2\/types\/product"}],"wp:featuredmedia":[{"embeddable":true,"href":"https:\/\/www.multifrigo.pl\/sklep\/wp-json\/wp\/v2\/media\/21258"}],"wp:attachment":[{"href":"https:\/\/www.multifrigo.pl\/sklep\/wp-json\/wp\/v2\/media?parent=19034"}],"wp:term":[{"taxonomy":"pwb-brand","embeddable":true,"href":"https:\/\/www.multifrigo.pl\/sklep\/wp-json\/wp\/v2\/pwb-brand?post=19034"},{"taxonomy":"product_brand","embeddable":true,"href":"https:\/\/www.multifrigo.pl\/sklep\/wp-json\/wp\/v2\/product_brand?post=19034"},{"taxonomy":"product_cat","embeddable":true,"href":"https:\/\/www.multifrigo.pl\/sklep\/wp-json\/wp\/v2\/product_cat?post=19034"},{"taxonomy":"product_tag","embeddable":true,"href":"https:\/\/www.multifrigo.pl\/sklep\/wp-json\/wp\/v2\/product_tag?post=19034"}],"curies":[{"name":"wp","href":"https:\/\/api.w.org\/{rel}","templated":true}]}}