{"id":19052,"date":"2024-07-05T13:01:35","date_gmt":"2024-07-05T13:01:35","guid":{"rendered":"https:\/\/multifrigo.pl\/sklep\/?post_type=product&#038;p=19052"},"modified":"2025-10-09T12:58:02","modified_gmt":"2025-10-09T12:58:02","slug":"elektryczna-plyta-grillowa-gladka-550mm-yato-yg-04585","status":"publish","type":"product","link":"https:\/\/www.multifrigo.pl\/sklep\/produkt\/elektryczna-plyta-grillowa-gladka-550mm-yato-yg-04585\/","title":{"rendered":"ELEKTRYCZNA P\u0141YTA GRILLOWA G\u0141ADKA 550MM | Yato YG-04585"},"content":{"rendered":"<div id=\"piktogram_container\"><img loading=\"lazy\" decoding=\"async\" class=\"piktogram\" src=\"https:\/\/pim.toya.pl\/piktogramy\/W_kW\/image-thumb__53096__Sklep_pikto\/3000_W.png\" width=\"64\" height=\"64\" alt=\"\"><img loading=\"lazy\" decoding=\"async\" class=\"piktogram\" src=\"https:\/\/pim.toya.pl\/piktogramy\/TEMPERATURE\/image-thumb__57257__Sklep_pikto\/TEMP_50-300_C.png\" width=\"64\" height=\"64\" alt=\"\"><img loading=\"lazy\" decoding=\"async\" class=\"piktogram\" src=\"https:\/\/pim.toya.pl\/piktogramy\/PICTURE_PARAMETER\/image-thumb__92202__Sklep_pikto\/HEATING_AREA_550x350x9_mm.png\" width=\"64\" height=\"64\" alt=\"\"><img loading=\"lazy\" decoding=\"async\" class=\"piktogram\" src=\"https:\/\/pim.toya.pl\/piktogramy\/mm\/image-thumb__92205__Sklep_pikto\/555x430x230_mm.png\" width=\"64\" height=\"64\" alt=\"\"><img loading=\"lazy\" decoding=\"async\" class=\"piktogram\" src=\"https:\/\/pim.toya.pl\/piktogramy\/MATERIALS\/image-thumb__65053__Sklep_pikto\/SS.png\" width=\"64\" height=\"64\" alt=\"\"><\/div>\n<p>P\u0142yta grillowa o mocy <strong>3,0kW<\/strong> marki <strong>YATO YG-04585<\/strong>.<\/p>\n<p><strong>P\u0142aska<\/strong> stalowa p\u0142ywa grillowa o wymiarach <strong>555x350mm<\/strong> i <strong>grubo\u015bci 9mm<\/strong> doskonale przewodzi ciep\u0142o. Dzi\u0119ki temu idealnie nadaje si\u0119 do sma\u017cenia jajek, kie\u0142basek, bekonu, mi\u0119s, opiekania tost&oacute;w, tortili czy warzyw.<\/p>\n<p>Grza\u0142ka o mocy <strong>3,0kW<\/strong> posiada sterowanie za pomoc\u0105 <strong>potencjometru z regulacj\u0105 temperatury<\/strong> pracy w zakresie <strong>50~300&ordm;C<\/strong>, kt&oacute;ry umieszczony jest na panelu frontowym. Natomiast z ty\u0142u urz\u0105dzenia umieszczony jest <strong>bryzgoszczelny wy\u0142\u0105cznik<\/strong>, kt&oacute;ry umo\u017cliwia wy\u0142\u0105czenie grilla, bez konieczno\u015bci od\u0142\u0105czania przewodu zasilaj\u0105cego z sieci. Urz\u0105dzenie zasilane jest pr\u0105dem <strong>230V~50Hz. <\/strong>Wbudowany <strong>bezpiecznik zapobiega przed przegrzaniem si\u0119 grilla.<\/strong><\/p>\n<p>Grill o wymiarach <strong>555x430x230mm<\/strong> wa\u017cy <strong>18,5kg<\/strong>. Jego obudowa wykonana jest z wysokiej jako\u015bci<strong> stali nierdzewnej<\/strong>. Dzi\u0119ki temu grill jest&nbsp;szybki w czyszczeniu i utrzymaniu w czysto\u015bci. Dodatkowo z przodu p\u0142yty grzejnej&nbsp;jest <strong>rynienka na t\u0142uszcz<\/strong> i wszelkiego rodzaju odpadki po grillowaniu.&nbsp;Natomiast specjalny otw&oacute;r spadowy umo\u017cliwia zgarni\u0119cie zabrudze\u0144 do <strong>dolnej&nbsp;szufladki<\/strong>, kt&oacute;r\u0105 mo\u017cna \u0142atwo wyci\u0105gn\u0105\u0107 do&nbsp;mycia.<\/p>\n<p>Dodatkowo boczne oraz tylna \u015bcianka posiadaj\u0105<strong> rant ochronny<\/strong> o wysoko\u015bci<strong> 75mm,<\/strong> kt&oacute;ry zabezpiecza przygotwywane potrawy przed wypadni\u0119ciem oraz chroni przed pryskaniem t\u0142uszczu. Pod spodem urz\u0105dzenia s\u0105 <strong>cztery n&oacute;\u017cki anty-po\u015blizgowe<\/strong>, zapewniaj\u0105ce stabiln\u0105 pozycj\u0119&nbsp;na blacie.<\/p>\n","protected":false},"excerpt":{"rendered":"<p>P\u0142yta grillowa o mocy 3,0kW marki YATO YG-04585. P\u0142aska stalowa p\u0142ywa grillowa o wymiarach 555x350mm i grubo\u015bci 9mm doskonale przewodzi ciep\u0142o. Dzi\u0119ki temu idealnie nadaje si\u0119 do sma\u017cenia jajek, kie\u0142basek, bekonu, mi\u0119s, opiekania tost&oacute;w, tortili czy warzyw. Grza\u0142ka o mocy 3,0kW posiada sterowanie za pomoc\u0105 potencjometru z regulacj\u0105 temperatury pracy w zakresie 50~300&ordm;C, kt&oacute;ry umieszczony [&hellip;]<\/p>\n","protected":false},"featured_media":21441,"template":"","meta":{"_et_pb_use_builder":"","_et_pb_old_content":"","_et_gb_content_width":""},"pwb-brand":[658],"product_brand":[],"product_cat":[446],"product_tag":[],"class_list":{"0":"post-19052","1":"product","2":"type-product","3":"status-publish","4":"has-post-thumbnail","6":"pwb-brand-yato","7":"product_cat-plyty-grillowe","9":"first","10":"instock","11":"taxable","12":"shipping-taxable","13":"purchasable","14":"product-type-simple"},"brands":[{"id":658,"name":"Yato","slug":"yato"}],"_links":{"self":[{"href":"https:\/\/www.multifrigo.pl\/sklep\/wp-json\/wp\/v2\/product\/19052","targetHints":{"allow":["GET"]}}],"collection":[{"href":"https:\/\/www.multifrigo.pl\/sklep\/wp-json\/wp\/v2\/product"}],"about":[{"href":"https:\/\/www.multifrigo.pl\/sklep\/wp-json\/wp\/v2\/types\/product"}],"wp:featuredmedia":[{"embeddable":true,"href":"https:\/\/www.multifrigo.pl\/sklep\/wp-json\/wp\/v2\/media\/21441"}],"wp:attachment":[{"href":"https:\/\/www.multifrigo.pl\/sklep\/wp-json\/wp\/v2\/media?parent=19052"}],"wp:term":[{"taxonomy":"pwb-brand","embeddable":true,"href":"https:\/\/www.multifrigo.pl\/sklep\/wp-json\/wp\/v2\/pwb-brand?post=19052"},{"taxonomy":"product_brand","embeddable":true,"href":"https:\/\/www.multifrigo.pl\/sklep\/wp-json\/wp\/v2\/product_brand?post=19052"},{"taxonomy":"product_cat","embeddable":true,"href":"https:\/\/www.multifrigo.pl\/sklep\/wp-json\/wp\/v2\/product_cat?post=19052"},{"taxonomy":"product_tag","embeddable":true,"href":"https:\/\/www.multifrigo.pl\/sklep\/wp-json\/wp\/v2\/product_tag?post=19052"}],"curies":[{"name":"wp","href":"https:\/\/api.w.org\/{rel}","templated":true}]}}