{"id":19335,"date":"2024-07-05T13:03:01","date_gmt":"2024-07-05T13:03:01","guid":{"rendered":"https:\/\/multifrigo.pl\/sklep\/?post_type=product&#038;p=19335"},"modified":"2025-10-09T13:01:21","modified_gmt":"2025-10-09T13:01:21","slug":"palnik-szefa-kuchni-yato-yg-30105","status":"publish","type":"product","link":"https:\/\/www.multifrigo.pl\/sklep\/produkt\/palnik-szefa-kuchni-yato-yg-30105\/","title":{"rendered":"PALNIK SZEFA KUCHNI | Yato YG-30105"},"content":{"rendered":"<div id=\"piktogram_container\"><img loading=\"lazy\" decoding=\"async\" class=\"piktogram\" src=\"https:\/\/pim.toya.pl\/piktogramy\/W_kW\/image-thumb__53026__Sklep_pikto\/1%2C3_kW.png\" width=\"64\" height=\"64\" alt=\"\"><img loading=\"lazy\" decoding=\"async\" class=\"piktogram\" src=\"https:\/\/pim.toya.pl\/piktogramy\/WORDS_DESCRIPTION\/image-thumb__66749__Sklep_pikto\/PIEZO.png\" width=\"64\" height=\"64\" alt=\"\"><img loading=\"lazy\" decoding=\"async\" class=\"piktogram\" src=\"https:\/\/pim.toya.pl\/piktogramy\/TEMPERATURE\/image-thumb__57296__Sklep_pikto\/TEMP_MAX_1300_C.png\" width=\"64\" height=\"64\" alt=\"\"><img loading=\"lazy\" decoding=\"async\" class=\"piktogram\" src=\"https:\/\/pim.toya.pl\/piktogramy\/PICTURES_DESCRIPTION\/image-thumb__63567__Sklep_pikto\/GAS_-_%2B.png\" width=\"64\" height=\"64\" alt=\"\"><img loading=\"lazy\" decoding=\"async\" class=\"piktogram\" src=\"https:\/\/pim.toya.pl\/piktogramy\/WORDS_DESCRIPTION\/image-thumb__66753__Sklep_pikto\/BUTANE.png\" width=\"64\" height=\"64\" alt=\"\"><\/div>\n<p>Palnik gazowy <strong>z zap\u0142onem piezo<\/strong> i <strong>regulacj\u0105&nbsp;mocy p\u0142omienia<\/strong>. Doskonale sprawdzi si\u0119 podczas przygotowywania Creme Brulee, flambirowania lub podpiekania mi\u0119s, stek\u00f3w i warzyw. Stanowi \u015bwietne rozwi\u0105zanie dla ka\u017cdej cukierni, piekarni czy kawiarni.<\/p>\n<ul>\n<li>palnik o mocy <strong>1,3 kW<\/strong> pozwala osi\u0105gn\u0105\u0107 temperatur\u0119 <strong>1300\u00b0C<\/strong><\/li>\n<li>zasilany jest gazem butan z butli zewn\u0119trznej &#8211; zgodnie z norm\u0105 EN417, przy\u0142\u0105cze butli&nbsp;typu twist<\/li>\n<li>zu\u017cycie gazu <strong>96 g\/h<\/strong><\/li>\n<\/ul>\n","protected":false},"excerpt":{"rendered":"<p>Palnik gazowy z zap\u0142onem piezo i regulacj\u0105&nbsp;mocy p\u0142omienia. Doskonale sprawdzi si\u0119 podczas przygotowywania Creme Brulee, flambirowania lub podpiekania mi\u0119s, stek\u00f3w i warzyw. Stanowi \u015bwietne rozwi\u0105zanie dla ka\u017cdej cukierni, piekarni czy kawiarni. palnik o mocy 1,3 kW pozwala osi\u0105gn\u0105\u0107 temperatur\u0119 1300\u00b0C zasilany jest gazem butan z butli zewn\u0119trznej &#8211; zgodnie z norm\u0105 EN417, przy\u0142\u0105cze butli&nbsp;typu twist [&hellip;]<\/p>\n","protected":false},"featured_media":24217,"template":"","meta":{"_et_pb_use_builder":"","_et_pb_old_content":"","_et_gb_content_width":""},"pwb-brand":[658],"product_brand":[],"product_cat":[337],"product_tag":[],"class_list":{"0":"post-19335","1":"product","2":"type-product","3":"status-publish","4":"has-post-thumbnail","6":"pwb-brand-yato","7":"product_cat-palniki-do-creme-brulee","9":"first","10":"instock","11":"taxable","12":"shipping-taxable","13":"purchasable","14":"product-type-simple"},"brands":[{"id":658,"name":"Yato","slug":"yato"}],"_links":{"self":[{"href":"https:\/\/www.multifrigo.pl\/sklep\/wp-json\/wp\/v2\/product\/19335","targetHints":{"allow":["GET"]}}],"collection":[{"href":"https:\/\/www.multifrigo.pl\/sklep\/wp-json\/wp\/v2\/product"}],"about":[{"href":"https:\/\/www.multifrigo.pl\/sklep\/wp-json\/wp\/v2\/types\/product"}],"wp:featuredmedia":[{"embeddable":true,"href":"https:\/\/www.multifrigo.pl\/sklep\/wp-json\/wp\/v2\/media\/24217"}],"wp:attachment":[{"href":"https:\/\/www.multifrigo.pl\/sklep\/wp-json\/wp\/v2\/media?parent=19335"}],"wp:term":[{"taxonomy":"pwb-brand","embeddable":true,"href":"https:\/\/www.multifrigo.pl\/sklep\/wp-json\/wp\/v2\/pwb-brand?post=19335"},{"taxonomy":"product_brand","embeddable":true,"href":"https:\/\/www.multifrigo.pl\/sklep\/wp-json\/wp\/v2\/product_brand?post=19335"},{"taxonomy":"product_cat","embeddable":true,"href":"https:\/\/www.multifrigo.pl\/sklep\/wp-json\/wp\/v2\/product_cat?post=19335"},{"taxonomy":"product_tag","embeddable":true,"href":"https:\/\/www.multifrigo.pl\/sklep\/wp-json\/wp\/v2\/product_tag?post=19335"}],"curies":[{"name":"wp","href":"https:\/\/api.w.org\/{rel}","templated":true}]}}