{"id":24759,"date":"2024-07-09T13:35:15","date_gmt":"2024-07-09T13:35:15","guid":{"rendered":"https:\/\/multifrigo.pl\/sklep\/produkt\/piec-konwekcyjno-parowy-profesjonalny-5-gn-1-1-smeg-spo5l2sd\/"},"modified":"2025-09-29T09:56:38","modified_gmt":"2025-09-29T09:56:38","slug":"piec-konwekcyjno-parowy-profesjonalny-5-gn-1-1-smeg-spo5l2sd","status":"publish","type":"product","link":"https:\/\/www.multifrigo.pl\/sklep\/produkt\/piec-konwekcyjno-parowy-profesjonalny-5-gn-1-1-smeg-spo5l2sd\/","title":{"rendered":"Piec konwekcyjno-parowy, profesjonalny 5 GN 1\/1, wodne ch\u0142odzenie | Smeg SPO5L2SD"},"content":{"rendered":"<p><b>Profesjonalny piec konwekcyjno-parowy Galileo<\/b><br \/> Profesjonalny piec Galileo to urz\u0105dzenie dedykowane profesjonalistom, kt\u00f3rzy ka\u017cdego dnia d\u0105\u017c\u0105 do perfekcji. Zaprojektowany, aby do\u015bwiadczy\u0107 doskona\u0142o\u015bci w kuchni, wprowadzaj\u0105c innowacje do tradycji kulinarnej poprzez prostot\u0119 technologii.<\/p>\n<p><b>NOWA KOMORA<\/b><br \/>Starannie zaprojektowana nowa komora o zaokr\u0105glonym kszta\u0142cie w tylnej cz\u0119\u015bci oraz nowa geometria deflektora sprzyjaj\u0105 rozprowadzaniu powietrza i gwarantuj\u0105 jednorodne ciep\u0142o, zapewniaj\u0105c doskona\u0142e rezultaty gotowania i r\u00f3wnomierno\u015b\u0107. <\/p>\n<p><b>GOTOWANIE NA PARZE<\/b><br \/> Dwie r\u00f3\u017cne technologie wytwarzania pary: bezpo\u015bredni wtrysk i technologia SteamArt umo\u017cliwiaj\u0105 szefowi kuchni zarz\u0105dzanie ilo\u015bci\u0105, jako\u015bci\u0105 i stopniem wytwarzania pary w zale\u017cno\u015bci od potrzeb i rodzaj\u00f3w potraw. Dzi\u0119ki nowym, odwracalnym drabinkom wewn\u0119trznym mo\u017cliwe jest wstawianie zar\u00f3wno blach GN1\/1 jak i blach 600&#215;400 mm.  <\/p>\n<p><LI>Gotowanie konwekcyjno-parowe \u2013 \u0141\u0105czy moc i temperatur\u0119 trybu konwekcyjnego z bezpo\u015brednim wtryskiem pary. Minimalna utrata wagi podczas gotowania i doskona\u0142a regeneracja \u017cywno\u015bci. <LI>Zastosowanie pary nasyconej SteamArt skraca czas gotowania, gwarantuje r\u00f3wnomierne gotowanie i zachowuje sk\u0142adniki od\u017cywcze potraw, podkre\u015blaj\u0105c ich kolory i smaki. <LI>Grillowanie \u2013 Dzi\u0119ki regulacji komina, mo\u017cliwe jest dostosowanie wilgotno\u015bci w komorze pieczenia w celu uzyskania idealnych warunk\u00f3w do grillowania potraw. <LI>System \u0394T\u00b0 &#8211; Funkcja \u0394T\u00b0 w po\u0142\u0105czeniu z precyzyjn\u0105 kontrol\u0105 temperatury dzi\u0119ki wielopunktowej sondzie gwarantuje doskona\u0142o\u015b\u0107 i powtarzalno\u015b\u0107 wynik\u00f3w gotowania. <LI>Suche otoczenie &#8211; R\u00f3wnomierne gotowanie dzi\u0119ki systemowi obiegu powietrza, kt\u00f3ry umo\u017cliwia gotowanie potraw z takimi samymi rezultatami na ka\u017cdym poziomie, nawet przy pe\u0142nym obci\u0105\u017ceniu. <\/p>\n<p><b>TRZY SZYBY<\/b><br \/>Drzwi wyposa\u017cone s\u0105 w trzy szyby, kt\u00f3re poprawiaj\u0105 izolacyjno\u015b\u0107 termiczn\u0105 komory, pozwalaj\u0105c na utrzymanie jednorodnej temperatury wewn\u0105trz i zmniejszaj\u0105c zu\u017cycie energii. Potr\u00f3jne przeszklenie utrzymuje r\u00f3wnie\u017c nisk\u0105 temperatur\u0119 na zewn\u0105trz drzwi, zapobiegaj\u0105c przypadkowym poparzeniom. <\/p>\n<p><b>Cechy pieca:<\/b> 5 blach, elektroniczny, 8-etapowe pieczenie + nagrzewanie wst\u0119pne, regulacja pr\u0119dko\u015bci wentylatora (w procentach od 50 do 100%), termosonda, programy mycia, 100 wbudowanych przepis\u00f3w, op\u00f3\u017anienie startu, autodiagnostyka, regulacja komina, zawiasy po lewej stronie, wbudowany dozownik chemii<\/p>\n","protected":false},"excerpt":{"rendered":"<p>Profesjonalny piec konwekcyjno-parowy Galileo Profesjonalny piec Galileo to urz\u0105dzenie dedykowane profesjonalistom, kt\u00f3rzy ka\u017cdego dnia d\u0105\u017c\u0105 do perfekcji. Zaprojektowany, aby do\u015bwiadczy\u0107 doskona\u0142o\u015bci w kuchni, wprowadzaj\u0105c innowacje do tradycji kulinarnej poprzez prostot\u0119 technologii. NOWA KOMORAStarannie zaprojektowana nowa komora o zaokr\u0105glonym kszta\u0142cie w tylnej cz\u0119\u015bci oraz nowa geometria deflektora sprzyjaj\u0105 rozprowadzaniu powietrza i gwarantuj\u0105 jednorodne ciep\u0142o, zapewniaj\u0105c doskona\u0142e [&hellip;]<\/p>\n","protected":false},"featured_media":57274,"template":"","meta":{"_et_pb_use_builder":"","_et_pb_old_content":"","_et_gb_content_width":""},"pwb-brand":[680],"product_brand":[],"product_cat":[541],"product_tag":[],"class_list":{"0":"post-24759","1":"product","2":"type-product","3":"status-publish","4":"has-post-thumbnail","6":"pwb-brand-smeg","7":"product_cat-piece-konwekcyjno-parowe","9":"first","10":"instock","11":"taxable","12":"shipping-taxable","13":"purchasable","14":"product-type-simple"},"brands":[{"id":680,"name":"Smeg","slug":"smeg"}],"_links":{"self":[{"href":"https:\/\/www.multifrigo.pl\/sklep\/wp-json\/wp\/v2\/product\/24759","targetHints":{"allow":["GET"]}}],"collection":[{"href":"https:\/\/www.multifrigo.pl\/sklep\/wp-json\/wp\/v2\/product"}],"about":[{"href":"https:\/\/www.multifrigo.pl\/sklep\/wp-json\/wp\/v2\/types\/product"}],"wp:featuredmedia":[{"embeddable":true,"href":"https:\/\/www.multifrigo.pl\/sklep\/wp-json\/wp\/v2\/media\/57274"}],"wp:attachment":[{"href":"https:\/\/www.multifrigo.pl\/sklep\/wp-json\/wp\/v2\/media?parent=24759"}],"wp:term":[{"taxonomy":"pwb-brand","embeddable":true,"href":"https:\/\/www.multifrigo.pl\/sklep\/wp-json\/wp\/v2\/pwb-brand?post=24759"},{"taxonomy":"product_brand","embeddable":true,"href":"https:\/\/www.multifrigo.pl\/sklep\/wp-json\/wp\/v2\/product_brand?post=24759"},{"taxonomy":"product_cat","embeddable":true,"href":"https:\/\/www.multifrigo.pl\/sklep\/wp-json\/wp\/v2\/product_cat?post=24759"},{"taxonomy":"product_tag","embeddable":true,"href":"https:\/\/www.multifrigo.pl\/sklep\/wp-json\/wp\/v2\/product_tag?post=24759"}],"curies":[{"name":"wp","href":"https:\/\/api.w.org\/{rel}","templated":true}]}}