{"id":24762,"date":"2024-07-09T13:35:21","date_gmt":"2024-07-09T13:35:21","guid":{"rendered":"https:\/\/multifrigo.pl\/sklep\/produkt\/filtr-uzdatniajacy-wode-do-profesjonalnego-pieca-galileo-smeg-fb45lse1100\/"},"modified":"2024-09-12T14:00:24","modified_gmt":"2024-09-12T14:00:24","slug":"filtr-uzdatniajacy-wode-do-profesjonalnego-pieca-galileo-smeg-fb45lse1100","status":"publish","type":"product","link":"https:\/\/www.multifrigo.pl\/sklep\/produkt\/filtr-uzdatniajacy-wode-do-profesjonalnego-pieca-galileo-smeg-fb45lse1100\/","title":{"rendered":"Filtr uzdatniaj\u0105cy wod\u0119 do profesjonalnego pieca Galileo | Smeg FB45LSE1100"},"content":{"rendered":"<p>Filtr uzdatniaj\u0105cy wod\u0119 do profesjonalnego pieca Galileo<\/p>\n","protected":false},"excerpt":{"rendered":"<p>Filtr uzdatniaj\u0105cy wod\u0119 do profesjonalnego pieca Galileo<\/p>\n","protected":false},"featured_media":57328,"template":"","meta":{"_et_pb_use_builder":"","_et_pb_old_content":"","_et_gb_content_width":""},"pwb-brand":[680],"product_brand":[],"product_cat":[512],"product_tag":[],"class_list":{"0":"post-24762","1":"product","2":"type-product","3":"status-publish","4":"has-post-thumbnail","6":"pwb-brand-smeg","7":"product_cat-filtry-do-piecow","9":"first","10":"instock","11":"taxable","12":"shipping-taxable","13":"purchasable","14":"product-type-simple"},"brands":[{"id":680,"name":"Smeg","slug":"smeg"}],"_links":{"self":[{"href":"https:\/\/www.multifrigo.pl\/sklep\/wp-json\/wp\/v2\/product\/24762","targetHints":{"allow":["GET"]}}],"collection":[{"href":"https:\/\/www.multifrigo.pl\/sklep\/wp-json\/wp\/v2\/product"}],"about":[{"href":"https:\/\/www.multifrigo.pl\/sklep\/wp-json\/wp\/v2\/types\/product"}],"wp:featuredmedia":[{"embeddable":true,"href":"https:\/\/www.multifrigo.pl\/sklep\/wp-json\/wp\/v2\/media\/57328"}],"wp:attachment":[{"href":"https:\/\/www.multifrigo.pl\/sklep\/wp-json\/wp\/v2\/media?parent=24762"}],"wp:term":[{"taxonomy":"pwb-brand","embeddable":true,"href":"https:\/\/www.multifrigo.pl\/sklep\/wp-json\/wp\/v2\/pwb-brand?post=24762"},{"taxonomy":"product_brand","embeddable":true,"href":"https:\/\/www.multifrigo.pl\/sklep\/wp-json\/wp\/v2\/product_brand?post=24762"},{"taxonomy":"product_cat","embeddable":true,"href":"https:\/\/www.multifrigo.pl\/sklep\/wp-json\/wp\/v2\/product_cat?post=24762"},{"taxonomy":"product_tag","embeddable":true,"href":"https:\/\/www.multifrigo.pl\/sklep\/wp-json\/wp\/v2\/product_tag?post=24762"}],"curies":[{"name":"wp","href":"https:\/\/api.w.org\/{rel}","templated":true}]}}