{"id":24766,"date":"2024-07-09T13:35:25","date_gmt":"2024-07-09T13:35:25","guid":{"rendered":"https:\/\/multifrigo.pl\/sklep\/produkt\/komora-wyrostu-z-nawilzaniem-do-piecow-z-serii-alfa625-alfa425-alfa410-alfa144-smeg-lev420xv\/"},"modified":"2024-10-06T16:56:30","modified_gmt":"2024-10-06T16:56:30","slug":"komora-wyrostu-z-nawilzaniem-do-piecow-z-serii-alfa625-alfa425-alfa410-alfa144-smeg-lev420xv","status":"publish","type":"product","link":"https:\/\/www.multifrigo.pl\/sklep\/produkt\/komora-wyrostu-z-nawilzaniem-do-piecow-z-serii-alfa625-alfa425-alfa410-alfa144-smeg-lev420xv\/","title":{"rendered":"Komora wyrostu z nawil\u017caniem do piec\u00f3w z serii ALFA625, ALFA425, ALFA410, ALFA144 | Smeg LEV420XV"},"content":{"rendered":"<p>Komora wyrostu z nawil\u017caniem do piec\u00f3w z serii ALFA625, ALFA425, ALFA410, ALFA144. Maksymalna temperatura: 90\u00b0C, odleg\u0142o\u015b\u0107 mi\u0119dzy prowadnicami: 75 mm, 230V 1N 50\/60Hz &#8211; 2kW. Wymiary (SxGxW): 800x800x930 mm. Pojemno\u015b\u0107: 8 blach<\/p>\n","protected":false},"excerpt":{"rendered":"<p>Komora wyrostu z nawil\u017caniem do piec\u00f3w z serii ALFA625, ALFA425, ALFA410, ALFA144. Maksymalna temperatura: 90\u00b0C, odleg\u0142o\u015b\u0107 mi\u0119dzy prowadnicami: 75 mm, 230V 1N 50\/60Hz &#8211; 2kW. Wymiary (SxGxW): 800x800x930 mm. Pojemno\u015b\u0107: 8 blach<\/p>\n","protected":false},"featured_media":57343,"template":"","meta":{"_et_pb_use_builder":"on","_et_pb_old_content":"Komora wyrostu z nawil\u017caniem do piec\u00f3w z serii ALFA625, ALFA425, ALFA410, ALFA144. Maksymalna temperatura: 90\u00b0C, odleg\u0142o\u015b\u0107 mi\u0119dzy prowadnicami: 75 mm, 230V 1N 50\/60Hz - 2kW. Wymiary (SxGxW): 800x800x930 mm. Pojemno\u015b\u0107: 8 blach","_et_gb_content_width":""},"pwb-brand":[680],"product_brand":[],"product_cat":[551],"product_tag":[],"class_list":{"0":"post-24766","1":"product","2":"type-product","3":"status-publish","4":"has-post-thumbnail","6":"pwb-brand-smeg","7":"product_cat-komory-wzrostowe-garowniki","9":"first","10":"instock","11":"taxable","12":"shipping-taxable","13":"purchasable","14":"product-type-simple"},"brands":[{"id":680,"name":"Smeg","slug":"smeg"}],"_links":{"self":[{"href":"https:\/\/www.multifrigo.pl\/sklep\/wp-json\/wp\/v2\/product\/24766","targetHints":{"allow":["GET"]}}],"collection":[{"href":"https:\/\/www.multifrigo.pl\/sklep\/wp-json\/wp\/v2\/product"}],"about":[{"href":"https:\/\/www.multifrigo.pl\/sklep\/wp-json\/wp\/v2\/types\/product"}],"wp:featuredmedia":[{"embeddable":true,"href":"https:\/\/www.multifrigo.pl\/sklep\/wp-json\/wp\/v2\/media\/57343"}],"wp:attachment":[{"href":"https:\/\/www.multifrigo.pl\/sklep\/wp-json\/wp\/v2\/media?parent=24766"}],"wp:term":[{"taxonomy":"pwb-brand","embeddable":true,"href":"https:\/\/www.multifrigo.pl\/sklep\/wp-json\/wp\/v2\/pwb-brand?post=24766"},{"taxonomy":"product_brand","embeddable":true,"href":"https:\/\/www.multifrigo.pl\/sklep\/wp-json\/wp\/v2\/product_brand?post=24766"},{"taxonomy":"product_cat","embeddable":true,"href":"https:\/\/www.multifrigo.pl\/sklep\/wp-json\/wp\/v2\/product_cat?post=24766"},{"taxonomy":"product_tag","embeddable":true,"href":"https:\/\/www.multifrigo.pl\/sklep\/wp-json\/wp\/v2\/product_tag?post=24766"}],"curies":[{"name":"wp","href":"https:\/\/api.w.org\/{rel}","templated":true}]}}