{"id":25156,"date":"2024-07-18T14:00:19","date_gmt":"2024-07-18T14:00:19","guid":{"rendered":"https:\/\/multifrigo.pl\/sklep\/?post_type=product&#038;p=25156"},"modified":"2025-05-28T08:01:01","modified_gmt":"2025-05-28T08:01:01","slug":"digrass-koncentrat-odtluszczajacy-5-kg","status":"publish","type":"product","link":"https:\/\/www.multifrigo.pl\/sklep\/produkt\/digrass-koncentrat-odtluszczajacy-5-kg\/","title":{"rendered":"DIGRASS odt\u0142uszczacz o silnym dzia\u0142aniu, 5 kg"},"content":{"rendered":"<h3><a href=\"https:\/\/www.multifrigo.pl\/sklep\/kategoria-produktu\/chemia-i-higiena\/srodki-czystosci-multi-plus\/\">DIGRASS koncentrat odt\u0142uszczaj\u0105cy<\/a><\/h3>\n<ul>\n<li>\n<h4>W\u0142a\u015bciwo\u015bci:<\/h4>\n<p>Detergent o bardzo wysokim dzia\u0142aniu odt\u0142uszczaj\u0105cym kt\u022fry emulguje bardzo szybko z wszystkimi rodzajami t\u0142uszcz\u022fw na wszystkich powierzchniach zmywalnych i odporny na dzia\u0142anie produkt\u022fw alkalicznych.<\/li>\n<li>\n<h4>Spos\u00f3b u\u017cycia:<\/h4>\n<p>W zale\u017cnosci od stopnia zabrudzenia, zaleca sie rozpu\u015bci\u0107 produkt w wodzie w ilo\u015bci od 5% do 8%.<\/li>\n<\/ul>\n<h3>Dane techniczne:<\/h3>\n<ul>\n<li>wygl\u0105d: ciecz o kolorze \u017c\u00f3\u0142tym<\/li>\n<li>zapach: perfumowany<\/li>\n<li>PH (1%): 12,45<\/li>\n<li>g\u0119sto\u015b\u0107 (28\u00b0C): 1,030<\/li>\n<li>napi\u0119cie powierzchniowe: 26,2 mN\/m<\/li>\n<\/ul>\n","protected":false},"excerpt":{"rendered":"<h3 class=\"page-title\">DIGRASS koncentrat odt\u0142uszczaj\u0105cy 5 kg<\/h3>\n<h4>Linia professional<\/h4>\n","protected":false},"featured_media":25183,"template":"","meta":{"_et_pb_use_builder":"","_et_pb_old_content":"","_et_gb_content_width":""},"pwb-brand":[727],"product_brand":[],"product_cat":[703,684],"product_tag":[711,718,686,688,700],"class_list":{"0":"post-25156","1":"product","2":"type-product","3":"status-publish","4":"has-post-thumbnail","6":"pwb-brand-filer","7":"product_cat-do-odtluszczania","8":"product_cat-srodki-czystosci-multi-plus-professional","9":"product_tag-filer","10":"product_tag-digrass","11":"product_tag-multi-plus","12":"product_tag-profesjonalna-chemia-dla-gastronomii","13":"product_tag-odtluszczacz","15":"first","16":"instock","17":"taxable","18":"shipping-taxable","19":"purchasable","20":"product-type-simple"},"brands":[{"id":727,"name":"Filer","slug":"filer"}],"_links":{"self":[{"href":"https:\/\/www.multifrigo.pl\/sklep\/wp-json\/wp\/v2\/product\/25156","targetHints":{"allow":["GET"]}}],"collection":[{"href":"https:\/\/www.multifrigo.pl\/sklep\/wp-json\/wp\/v2\/product"}],"about":[{"href":"https:\/\/www.multifrigo.pl\/sklep\/wp-json\/wp\/v2\/types\/product"}],"wp:featuredmedia":[{"embeddable":true,"href":"https:\/\/www.multifrigo.pl\/sklep\/wp-json\/wp\/v2\/media\/25183"}],"wp:attachment":[{"href":"https:\/\/www.multifrigo.pl\/sklep\/wp-json\/wp\/v2\/media?parent=25156"}],"wp:term":[{"taxonomy":"pwb-brand","embeddable":true,"href":"https:\/\/www.multifrigo.pl\/sklep\/wp-json\/wp\/v2\/pwb-brand?post=25156"},{"taxonomy":"product_brand","embeddable":true,"href":"https:\/\/www.multifrigo.pl\/sklep\/wp-json\/wp\/v2\/product_brand?post=25156"},{"taxonomy":"product_cat","embeddable":true,"href":"https:\/\/www.multifrigo.pl\/sklep\/wp-json\/wp\/v2\/product_cat?post=25156"},{"taxonomy":"product_tag","embeddable":true,"href":"https:\/\/www.multifrigo.pl\/sklep\/wp-json\/wp\/v2\/product_tag?post=25156"}],"curies":[{"name":"wp","href":"https:\/\/api.w.org\/{rel}","templated":true}]}}