{"id":25370,"date":"2024-07-23T13:50:14","date_gmt":"2024-07-23T13:50:14","guid":{"rendered":"https:\/\/multifrigo.pl\/sklep\/produkt\/torba-termoizolacyjna-cambro-gobag-na-pizze-na-2-pudelka-czerwona-cambro-gbp220521\/"},"modified":"2024-07-24T08:58:01","modified_gmt":"2024-07-24T08:58:01","slug":"torba-termoizolacyjna-cambro-gobag-na-pizze-na-2-pudelka-czerwona-cambro-gbp220521","status":"publish","type":"product","link":"https:\/\/www.multifrigo.pl\/sklep\/produkt\/torba-termoizolacyjna-cambro-gobag-na-pizze-na-2-pudelka-czerwona-cambro-gbp220521\/","title":{"rendered":"Torba termoizolacyjna Cambro GoBag na pizz\u0119 na 2 pude\u0142ka, czerwona  | Cambro  GBP220521"},"content":{"rendered":"<p><b>Torba termoizolacyjna Cambro GoBag na pizz\u0119 na 2 pude\u0142ka, czerwona <\/b><\/p>\n<p>Jak najlepiej dostarczy\u0107 pizz\u0119 by nie straci\u0142a swoich walor\u00f3w? Chrupka, gor\u0105ca i pachn\u0105ca-na tak\u0105\u00a0 pizz\u0119 czekaj\u0105 klienci zamawiaj\u0105cy pizz\u0119 z dostaw\u0105. Oczekuj\u0105 jako\u015bci jakby byli w restauracji, \u00a0gdzie pizza serwowana jest niemal prosto z pieca na stolik klienta. Je\u015bli \u00a0zamawiaj\u0105c w\u0142oski placek do domu dostan\u0105 zimn\u0105 pizz\u0119, \u00a0kt\u00f3ra straci\u0142a chrupko\u015b\u0107, jest du\u017ca szansa, \u017ce nast\u0119pnym razem zam\u00f3wi\u0105 pizz\u0119 w innej pizzerii.<\/p>\n<p>Kluczem do sukcesu w tej kwestii jest odpowiednia torba do transportu pizzy &#8211; Cambro GoBag\u00ae, kt\u00f3ra pomaga zachowa\u0107 najwy\u017csz\u0105 jako\u015b\u0107 podczas dowozu pizzy do klienta. D\u0142ugi zaczep i zapi\u0119cie na rzep zabezpieczaj\u0105 torb\u0119 przed przypadkowym otwarciem-nie trzeba si\u0119 martwi\u0107, \u017ce pude\u0142ko si\u0119 z niej wysunie. Zapewnia to te\u017c utrzymanie pude\u0142ka z pizz\u0105 w stabilnej pozycji tak by \u017cadne sk\u0142adniki si\u0119 nie przesun\u0119\u0142y. Dwa nylonowe pasy z uchwytem gwarantuj\u0105 niezwyk\u0142\u0105 wytrzyma\u0142o\u015b\u0107 a du\u017ca klapa u\u0142atwia szczelne zamkni\u0119cie torby. Dla wygody dostawcy torba wyposa\u017cona jest w du\u017c\u0105 kiesze\u0144 na rachunki aby mie\u0107 je zawsze pod r\u0119k\u0105. Kiesze\u0144 ma przezroczyst\u0105 warstw\u0119 dzi\u0119ki czemu mo\u017cna \u0142atwo przeczyta\u0107 adres dostawy. Materia\u0142 przepuszczaj\u0105cy powietrze chroni jako\u015b\u0107 \u017cywno\u015bci a wysoka g\u0119sto\u015b\u0107 warstwy izolacyjnej utrzymuje wysok\u0105 temperatur\u0119 pizzy. Co to dla Ciebie oznacza? Pizza nie straci swojej temperatury ale te\u017c nie nabierze wilgoci. Klient dostanie pizz\u0119 w perfekcyjnym stanie.<\/p>\n<p>Torba termoizolacyjna GoBag GBP220 mie\u015bci dwa pude\u0142ka na pizz\u0119 o wymiarach 51 cm lub trzy o wymiarach 45,7 cm.<\/p>\n","protected":false},"excerpt":{"rendered":"<p>Torba termoizolacyjna Cambro GoBag na pizz\u0119 na 2 pude\u0142ka, czerwona Jak najlepiej dostarczy\u0107 pizz\u0119 by nie straci\u0142a swoich walor\u00f3w? Chrupka, gor\u0105ca i pachn\u0105ca-na tak\u0105\u00a0 pizz\u0119 czekaj\u0105 klienci zamawiaj\u0105cy pizz\u0119 z dostaw\u0105. Oczekuj\u0105 jako\u015bci jakby byli w restauracji, \u00a0gdzie pizza serwowana jest niemal prosto z pieca na stolik klienta. Je\u015bli \u00a0zamawiaj\u0105c w\u0142oski placek do domu dostan\u0105 [&hellip;]<\/p>\n","protected":false},"featured_media":25599,"template":"","meta":{"_et_pb_use_builder":"","_et_pb_old_content":"","_et_gb_content_width":""},"pwb-brand":[733],"product_brand":[],"product_cat":[367],"product_tag":[],"class_list":{"0":"post-25370","1":"product","2":"type-product","3":"status-publish","4":"has-post-thumbnail","6":"pwb-brand-cambro","7":"product_cat-torby-do-pizzy","9":"first","10":"instock","11":"taxable","12":"shipping-taxable","13":"purchasable","14":"product-type-simple"},"brands":[{"id":733,"name":"Cambro","slug":"cambro"}],"_links":{"self":[{"href":"https:\/\/www.multifrigo.pl\/sklep\/wp-json\/wp\/v2\/product\/25370","targetHints":{"allow":["GET"]}}],"collection":[{"href":"https:\/\/www.multifrigo.pl\/sklep\/wp-json\/wp\/v2\/product"}],"about":[{"href":"https:\/\/www.multifrigo.pl\/sklep\/wp-json\/wp\/v2\/types\/product"}],"wp:featuredmedia":[{"embeddable":true,"href":"https:\/\/www.multifrigo.pl\/sklep\/wp-json\/wp\/v2\/media\/25599"}],"wp:attachment":[{"href":"https:\/\/www.multifrigo.pl\/sklep\/wp-json\/wp\/v2\/media?parent=25370"}],"wp:term":[{"taxonomy":"pwb-brand","embeddable":true,"href":"https:\/\/www.multifrigo.pl\/sklep\/wp-json\/wp\/v2\/pwb-brand?post=25370"},{"taxonomy":"product_brand","embeddable":true,"href":"https:\/\/www.multifrigo.pl\/sklep\/wp-json\/wp\/v2\/product_brand?post=25370"},{"taxonomy":"product_cat","embeddable":true,"href":"https:\/\/www.multifrigo.pl\/sklep\/wp-json\/wp\/v2\/product_cat?post=25370"},{"taxonomy":"product_tag","embeddable":true,"href":"https:\/\/www.multifrigo.pl\/sklep\/wp-json\/wp\/v2\/product_tag?post=25370"}],"curies":[{"name":"wp","href":"https:\/\/api.w.org\/{rel}","templated":true}]}}