{"id":25371,"date":"2024-07-23T13:50:14","date_gmt":"2024-07-23T13:50:14","guid":{"rendered":"https:\/\/multifrigo.pl\/sklep\/produkt\/wozek-camdolly-do-pojemnikow-termoizolacyjnych-cambro-gobox-epp-600x400-cambro-cd4060epp158\/"},"modified":"2024-07-24T08:58:10","modified_gmt":"2024-07-24T08:58:10","slug":"wozek-camdolly-do-pojemnikow-termoizolacyjnych-cambro-gobox-epp-600x400-cambro-cd4060epp158","status":"publish","type":"product","link":"https:\/\/www.multifrigo.pl\/sklep\/produkt\/wozek-camdolly-do-pojemnikow-termoizolacyjnych-cambro-gobox-epp-600x400-cambro-cd4060epp158\/","title":{"rendered":"W\u00f3zek CAMDOLLY do pojemnik\u00f3w termoizolacyjnych Cambro GoBox EPP 600&#215;400 | Cambro  CD4060EPP158"},"content":{"rendered":"<p><b>W\u00f3zek CAMDOLLY do pojemnik\u00f3w termoizolacyjnych Cambro GoBox EPP 600&#215;400<\/b><\/p>\n<p>CAMDOLLY w\u00f3zek do pojemnik\u00f3w termoizolacyjnych Cambro GoBox 4060<\/p>\n<p>W\u00f3zek\u00a0CD4060EPP\/158 s\u0142u\u017cy do wygodnego i bezpiecznego przewo\u017cenia wielu pojemnik\u00f3w GoBox z lokalu do samochodu lub odwrotnie. Camdolly to niezawodne u\u0142atwienie pracy w bran\u017cy cateringowej i gastronomicznej. W\u00f3zek przeznaczony jest do pojemnik\u00f3w GoBox\u00a04060. W\u00f3zek posiada 4 obrotowe k\u00f3\u0142ka, dwa z nich wyposa\u017cone s\u0105 w hamulec aby zabezpieczy\u0107 w\u00f3zek.<\/p>\n","protected":false},"excerpt":{"rendered":"<p>W\u00f3zek CAMDOLLY do pojemnik\u00f3w termoizolacyjnych Cambro GoBox EPP 600&#215;400 CAMDOLLY w\u00f3zek do pojemnik\u00f3w termoizolacyjnych Cambro GoBox 4060 W\u00f3zek\u00a0CD4060EPP\/158 s\u0142u\u017cy do wygodnego i bezpiecznego przewo\u017cenia wielu pojemnik\u00f3w GoBox z lokalu do samochodu lub odwrotnie. Camdolly to niezawodne u\u0142atwienie pracy w bran\u017cy cateringowej i gastronomicznej. W\u00f3zek przeznaczony jest do pojemnik\u00f3w GoBox\u00a04060. W\u00f3zek posiada 4 obrotowe k\u00f3\u0142ka, dwa [&hellip;]<\/p>\n","protected":false},"featured_media":25600,"template":"","meta":{"_et_pb_use_builder":"","_et_pb_old_content":"","_et_gb_content_width":""},"pwb-brand":[733],"product_brand":[],"product_cat":[630],"product_tag":[],"class_list":{"0":"post-25371","1":"product","2":"type-product","3":"status-publish","4":"has-post-thumbnail","6":"pwb-brand-cambro","7":"product_cat-pozostale-wozki","9":"first","10":"instock","11":"taxable","12":"shipping-taxable","13":"purchasable","14":"product-type-simple"},"brands":[{"id":733,"name":"Cambro","slug":"cambro"}],"_links":{"self":[{"href":"https:\/\/www.multifrigo.pl\/sklep\/wp-json\/wp\/v2\/product\/25371","targetHints":{"allow":["GET"]}}],"collection":[{"href":"https:\/\/www.multifrigo.pl\/sklep\/wp-json\/wp\/v2\/product"}],"about":[{"href":"https:\/\/www.multifrigo.pl\/sklep\/wp-json\/wp\/v2\/types\/product"}],"wp:featuredmedia":[{"embeddable":true,"href":"https:\/\/www.multifrigo.pl\/sklep\/wp-json\/wp\/v2\/media\/25600"}],"wp:attachment":[{"href":"https:\/\/www.multifrigo.pl\/sklep\/wp-json\/wp\/v2\/media?parent=25371"}],"wp:term":[{"taxonomy":"pwb-brand","embeddable":true,"href":"https:\/\/www.multifrigo.pl\/sklep\/wp-json\/wp\/v2\/pwb-brand?post=25371"},{"taxonomy":"product_brand","embeddable":true,"href":"https:\/\/www.multifrigo.pl\/sklep\/wp-json\/wp\/v2\/product_brand?post=25371"},{"taxonomy":"product_cat","embeddable":true,"href":"https:\/\/www.multifrigo.pl\/sklep\/wp-json\/wp\/v2\/product_cat?post=25371"},{"taxonomy":"product_tag","embeddable":true,"href":"https:\/\/www.multifrigo.pl\/sklep\/wp-json\/wp\/v2\/product_tag?post=25371"}],"curies":[{"name":"wp","href":"https:\/\/api.w.org\/{rel}","templated":true}]}}