{"id":25384,"date":"2024-07-23T13:50:18","date_gmt":"2024-07-23T13:50:18","guid":{"rendered":"https:\/\/multifrigo.pl\/sklep\/produkt\/pojemnik-magazynowy-z-poliweglanu-256x31x32-cm-172-l-przezroczysty-cambro-18sfscw135\/"},"modified":"2025-05-22T21:28:35","modified_gmt":"2025-05-22T21:28:35","slug":"pojemnik-magazynowy-z-poliweglanu-256x31x32-cm-172-l-przezroczysty-cambro-18sfscw135","status":"publish","type":"product","link":"https:\/\/www.multifrigo.pl\/sklep\/produkt\/pojemnik-magazynowy-z-poliweglanu-256x31x32-cm-172-l-przezroczysty-cambro-18sfscw135\/","title":{"rendered":"Pojemnik magazynowy z poliw\u0119glanu 25,6x31x32 cm, 17,2 l, przezroczysty  | Cambro  18SFSCW135"},"content":{"rendered":"<p><b>Pojemnik magazynowy z poliw\u0119glanu 25,6x31x32 cm, 17,2 l, przezroczysty <\/b><\/p>\n<p>Pojemnik magazynowy z poliw\u0119glanu ameryka\u0144skiej marki Cambro<\/p>\n<p>Pojemnik jest przeznaczony do przechowywania \u017cywno\u015bci. Kwadratowy kszta\u0142t zwi\u0119ksza pojemno\u015b\u0107 magazynu poniewa\u017c pozwala wykorzysta\u0107 przestrze\u0144 o 33% lepiej ni\u017c pojemniki okr\u0105g\u0142e. Przezroczysty poliw\u0119glan pozwala zajrze\u0107 do \u015brodka i szybko zidentyfikowa\u0107 zawarto\u015b\u0107 pojemnika.\u00a0Pojemnik wykonany jest z poliw\u0119glanu, tworzywa bardzo odpornego na uszkodzenia mechaniczne i wytrzymuj\u0105cego temperatury od -40\u02daC do 99\u02daC.<\/p>\n<p>G\u0142adka, zapobiegaj\u0105ca przywieraniu powierzchnia wewn\u0119trzna sprzyja \u0142atwemu zmywaniu. Nie reaguj\u0105 z \u017cywno\u015bci\u0105, minimalizuj\u0105c potencjalnie niebezpieczne reakcje chemiczne lub kwasowe. Szorstkie dno zmniejsza ryzyko ewentualnego uszkodzenia pojemnika przez zadrapanie przyrz\u0105dami kuchennymi. Mo\u017cliwo\u015b\u0107 sztaplowania-uk\u0142adanie w stosy oszcz\u0119dza miejsce. \u0141atwe do odczytania, nadrukowane na zewn\u0105trz podzia\u0142ki u\u0142atwiaj\u0105 szybki remanent.\u00a0Gdy nie s\u0105 w u\u017cyciu, ustawia si\u0119 je pionowo tak aby zajmowa\u0142y ma\u0142o miejsca.<\/p>\n","protected":false},"excerpt":{"rendered":"<p>Pojemnik magazynowy z poliw\u0119glanu 25,6x31x32 cm, 17,2 l, przezroczysty Pojemnik magazynowy z poliw\u0119glanu ameryka\u0144skiej marki Cambro Pojemnik jest przeznaczony do przechowywania \u017cywno\u015bci. Kwadratowy kszta\u0142t zwi\u0119ksza pojemno\u015b\u0107 magazynu poniewa\u017c pozwala wykorzysta\u0107 przestrze\u0144 o 33% lepiej ni\u017c pojemniki okr\u0105g\u0142e. Przezroczysty poliw\u0119glan pozwala zajrze\u0107 do \u015brodka i szybko zidentyfikowa\u0107 zawarto\u015b\u0107 pojemnika.\u00a0Pojemnik wykonany jest z poliw\u0119glanu, tworzywa bardzo odpornego [&hellip;]<\/p>\n","protected":false},"featured_media":25677,"template":"","meta":{"_et_pb_use_builder":"","_et_pb_old_content":"","_et_gb_content_width":""},"pwb-brand":[733],"product_brand":[],"product_cat":[91],"product_tag":[],"class_list":{"0":"post-25384","1":"product","2":"type-product","3":"status-publish","4":"has-post-thumbnail","6":"pwb-brand-cambro","7":"product_cat-pojemniki-do-zywnosci","9":"first","10":"instock","11":"taxable","12":"shipping-taxable","13":"purchasable","14":"product-type-simple"},"brands":[{"id":733,"name":"Cambro","slug":"cambro"}],"_links":{"self":[{"href":"https:\/\/www.multifrigo.pl\/sklep\/wp-json\/wp\/v2\/product\/25384","targetHints":{"allow":["GET"]}}],"collection":[{"href":"https:\/\/www.multifrigo.pl\/sklep\/wp-json\/wp\/v2\/product"}],"about":[{"href":"https:\/\/www.multifrigo.pl\/sklep\/wp-json\/wp\/v2\/types\/product"}],"wp:featuredmedia":[{"embeddable":true,"href":"https:\/\/www.multifrigo.pl\/sklep\/wp-json\/wp\/v2\/media\/25677"}],"wp:attachment":[{"href":"https:\/\/www.multifrigo.pl\/sklep\/wp-json\/wp\/v2\/media?parent=25384"}],"wp:term":[{"taxonomy":"pwb-brand","embeddable":true,"href":"https:\/\/www.multifrigo.pl\/sklep\/wp-json\/wp\/v2\/pwb-brand?post=25384"},{"taxonomy":"product_brand","embeddable":true,"href":"https:\/\/www.multifrigo.pl\/sklep\/wp-json\/wp\/v2\/product_brand?post=25384"},{"taxonomy":"product_cat","embeddable":true,"href":"https:\/\/www.multifrigo.pl\/sklep\/wp-json\/wp\/v2\/product_cat?post=25384"},{"taxonomy":"product_tag","embeddable":true,"href":"https:\/\/www.multifrigo.pl\/sklep\/wp-json\/wp\/v2\/product_tag?post=25384"}],"curies":[{"name":"wp","href":"https:\/\/api.w.org\/{rel}","templated":true}]}}