{"id":25423,"date":"2024-07-23T13:50:28","date_gmt":"2024-07-23T13:50:28","guid":{"rendered":"https:\/\/multifrigo.pl\/sklep\/produkt\/pokrywa-z-wytloczonym-uchwytem-i-otworem-na-lyzke-gn-1-2-przezroczysta-cambro-20cwchn135\/"},"modified":"2024-07-24T09:31:54","modified_gmt":"2024-07-24T09:31:54","slug":"pokrywa-z-wytloczonym-uchwytem-i-otworem-na-lyzke-gn-1-2-przezroczysta-cambro-20cwchn135","status":"publish","type":"product","link":"https:\/\/www.multifrigo.pl\/sklep\/produkt\/pokrywa-z-wytloczonym-uchwytem-i-otworem-na-lyzke-gn-1-2-przezroczysta-cambro-20cwchn135\/","title":{"rendered":"Pokrywa z wyt\u0142oczonym uchwytem i otworem na \u0142y\u017ck\u0119 GN 1\/2, przezroczysta | Cambro  20CWCHN135"},"content":{"rendered":"<p><b>Pokrywa z wyt\u0142oczonym uchwytem i otworem na \u0142y\u017ck\u0119 GN 1\/2, przezroczysta<\/b><\/p>\n<p>Pokrywka GN 1\/2 z serii Camwear ameryka\u0144skiej marki Cambro<\/p>\n<p>Pokrywka jest przeznaczona do zamykania pojemnika o rozmiarze GN 1\/2 s\u0142u\u017c\u0105cego do przechowywania, transportowania i podawania \u017cywno\u015bci. Pokrywy zmniejszaj\u0105 tez ryzyko zanieczyszcze\u0144 krzy\u017cowych. Pokrywka wykonana zosta\u0142a z poliw\u0119glanu, tworzywa bardzo odpornego na uszkodzenia mechaniczne i wytrzymuj\u0105cego temperatury od -40\u02daC do 99\u02daC. G\u0142adka, zapobiegaj\u0105ca przywieraniu powierzchnia wewn\u0119trzna sprzyja \u0142atwemu zmywaniu. Nie reaguj\u0105 z \u017cywno\u015bci\u0105, minimalizuj\u0105c potencjalnie niebezpieczne reakcje chemiczne lub kwasowe.\u00a0\u00a0<\/p>\n<p>Pokrywka jest przezroczysta co u\u0142atwia szybka identyfikacj\u0119 zawarto\u015bci, posiada wygodne, wt\u0142oczone uchwyty, dzi\u0119ki kt\u00f3rym podnoszenie pokrywki jest bardzo \u0142atwe. Z boku posiada otw\u00f3r na \u0142y\u017ck\u0119, kt\u00f3ry umo\u017cliwia trzymanie \u0142y\u017cki w \u015brodku i jednocze\u015bnie zamkni\u0119cie pojemnika pokrywki.<\/p>\n","protected":false},"excerpt":{"rendered":"<p>Pokrywa z wyt\u0142oczonym uchwytem i otworem na \u0142y\u017ck\u0119 GN 1\/2, przezroczysta Pokrywka GN 1\/2 z serii Camwear ameryka\u0144skiej marki Cambro Pokrywka jest przeznaczona do zamykania pojemnika o rozmiarze GN 1\/2 s\u0142u\u017c\u0105cego do przechowywania, transportowania i podawania \u017cywno\u015bci. Pokrywy zmniejszaj\u0105 tez ryzyko zanieczyszcze\u0144 krzy\u017cowych. Pokrywka wykonana zosta\u0142a z poliw\u0119glanu, tworzywa bardzo odpornego na uszkodzenia mechaniczne i [&hellip;]<\/p>\n","protected":false},"featured_media":25794,"template":"","meta":{"_et_pb_use_builder":"","_et_pb_old_content":"","_et_gb_content_width":""},"pwb-brand":[733],"product_brand":[],"product_cat":[145],"product_tag":[],"class_list":{"0":"post-25423","1":"product","2":"type-product","3":"status-publish","4":"has-post-thumbnail","6":"pwb-brand-cambro","7":"product_cat-pokrywy-gn-z-poliweglanu","9":"first","10":"instock","11":"taxable","12":"shipping-taxable","13":"purchasable","14":"product-type-simple"},"brands":[{"id":733,"name":"Cambro","slug":"cambro"}],"_links":{"self":[{"href":"https:\/\/www.multifrigo.pl\/sklep\/wp-json\/wp\/v2\/product\/25423","targetHints":{"allow":["GET"]}}],"collection":[{"href":"https:\/\/www.multifrigo.pl\/sklep\/wp-json\/wp\/v2\/product"}],"about":[{"href":"https:\/\/www.multifrigo.pl\/sklep\/wp-json\/wp\/v2\/types\/product"}],"wp:featuredmedia":[{"embeddable":true,"href":"https:\/\/www.multifrigo.pl\/sklep\/wp-json\/wp\/v2\/media\/25794"}],"wp:attachment":[{"href":"https:\/\/www.multifrigo.pl\/sklep\/wp-json\/wp\/v2\/media?parent=25423"}],"wp:term":[{"taxonomy":"pwb-brand","embeddable":true,"href":"https:\/\/www.multifrigo.pl\/sklep\/wp-json\/wp\/v2\/pwb-brand?post=25423"},{"taxonomy":"product_brand","embeddable":true,"href":"https:\/\/www.multifrigo.pl\/sklep\/wp-json\/wp\/v2\/product_brand?post=25423"},{"taxonomy":"product_cat","embeddable":true,"href":"https:\/\/www.multifrigo.pl\/sklep\/wp-json\/wp\/v2\/product_cat?post=25423"},{"taxonomy":"product_tag","embeddable":true,"href":"https:\/\/www.multifrigo.pl\/sklep\/wp-json\/wp\/v2\/product_tag?post=25423"}],"curies":[{"name":"wp","href":"https:\/\/api.w.org\/{rel}","templated":true}]}}