{"id":25430,"date":"2024-07-23T13:50:32","date_gmt":"2024-07-23T13:50:32","guid":{"rendered":"https:\/\/multifrigo.pl\/sklep\/produkt\/termos-na-plyny-camtainer-179-l-bezowy-cambro-500lcd157\/"},"modified":"2024-07-24T09:34:07","modified_gmt":"2024-07-24T09:34:07","slug":"termos-na-plyny-camtainer-179-l-bezowy-cambro-500lcd157","status":"publish","type":"product","link":"https:\/\/www.multifrigo.pl\/sklep\/produkt\/termos-na-plyny-camtainer-179-l-bezowy-cambro-500lcd157\/","title":{"rendered":"Termos na p\u0142yny Camtainer 17,9 l, be\u017cowy | Cambro  500LCD157"},"content":{"rendered":"<p><b>Termos na p\u0142yny Camtainer 17,9 l, be\u017cowy<\/b><\/p>\n<p>Termosy cateringowe Ultra Camtainers\u00a0na p\u0142yny przeznaczone s\u0105 do transportu, przechowywania i podawania bardzo gor\u0105cych, jak i zimnych napoj\u00f3w takich jak: kawa, herbata, soki, woda. Mo\u017cna z nich r\u00f3wnie\u017c serwowa\u0107 zupy. Idealnie sprawdz\u0105 si\u0119 w firmach cateringowych podczas wszelkich plenerowych event\u00f3w na \u015bwie\u017cym powietrzu. Termosy Cambro s\u0105 niezwykle ekonomicznym rozwi\u0105zaniem-utrzymuj\u0105 temperatur\u0119 p\u0142ynu powy\u017cej 4 godzin. Dodatkow\u0105 zalet\u0105 jest to, \u017ce termosy dzia\u0142aj\u0105 be\u017c u\u017cycia pr\u0105du-dzi\u0119ki nim oszcz\u0119dzisz na rachunkach za energi\u0119.<\/p>\n<p>Zbudowany jest z jednolitego, bezszwowego polietylenu z grub\u0105 izolacj\u0105 z pianki poliuretanowej. Obudowy termos\u00f3w s\u0105 bardzo wytrzyma\u0142e- wykonane s\u0105 z tworzywa odpornego na temperatur\u0119 od -30 do + 100\u00b0C, na rdz\u0119 oraz uderzenia. Cztery solidne klamry szczelnie przytrzymuj\u0105 pokryw\u0119. Klamry s\u0105 wykonane z trwa\u0142ego plastiku, kt\u00f3ry jest odporny na rdz\u0119. Pokrywy i komory termos\u00f3w s\u0105 szczelne, po myciu i p\u0142ukaniu nie wch\u0142aniaj\u0105 wilgoci i s\u0105 wyposa\u017cone w uszczelk\u0119 silikonow\u0105 oraz odpowietrznik wyr\u00f3wnuj\u0105cy ci\u015bnienie wewn\u0105trz termosu. Wp\u0142ywa to na bezpiecze\u0144stwo u\u017cytkowania osoby uzupe\u0142niaj\u0105cej pojemnik Camtainer poniewa\u017c podczas otwierania termosu ci\u015bnienie wewn\u0105trz jest wyregulowane i nic gor\u0105cego nie pry\u015bnie z jego wn\u0119trza.<\/p>\n<p>Konstrukcja termos\u00f3w umo\u017cliwia ustawianie ich jeden na drugim, dzi\u0119ki czemu mo\u017cna zaoszcz\u0119dzi\u0107 sporo miejsca podczas przechowywania lub transportu. Na spodzie termosu znajduj\u0105 si\u0119 n\u00f3\u017cki zabezpieczaj\u0105ce termos podczas przesuwania, mo\u017cesz wi\u0119c mie\u0107 pewno\u015b\u0107, \u017ce b\u0119d\u0105 sta\u0142y stabilne i nic si\u0119 nie przewr\u00f3ci. Temperatura p\u0142yn\u00f3w wlewanych do termos\u00f3w nie powinna przekracza\u0107 +85\u00b0C. Dwa wbudowane uchwyty E-Z Grip pozwalaj\u0105 na wygodny i bezpieczny transport.<\/p>\n","protected":false},"excerpt":{"rendered":"<p>Termos na p\u0142yny Camtainer 17,9 l, be\u017cowy Termosy cateringowe Ultra Camtainers\u00a0na p\u0142yny przeznaczone s\u0105 do transportu, przechowywania i podawania bardzo gor\u0105cych, jak i zimnych napoj\u00f3w takich jak: kawa, herbata, soki, woda. Mo\u017cna z nich r\u00f3wnie\u017c serwowa\u0107 zupy. Idealnie sprawdz\u0105 si\u0119 w firmach cateringowych podczas wszelkich plenerowych event\u00f3w na \u015bwie\u017cym powietrzu. Termosy Cambro s\u0105 niezwykle ekonomicznym [&hellip;]<\/p>\n","protected":false},"featured_media":25807,"template":"","meta":{"_et_pb_use_builder":"","_et_pb_old_content":"","_et_gb_content_width":""},"pwb-brand":[733],"product_brand":[],"product_cat":[82],"product_tag":[],"class_list":{"0":"post-25430","1":"product","2":"type-product","3":"status-publish","4":"has-post-thumbnail","6":"pwb-brand-cambro","7":"product_cat-termosy-transportowe","9":"first","10":"instock","11":"taxable","12":"shipping-taxable","13":"purchasable","14":"product-type-simple"},"brands":[{"id":733,"name":"Cambro","slug":"cambro"}],"_links":{"self":[{"href":"https:\/\/www.multifrigo.pl\/sklep\/wp-json\/wp\/v2\/product\/25430","targetHints":{"allow":["GET"]}}],"collection":[{"href":"https:\/\/www.multifrigo.pl\/sklep\/wp-json\/wp\/v2\/product"}],"about":[{"href":"https:\/\/www.multifrigo.pl\/sklep\/wp-json\/wp\/v2\/types\/product"}],"wp:featuredmedia":[{"embeddable":true,"href":"https:\/\/www.multifrigo.pl\/sklep\/wp-json\/wp\/v2\/media\/25807"}],"wp:attachment":[{"href":"https:\/\/www.multifrigo.pl\/sklep\/wp-json\/wp\/v2\/media?parent=25430"}],"wp:term":[{"taxonomy":"pwb-brand","embeddable":true,"href":"https:\/\/www.multifrigo.pl\/sklep\/wp-json\/wp\/v2\/pwb-brand?post=25430"},{"taxonomy":"product_brand","embeddable":true,"href":"https:\/\/www.multifrigo.pl\/sklep\/wp-json\/wp\/v2\/product_brand?post=25430"},{"taxonomy":"product_cat","embeddable":true,"href":"https:\/\/www.multifrigo.pl\/sklep\/wp-json\/wp\/v2\/product_cat?post=25430"},{"taxonomy":"product_tag","embeddable":true,"href":"https:\/\/www.multifrigo.pl\/sklep\/wp-json\/wp\/v2\/product_tag?post=25430"}],"curies":[{"name":"wp","href":"https:\/\/api.w.org\/{rel}","templated":true}]}}