{"id":25440,"date":"2024-07-23T13:50:36","date_gmt":"2024-07-23T13:50:36","guid":{"rendered":"https:\/\/multifrigo.pl\/sklep\/produkt\/pojemnik-termoizolacyjny-ultra-camcarrier-ladowany-od-przodu-elektryczny-220v-4-x-gn-1-1-cambro-upch4002401\/"},"modified":"2024-07-24T09:43:42","modified_gmt":"2024-07-24T09:43:42","slug":"pojemnik-termoizolacyjny-ultra-camcarrier-ladowany-od-przodu-elektryczny-220v-4-x-gn-1-1-cambro-upch4002401","status":"publish","type":"product","link":"https:\/\/www.multifrigo.pl\/sklep\/produkt\/pojemnik-termoizolacyjny-ultra-camcarrier-ladowany-od-przodu-elektryczny-220v-4-x-gn-1-1-cambro-upch4002401\/","title":{"rendered":"Pojemnik termoizolacyjny Ultra Camcarrier \u0142adowany od przodu, elektryczny (220V), 4 x GN 1\/1 | Cambro  UPCH4002401"},"content":{"rendered":"<p><b>Pojemnik termoizolacyjny Ultra Camcarrier \u0142adowany od przodu, elektryczny (220V), 4 x GN 1\/1<\/b><\/p>\n<p>Termos Ultra Pan Carrier to rewolucyjne rozwi\u0105zanie dla wszystkich firm cateringowych. Pozwala utrzyma\u0107 odpowiedni\u0105 temperatur\u0119 posi\u0142k\u00f3w zachowuj\u0105c ich jako\u015b\u0107 przez d\u0142ugi czas co jest szczeg\u00f3lnie przydatne podczas bankiet\u00f3w z ograniczon\u0105 ilo\u015bci\u0105 gniazdek elektrycznych lub podczas imprez plenerowych.<\/p>\n<p>Termos spe\u0142nia wymogi HACCP w zakresie utrzymywania bezpiecze\u0144stwa i temperatury gor\u0105cych posi\u0142k\u00f3w w temperaturze 65-74\u00b0C &#8211; nie ugotuje posi\u0142ku i go nie wysuszy, lecz zapewni jego \u015bwie\u017co\u015b\u0107. Czas nagrzewania si\u0119 to 45\u00a0minut od temperatury pokojowej, 3 minuty trwa odzyskiwanie temperatury po otwarciu i ponownym zamkni\u0119ciu termosu. Zu\u017cycie energii jest znacznie mniejsze ni\u017c w podobnych termosach metalowych. Modele UPCH4002 mo\u017cna sk\u0142adowa\u0107 jeden na drugim w celach magazynowych lub transportowa\u0107 na w\u00f3zku CD400\/401 zabezpieczaj\u0105c je pasem 400STP. Drzwi mo\u017cna dokupi\u0107 osobno.\u00a0Wewn\u0105trz termosu, na bocznych \u015bcianach komory znajduje si\u0119 12 par szyn na pojemniki GN. Do termosu mo\u017cna zamontowa\u0107 komplet k\u00f3\u0142 UPCS400CK: dwa ko\u0142a sta\u0142e, dwa skr\u0119tne, jedno z hamulcem; \u015brednica k\u00f3\u0142 wynosi 12,7 cm. Taki zestaw umo\u017cliwia \u0142atwy transport termosu na p\u0142askich powierzchniach.\u00a0<\/p>\n<p>Termos Ultra Pan Carrier posiada niezwykle odporn\u0105 powierzchnie zewn\u0119trzn\u0105. Termosy UPCH wykonane s\u0105 z\u00a0twardego polietylenu i\u00a0izolowana piank\u0105 poliuretanow\u0105, kt\u00f3ra utrzymuje wysok\u0105 temperatur\u0119 wewn\u0105trz, gdy powierzchnia pozostaje ch\u0142odna w dotyku. Nie ulega p\u0119kaniu, wgniataniu, odpryskiwaniu, rdzewieniu lub st\u0142uczeniu. Izolacja z pianki poliuretanowej, wolna od chlorofluorow\u0119glowodor\u00f3w (CFC), utrzymuje temperatur\u0119 powy\u017cej 65\u02daC przez ponad 4\u00a0godziny bez zasilania.<\/p>\n<p>Wska\u017aniki zasilania i podgrzewania pokazuj\u0105 czy zasilanie i podgrzewanie w termosie jest w\u0142\u0105czone. Zawsze wiadomo, kiedy wewn\u0105trz osi\u0105gni\u0119ta zosta\u0142a \u017c\u0105dana temperatura. R\u00f3wnomiern\u0105 temperatur\u0119 we wn\u0119trzu utrzymuj\u0105 otwory wentylacyjne, przez kt\u00f3re powietrze kr\u0105\u017cy z przedniej do tylnej cz\u0119\u015bci.<\/p>\n","protected":false},"excerpt":{"rendered":"<p>Pojemnik termoizolacyjny Ultra Camcarrier \u0142adowany od przodu, elektryczny (220V), 4 x GN 1\/1 Termos Ultra Pan Carrier to rewolucyjne rozwi\u0105zanie dla wszystkich firm cateringowych. Pozwala utrzyma\u0107 odpowiedni\u0105 temperatur\u0119 posi\u0142k\u00f3w zachowuj\u0105c ich jako\u015b\u0107 przez d\u0142ugi czas co jest szczeg\u00f3lnie przydatne podczas bankiet\u00f3w z ograniczon\u0105 ilo\u015bci\u0105 gniazdek elektrycznych lub podczas imprez plenerowych. Termos spe\u0142nia wymogi HACCP w [&hellip;]<\/p>\n","protected":false},"featured_media":25846,"template":"","meta":{"_et_pb_use_builder":"","_et_pb_old_content":"","_et_gb_content_width":""},"pwb-brand":[733],"product_brand":[],"product_cat":[86],"product_tag":[],"class_list":{"0":"post-25440","1":"product","2":"type-product","3":"status-publish","4":"has-post-thumbnail","6":"pwb-brand-cambro","7":"product_cat-pojemniki-termoizolacyjne-pojemniki-termoizolacyjne","9":"first","10":"instock","11":"taxable","12":"shipping-taxable","13":"purchasable","14":"product-type-simple"},"brands":[{"id":733,"name":"Cambro","slug":"cambro"}],"_links":{"self":[{"href":"https:\/\/www.multifrigo.pl\/sklep\/wp-json\/wp\/v2\/product\/25440","targetHints":{"allow":["GET"]}}],"collection":[{"href":"https:\/\/www.multifrigo.pl\/sklep\/wp-json\/wp\/v2\/product"}],"about":[{"href":"https:\/\/www.multifrigo.pl\/sklep\/wp-json\/wp\/v2\/types\/product"}],"wp:featuredmedia":[{"embeddable":true,"href":"https:\/\/www.multifrigo.pl\/sklep\/wp-json\/wp\/v2\/media\/25846"}],"wp:attachment":[{"href":"https:\/\/www.multifrigo.pl\/sklep\/wp-json\/wp\/v2\/media?parent=25440"}],"wp:term":[{"taxonomy":"pwb-brand","embeddable":true,"href":"https:\/\/www.multifrigo.pl\/sklep\/wp-json\/wp\/v2\/pwb-brand?post=25440"},{"taxonomy":"product_brand","embeddable":true,"href":"https:\/\/www.multifrigo.pl\/sklep\/wp-json\/wp\/v2\/product_brand?post=25440"},{"taxonomy":"product_cat","embeddable":true,"href":"https:\/\/www.multifrigo.pl\/sklep\/wp-json\/wp\/v2\/product_cat?post=25440"},{"taxonomy":"product_tag","embeddable":true,"href":"https:\/\/www.multifrigo.pl\/sklep\/wp-json\/wp\/v2\/product_tag?post=25440"}],"curies":[{"name":"wp","href":"https:\/\/api.w.org\/{rel}","templated":true}]}}