{"id":25451,"date":"2024-07-23T13:50:39","date_gmt":"2024-07-23T13:50:39","guid":{"rendered":"https:\/\/multifrigo.pl\/sklep\/produkt\/pojemnik-magazynowy-z-polipropylenu-124x124x65-cm-047-l-polprzezroczysty-cambro-hfsfspropp190\/"},"modified":"2024-07-24T09:52:51","modified_gmt":"2024-07-24T09:52:51","slug":"pojemnik-magazynowy-z-polipropylenu-124x124x65-cm-047-l-polprzezroczysty-cambro-hfsfspropp190","status":"publish","type":"product","link":"https:\/\/www.multifrigo.pl\/sklep\/produkt\/pojemnik-magazynowy-z-polipropylenu-124x124x65-cm-047-l-polprzezroczysty-cambro-hfsfspropp190\/","title":{"rendered":"Pojemnik magazynowy z polipropylenu 12,4&#215;12,4&#215;6,5 cm, 0,47 l, p\u00f3\u0142przezroczysty  | Cambro  HFSFSPROPP190"},"content":{"rendered":"<p><b>Pojemnik magazynowy z polipropylenu 12,4&#215;12,4&#215;6,5 cm, 0,47 l, p\u00f3\u0142przezroczysty <\/b><\/p>\n<p>Niewielkie ilo\u015bci \u017cywno\u015bci w\u0142a\u015bnie zyska\u0142y dodatkowy\u00a0czas\u00a0dzi\u0119ki pojemnikom i pokrywkom CamSquares FreshPro Series. Idealne do przechowywania mise en place, mieszanek przypraw, \u015bwie\u017cych zi\u00f3\u0142 i innych sk\u0142adnik\u00f3w, pojemniki FreshPro to trwa\u0142a i ekologiczna alternatywa dla jednorazowych kubk\u00f3w. Jedna pokrywa Easy Seal Cover pasuje do obu rozmiar\u00f3w pojemnik\u00f3w, co pozwala by\u0107 bardziej efektywnym w kuchni. Pokrywa jest \u0142atwa do za\u0142o\u017cenia i zdj\u0119cia, pomaga zachowa\u0107 \u015bwie\u017co\u015b\u0107 i zapobiega rozlaniu. Wystarczaj\u0105co ma\u0142e, by unie\u015b\u0107 jedn\u0105 r\u0119k\u0105, te pojemniki FreshPro \u0142atwo si\u0119 uk\u0142adaj\u0105 jeden na drugim. Wybierz trwa\u0142e, efektywne i profesjonalne pojemniki do przechowywania nawet najmniejszych produkt\u00f3w spo\u017cywczych w pojemnikach p\u00f3\u0142przezroczystych z serii FreshPro.<\/p>\n<p>Trwa\u0142a, wielokrotnego u\u017cytku alternatywa dla jednorazowych kubk\u00f3w<\/p>\n<p>Idealne do przechowywania mise en place, mieszanek przypraw, dodatk\u00f3w i \u015bwie\u017cych zi\u00f3\u0142.<\/p>\n","protected":false},"excerpt":{"rendered":"<p>Pojemnik magazynowy z polipropylenu 12,4&#215;12,4&#215;6,5 cm, 0,47 l, p\u00f3\u0142przezroczysty Niewielkie ilo\u015bci \u017cywno\u015bci w\u0142a\u015bnie zyska\u0142y dodatkowy\u00a0czas\u00a0dzi\u0119ki pojemnikom i pokrywkom CamSquares FreshPro Series. Idealne do przechowywania mise en place, mieszanek przypraw, \u015bwie\u017cych zi\u00f3\u0142 i innych sk\u0142adnik\u00f3w, pojemniki FreshPro to trwa\u0142a i ekologiczna alternatywa dla jednorazowych kubk\u00f3w. Jedna pokrywa Easy Seal Cover pasuje do obu rozmiar\u00f3w pojemnik\u00f3w, co [&hellip;]<\/p>\n","protected":false},"featured_media":25879,"template":"","meta":{"_et_pb_use_builder":"","_et_pb_old_content":"","_et_gb_content_width":""},"pwb-brand":[733],"product_brand":[],"product_cat":[91],"product_tag":[],"class_list":{"0":"post-25451","1":"product","2":"type-product","3":"status-publish","4":"has-post-thumbnail","6":"pwb-brand-cambro","7":"product_cat-pojemniki-do-zywnosci","9":"first","10":"instock","11":"taxable","12":"shipping-taxable","13":"purchasable","14":"product-type-simple"},"brands":[{"id":733,"name":"Cambro","slug":"cambro"}],"_links":{"self":[{"href":"https:\/\/www.multifrigo.pl\/sklep\/wp-json\/wp\/v2\/product\/25451","targetHints":{"allow":["GET"]}}],"collection":[{"href":"https:\/\/www.multifrigo.pl\/sklep\/wp-json\/wp\/v2\/product"}],"about":[{"href":"https:\/\/www.multifrigo.pl\/sklep\/wp-json\/wp\/v2\/types\/product"}],"wp:featuredmedia":[{"embeddable":true,"href":"https:\/\/www.multifrigo.pl\/sklep\/wp-json\/wp\/v2\/media\/25879"}],"wp:attachment":[{"href":"https:\/\/www.multifrigo.pl\/sklep\/wp-json\/wp\/v2\/media?parent=25451"}],"wp:term":[{"taxonomy":"pwb-brand","embeddable":true,"href":"https:\/\/www.multifrigo.pl\/sklep\/wp-json\/wp\/v2\/pwb-brand?post=25451"},{"taxonomy":"product_brand","embeddable":true,"href":"https:\/\/www.multifrigo.pl\/sklep\/wp-json\/wp\/v2\/product_brand?post=25451"},{"taxonomy":"product_cat","embeddable":true,"href":"https:\/\/www.multifrigo.pl\/sklep\/wp-json\/wp\/v2\/product_cat?post=25451"},{"taxonomy":"product_tag","embeddable":true,"href":"https:\/\/www.multifrigo.pl\/sklep\/wp-json\/wp\/v2\/product_tag?post=25451"}],"curies":[{"name":"wp","href":"https:\/\/api.w.org\/{rel}","templated":true}]}}