{"id":26636,"date":"2024-07-30T13:52:32","date_gmt":"2024-07-30T13:52:32","guid":{"rendered":"https:\/\/multifrigo.pl\/sklep\/produkt\/kociol-warzelny-posredni-elektryczny-80-l-125kw-kromet-700-bek-80\/"},"modified":"2025-08-04T13:29:07","modified_gmt":"2025-08-04T13:29:07","slug":"kociol-warzelny-posredni-elektryczny-80-l-125kw-kromet-700-bek-80","status":"publish","type":"product","link":"https:\/\/www.multifrigo.pl\/sklep\/produkt\/kociol-warzelny-posredni-elektryczny-80-l-125kw-kromet-700-bek-80\/","title":{"rendered":"Kocio\u0142 warzelny po\u015bredni elektryczny 80 l 12,5kW | Kromet 700.BEK-80"},"content":{"rendered":"<p>W linii 7SB oferujemy 3 rodzaje kot\u0142\u00f3w warzelnych: gazowy, elektryczny oraz elektryczny z funkcj\u0105 automatycznego nape\u0142niania przestrzeni mi\u0119dzyp\u0142aszczowej. System automatycznego nape\u0142niania, tworzy specjalnie zaprojektowany czujnik, zamontowany w przestrzeni mi\u0119dzyp\u0142aszczowej, kt\u00f3ry ma za zadanie pilnowa\u0107 poziomu wody. W przypadku spadku poziomu wody, kocio\u0142 automatycznie uzupe\u0142nia wod\u0119 mi\u0119dzy p\u0142aszczami, zapewniaj\u0105c ci\u0105g\u0142o\u015b\u0107 pracy bez ingerencji obs\u0142ugi kuchni. W kot\u0142ach zastosowany jest po\u015bredni system grzania, kt\u00f3ry uniemo\u017cliwia przypalanie przygotowywanych potraw, dzi\u0119ki konstrukcji podw\u00f3jnych p\u0142aszczy mi\u0119dzy kt\u00f3rymi podczas pracy znajduje si\u0119 para pod ci\u015bnieniem i podwy\u017cszonej temperaturze co sprawia, \u017ce podgrzewanie zawarto\u015bci kot\u0142a przebiega dynamicznie. Zamontowana bateria z funkcj\u0105 Twist, umo\u017cliwia bezproblemowe otwieranie pokrywy kot\u0142a.. Pokrywy kot\u0142\u00f3w wykonane s\u0105 z dw\u00f3ch przet\u0142oczonych element\u00f3w, tworz\u0105c izolacj\u0119 termiczn\u0105, dzi\u0119ki kt\u00f3rej ograniczane s\u0105 straty ciep\u0142a. Du\u017ce zawory spustowe renomowanej europejskiej firmy, zapewniaj\u0105 sprawne i bezproblemowe opr\u00f3\u017cnianie zawarto\u015bci kot\u0142\u00f3w.<\/p>\n<li>Estetyczna bateria u\u0142atwiaj\u0105ca nape\u0142nianie kot\u0142a wod\u0105 oraz u\u0142atwia mycie.\n<li>Automatyczne nape\u0142nianie p\u0142aszcza\n<li>Wska\u017anik ci\u015bnienia oraz zaw\u00f3r bezpiecze\u0144stwa\n<li>T\u0142oczona podw\u00f3jna pokrywa\n<li>Dwa zakresy mocy z p\u0142ynn\u0105 regulacj\u0105\n<li>Du\u017cy zaw\u00f3r spustowy zapewniaj\u0105cy ca\u0142kowite zlanie potrawy z kot\u0142a\n<li>Polerowane dno wykonane ze stali kwasoodpornej AISI 316 u\u0142atwia czyszczenie oraz ogranicza przywieranie\n<li>Podw\u00f3jne p\u0142aszcze w kot\u0142ach zapewniaj\u0105 r\u00f3wnomierne grzanie oraz niweluj\u0105 mo\u017cliwo\u015b\u0107 przywierania<br \/>\n","protected":false},"excerpt":{"rendered":"<p>W linii 7SB oferujemy 3 rodzaje kot\u0142\u00f3w warzelnych: gazowy, elektryczny oraz elektryczny z funkcj\u0105 automatycznego nape\u0142niania przestrzeni mi\u0119dzyp\u0142aszczowej. System automatycznego nape\u0142niania, tworzy specjalnie zaprojektowany czujnik, zamontowany w przestrzeni mi\u0119dzyp\u0142aszczowej, kt\u00f3ry ma za zadanie pilnowa\u0107 poziomu wody. W przypadku spadku poziomu wody, kocio\u0142 automatycznie uzupe\u0142nia wod\u0119 mi\u0119dzy p\u0142aszczami, zapewniaj\u0105c ci\u0105g\u0142o\u015b\u0107 pracy bez ingerencji obs\u0142ugi kuchni. W [&hellip;]<\/p>\n","protected":false},"featured_media":26933,"template":"","meta":{"_et_pb_use_builder":"","_et_pb_old_content":"","_et_gb_content_width":""},"pwb-brand":[1000],"product_brand":[],"product_cat":[616],"product_tag":[],"class_list":{"0":"post-26636","1":"product","2":"type-product","3":"status-publish","4":"has-post-thumbnail","6":"pwb-brand-kromet","7":"product_cat-kotly-warzelne","9":"first","10":"instock","11":"taxable","12":"shipping-taxable","13":"purchasable","14":"product-type-simple"},"brands":[{"id":1000,"name":"Kromet","slug":"kromet"}],"_links":{"self":[{"href":"https:\/\/www.multifrigo.pl\/sklep\/wp-json\/wp\/v2\/product\/26636","targetHints":{"allow":["GET"]}}],"collection":[{"href":"https:\/\/www.multifrigo.pl\/sklep\/wp-json\/wp\/v2\/product"}],"about":[{"href":"https:\/\/www.multifrigo.pl\/sklep\/wp-json\/wp\/v2\/types\/product"}],"wp:featuredmedia":[{"embeddable":true,"href":"https:\/\/www.multifrigo.pl\/sklep\/wp-json\/wp\/v2\/media\/26933"}],"wp:attachment":[{"href":"https:\/\/www.multifrigo.pl\/sklep\/wp-json\/wp\/v2\/media?parent=26636"}],"wp:term":[{"taxonomy":"pwb-brand","embeddable":true,"href":"https:\/\/www.multifrigo.pl\/sklep\/wp-json\/wp\/v2\/pwb-brand?post=26636"},{"taxonomy":"product_brand","embeddable":true,"href":"https:\/\/www.multifrigo.pl\/sklep\/wp-json\/wp\/v2\/product_brand?post=26636"},{"taxonomy":"product_cat","embeddable":true,"href":"https:\/\/www.multifrigo.pl\/sklep\/wp-json\/wp\/v2\/product_cat?post=26636"},{"taxonomy":"product_tag","embeddable":true,"href":"https:\/\/www.multifrigo.pl\/sklep\/wp-json\/wp\/v2\/product_tag?post=26636"}],"curies":[{"name":"wp","href":"https:\/\/api.w.org\/{rel}","templated":true}]}}