{"id":26656,"date":"2024-07-30T13:52:37","date_gmt":"2024-07-30T13:52:37","guid":{"rendered":"https:\/\/multifrigo.pl\/sklep\/produkt\/kuchnia-gazowa-z-piekarnikiem-elektrycznym-1x25kw-3x35kw-35-kw-piekarnik-kromet-000-kg-4s-pe-1\/"},"modified":"2025-08-04T13:30:10","modified_gmt":"2025-08-04T13:30:10","slug":"kuchnia-gazowa-z-piekarnikiem-elektrycznym-1x25kw-3x35kw-35-kw-piekarnik-kromet-000-kg-4s-pe-1","status":"publish","type":"product","link":"https:\/\/www.multifrigo.pl\/sklep\/produkt\/kuchnia-gazowa-z-piekarnikiem-elektrycznym-1x25kw-3x35kw-35-kw-piekarnik-kromet-000-kg-4s-pe-1\/","title":{"rendered":"Kuchnia gazowa z piekarnikiem elektrycznym 1&#215;2,5kW + 3&#215;3,5kW + 3,5 kW (piekarnik) | Kromet 000.KG-4s\/PE-1"},"content":{"rendered":"<p>Profesjonalne kuchnie gazowe Kromet, niezawodne i proste w u\u017cyciu.<\/p>\n<li>Ergonomiczne pokr\u0119t\u0142a\n<li>Generator palnika piekarnika gazowego\n<li>Grzanie g\u00f3ra\/d\u00f3\u0142 w piekarniku elektrycznym\n<li>P\u0142ynna regulacja temperatury piekarnika 50-250\u00b0 C &#8211; piekarnik elektryczny 150-300\u00b0 C &#8211; piekarnik gazowy\n<li>Izolowane termicznie drzwi zapewniaj\u0105 idealnie r\u00f3wny wypiek\n<li>Nienagrzewaj\u0105cy si\u0119 uchwyt zapewniaj\u0105cy komfort u\u017cytkowania<br \/>\n","protected":false},"excerpt":{"rendered":"<p>Profesjonalne kuchnie gazowe Kromet, niezawodne i proste w u\u017cyciu. Ergonomiczne pokr\u0119t\u0142a Generator palnika piekarnika gazowego Grzanie g\u00f3ra\/d\u00f3\u0142 w piekarniku elektrycznym P\u0142ynna regulacja temperatury piekarnika 50-250\u00b0 C &#8211; piekarnik elektryczny 150-300\u00b0 C &#8211; piekarnik gazowy Izolowane termicznie drzwi zapewniaj\u0105 idealnie r\u00f3wny wypiek Nienagrzewaj\u0105cy si\u0119 uchwyt zapewniaj\u0105cy komfort u\u017cytkowania<\/p>\n","protected":false},"featured_media":27115,"template":"","meta":{"_et_pb_use_builder":"","_et_pb_old_content":"","_et_gb_content_width":""},"pwb-brand":[1000],"product_brand":[],"product_cat":[594],"product_tag":[],"class_list":{"0":"post-26656","1":"product","2":"type-product","3":"status-publish","4":"has-post-thumbnail","6":"pwb-brand-kromet","7":"product_cat-4-palnikowe-z-piekarnikiem-elektrycznym","9":"first","10":"instock","11":"taxable","12":"shipping-taxable","13":"purchasable","14":"product-type-simple"},"brands":[{"id":1000,"name":"Kromet","slug":"kromet"}],"_links":{"self":[{"href":"https:\/\/www.multifrigo.pl\/sklep\/wp-json\/wp\/v2\/product\/26656","targetHints":{"allow":["GET"]}}],"collection":[{"href":"https:\/\/www.multifrigo.pl\/sklep\/wp-json\/wp\/v2\/product"}],"about":[{"href":"https:\/\/www.multifrigo.pl\/sklep\/wp-json\/wp\/v2\/types\/product"}],"wp:featuredmedia":[{"embeddable":true,"href":"https:\/\/www.multifrigo.pl\/sklep\/wp-json\/wp\/v2\/media\/27115"}],"wp:attachment":[{"href":"https:\/\/www.multifrigo.pl\/sklep\/wp-json\/wp\/v2\/media?parent=26656"}],"wp:term":[{"taxonomy":"pwb-brand","embeddable":true,"href":"https:\/\/www.multifrigo.pl\/sklep\/wp-json\/wp\/v2\/pwb-brand?post=26656"},{"taxonomy":"product_brand","embeddable":true,"href":"https:\/\/www.multifrigo.pl\/sklep\/wp-json\/wp\/v2\/product_brand?post=26656"},{"taxonomy":"product_cat","embeddable":true,"href":"https:\/\/www.multifrigo.pl\/sklep\/wp-json\/wp\/v2\/product_cat?post=26656"},{"taxonomy":"product_tag","embeddable":true,"href":"https:\/\/www.multifrigo.pl\/sklep\/wp-json\/wp\/v2\/product_tag?post=26656"}],"curies":[{"name":"wp","href":"https:\/\/api.w.org\/{rel}","templated":true}]}}