{"id":26721,"date":"2024-07-30T13:52:52","date_gmt":"2024-07-30T13:52:52","guid":{"rendered":"https:\/\/multifrigo.pl\/sklep\/produkt\/taboret-indukcyjny-kromet-000-tei-1\/"},"modified":"2025-08-04T13:33:33","modified_gmt":"2025-08-04T13:33:33","slug":"taboret-indukcyjny-kromet-000-tei-1","status":"publish","type":"product","link":"https:\/\/www.multifrigo.pl\/sklep\/produkt\/taboret-indukcyjny-kromet-000-tei-1\/","title":{"rendered":"Taboret indukcyjny | Kromet 000.TEI-1"},"content":{"rendered":"<p>Taboret indukcyjny wykonany jest z wysokogatunkowych stali nierdzewnych. P\u0142yta robocza wykonana ze stali kwasoodpornej AISI 304 o grubo\u015bci 1,5 mm. Czujnik obecno\u015bci garnka. P\u0142ynna regulacja mocy w zakresie od 5 do 100%.<\/p>\n","protected":false},"excerpt":{"rendered":"<p>Taboret indukcyjny wykonany jest z wysokogatunkowych stali nierdzewnych. P\u0142yta robocza wykonana ze stali kwasoodpornej AISI 304 o grubo\u015bci 1,5 mm. Czujnik obecno\u015bci garnka. P\u0142ynna regulacja mocy w zakresie od 5 do 100%.<\/p>\n","protected":false},"featured_media":29240,"template":"","meta":{"_et_pb_use_builder":"","_et_pb_old_content":"","_et_gb_content_width":""},"pwb-brand":[1000],"product_brand":[],"product_cat":[454],"product_tag":[],"class_list":{"0":"post-26721","1":"product","2":"type-product","3":"status-publish","4":"has-post-thumbnail","6":"pwb-brand-kromet","7":"product_cat-taborety-gastronomiczne","9":"first","10":"instock","11":"taxable","12":"shipping-taxable","13":"purchasable","14":"product-type-simple"},"brands":[{"id":1000,"name":"Kromet","slug":"kromet"}],"_links":{"self":[{"href":"https:\/\/www.multifrigo.pl\/sklep\/wp-json\/wp\/v2\/product\/26721","targetHints":{"allow":["GET"]}}],"collection":[{"href":"https:\/\/www.multifrigo.pl\/sklep\/wp-json\/wp\/v2\/product"}],"about":[{"href":"https:\/\/www.multifrigo.pl\/sklep\/wp-json\/wp\/v2\/types\/product"}],"wp:featuredmedia":[{"embeddable":true,"href":"https:\/\/www.multifrigo.pl\/sklep\/wp-json\/wp\/v2\/media\/29240"}],"wp:attachment":[{"href":"https:\/\/www.multifrigo.pl\/sklep\/wp-json\/wp\/v2\/media?parent=26721"}],"wp:term":[{"taxonomy":"pwb-brand","embeddable":true,"href":"https:\/\/www.multifrigo.pl\/sklep\/wp-json\/wp\/v2\/pwb-brand?post=26721"},{"taxonomy":"product_brand","embeddable":true,"href":"https:\/\/www.multifrigo.pl\/sklep\/wp-json\/wp\/v2\/product_brand?post=26721"},{"taxonomy":"product_cat","embeddable":true,"href":"https:\/\/www.multifrigo.pl\/sklep\/wp-json\/wp\/v2\/product_cat?post=26721"},{"taxonomy":"product_tag","embeddable":true,"href":"https:\/\/www.multifrigo.pl\/sklep\/wp-json\/wp\/v2\/product_tag?post=26721"}],"curies":[{"name":"wp","href":"https:\/\/api.w.org\/{rel}","templated":true}]}}