{"id":48067,"date":"2024-09-04T11:24:00","date_gmt":"2024-09-04T11:24:00","guid":{"rendered":"https:\/\/www.multifrigo.pl\/sklep\/produkt\/taboret-elektryczny-egaz-ke-1\/"},"modified":"2025-05-20T06:30:45","modified_gmt":"2025-05-20T06:30:45","slug":"taboret-elektryczny-egaz-ke-1","status":"publish","type":"product","link":"https:\/\/www.multifrigo.pl\/sklep\/produkt\/taboret-elektryczny-egaz-ke-1\/","title":{"rendered":"Taboret elektryczny | Egaz KE-1"},"content":{"rendered":"<p><b>Taboret elektryczny<\/b><\/p>\n<ul>\n<li>najwy\u017cszej klasy p\u0142yty grzejne o mocy 5,0 kW,<\/li>\n<li>siedmiostopniowy prze\u0142\u0105cznik pozwalaj\u0105cy na wygodne i oszcz\u0119dne korzystanie z ich mocy,<\/li>\n<li>\u015bwiec\u0105ca lampka sygnalizacyjna na panelu przednim oznacza \u017ce p\u0142yta grzejna jest w\u0142\u0105czona i ostrzega u\u017cytkownika przed jej przypadkowym dotkni\u0119ciem i poparzeniem,<\/li>\n<li>konstrukcja wytrzymuje obci\u0105\u017cenia do 100 kg na ka\u017cd\u0105 p\u0142yt\u0119 grzewcz\u0105,<\/li>\n<li>zastosowano n\u00f3\u017cki z regulowan\u0105 wysoko\u015bci\u0105,<\/li>\n<li>\u015brednica p\u0142yty elektrycznej &#8211; 400 mm, p\u0142yta wystaje ok. 40 mm ponad blat <\/li>\n<li>obudowy urz\u0105dze\u0144 wykonane s\u0105 ze stali nierdzewnej. <\/li>\n<\/ul>\n","protected":false},"excerpt":{"rendered":"<p>Taboret elektryczny najwy\u017cszej klasy p\u0142yty grzejne o mocy 5,0 kW, siedmiostopniowy prze\u0142\u0105cznik pozwalaj\u0105cy na wygodne i oszcz\u0119dne korzystanie z ich mocy, \u015bwiec\u0105ca lampka sygnalizacyjna na panelu przednim oznacza \u017ce p\u0142yta grzejna jest w\u0142\u0105czona i ostrzega u\u017cytkownika przed jej przypadkowym dotkni\u0119ciem i poparzeniem, konstrukcja wytrzymuje obci\u0105\u017cenia do 100 kg na ka\u017cd\u0105 p\u0142yt\u0119 grzewcz\u0105, zastosowano n\u00f3\u017cki z [&hellip;]<\/p>\n","protected":false},"featured_media":48211,"template":"","meta":{"_et_pb_use_builder":"","_et_pb_old_content":"","_et_gb_content_width":""},"pwb-brand":[1478],"product_brand":[],"product_cat":[454],"product_tag":[],"class_list":{"0":"post-48067","1":"product","2":"type-product","3":"status-publish","4":"has-post-thumbnail","6":"pwb-brand-egaz","7":"product_cat-taborety-gastronomiczne","9":"first","10":"instock","11":"taxable","12":"shipping-taxable","13":"purchasable","14":"product-type-simple"},"brands":[{"id":1478,"name":"Egaz","slug":"egaz"}],"_links":{"self":[{"href":"https:\/\/www.multifrigo.pl\/sklep\/wp-json\/wp\/v2\/product\/48067","targetHints":{"allow":["GET"]}}],"collection":[{"href":"https:\/\/www.multifrigo.pl\/sklep\/wp-json\/wp\/v2\/product"}],"about":[{"href":"https:\/\/www.multifrigo.pl\/sklep\/wp-json\/wp\/v2\/types\/product"}],"wp:featuredmedia":[{"embeddable":true,"href":"https:\/\/www.multifrigo.pl\/sklep\/wp-json\/wp\/v2\/media\/48211"}],"wp:attachment":[{"href":"https:\/\/www.multifrigo.pl\/sklep\/wp-json\/wp\/v2\/media?parent=48067"}],"wp:term":[{"taxonomy":"pwb-brand","embeddable":true,"href":"https:\/\/www.multifrigo.pl\/sklep\/wp-json\/wp\/v2\/pwb-brand?post=48067"},{"taxonomy":"product_brand","embeddable":true,"href":"https:\/\/www.multifrigo.pl\/sklep\/wp-json\/wp\/v2\/product_brand?post=48067"},{"taxonomy":"product_cat","embeddable":true,"href":"https:\/\/www.multifrigo.pl\/sklep\/wp-json\/wp\/v2\/product_cat?post=48067"},{"taxonomy":"product_tag","embeddable":true,"href":"https:\/\/www.multifrigo.pl\/sklep\/wp-json\/wp\/v2\/product_tag?post=48067"}],"curies":[{"name":"wp","href":"https:\/\/api.w.org\/{rel}","templated":true}]}}