{"id":48074,"date":"2024-09-04T11:24:19","date_gmt":"2024-09-04T11:24:19","guid":{"rendered":"https:\/\/www.multifrigo.pl\/sklep\/produkt\/kuchnia-elektryczna-6-plytowa-egaz-ke-67k\/"},"modified":"2025-05-20T06:30:50","modified_gmt":"2025-05-20T06:30:50","slug":"kuchnia-elektryczna-6-plytowa-egaz-ke-67k","status":"publish","type":"product","link":"https:\/\/www.multifrigo.pl\/sklep\/produkt\/kuchnia-elektryczna-6-plytowa-egaz-ke-67k\/","title":{"rendered":"Kuchnia elektryczna 6-p\u0142ytowa | Egaz KE-67K"},"content":{"rendered":"<p><b>Kuchnia elektryczna<\/b><\/p>\n<ul>\n<li>wyposa\u017cone s\u0105 w cztery najwy\u017cszej klasy p\u0142yty grzewcze o mocy 3,0 kW ka\u017cda,<\/li>\n<li>siedmiostopniowe prze\u0142\u0105czniki pozwalaj\u0105 na wygodne i oszcz\u0119dne korzystanie z ich mocy,<\/li>\n<li>\u015bwiec\u0105ca lampka sygnalizacyjna na panelu przednim oznacza, \u017ce p\u0142yty grzejne s\u0105 w\u0142\u0105czone i ostrzega u\u017cytkownika przed ich przypadkowym dotkni\u0119ciem i oparzeniem,<\/li>\n<li>trzony ze wzgl\u0119du na swoj\u0105 budow\u0119 s\u0105 bardzo proste do utrzymania w czysto\u015bci,<\/li>\n<li>przystosowane do obci\u0105\u017ce\u0144 do 100 kg na ka\u017cd\u0105 p\u0142yt\u0119,<\/li>\n<li>w nogach urz\u0105dzenia zamocowano stopki pozwalaj\u0105ce na regulacj\u0119 wysoko\u015bci urz\u0105dzenia do 2 cm,<\/li>\n<li>obudowy urz\u0105dze\u0144 wykonane s\u0105 ze stali nierdzewnej.<\/li>\n<\/ul>\n","protected":false},"excerpt":{"rendered":"<p>Kuchnia elektryczna wyposa\u017cone s\u0105 w cztery najwy\u017cszej klasy p\u0142yty grzewcze o mocy 3,0 kW ka\u017cda, siedmiostopniowe prze\u0142\u0105czniki pozwalaj\u0105 na wygodne i oszcz\u0119dne korzystanie z ich mocy, \u015bwiec\u0105ca lampka sygnalizacyjna na panelu przednim oznacza, \u017ce p\u0142yty grzejne s\u0105 w\u0142\u0105czone i ostrzega u\u017cytkownika przed ich przypadkowym dotkni\u0119ciem i oparzeniem, trzony ze wzgl\u0119du na swoj\u0105 budow\u0119 s\u0105 bardzo [&hellip;]<\/p>\n","protected":false},"featured_media":48215,"template":"","meta":{"_et_pb_use_builder":"","_et_pb_old_content":"","_et_gb_content_width":""},"pwb-brand":[1478],"product_brand":[],"product_cat":[590],"product_tag":[],"class_list":{"0":"post-48074","1":"product","2":"type-product","3":"status-publish","4":"has-post-thumbnail","6":"pwb-brand-egaz","7":"product_cat-6-plytowe","9":"first","10":"instock","11":"taxable","12":"shipping-taxable","13":"purchasable","14":"product-type-simple"},"brands":[{"id":1478,"name":"Egaz","slug":"egaz"}],"_links":{"self":[{"href":"https:\/\/www.multifrigo.pl\/sklep\/wp-json\/wp\/v2\/product\/48074","targetHints":{"allow":["GET"]}}],"collection":[{"href":"https:\/\/www.multifrigo.pl\/sklep\/wp-json\/wp\/v2\/product"}],"about":[{"href":"https:\/\/www.multifrigo.pl\/sklep\/wp-json\/wp\/v2\/types\/product"}],"wp:featuredmedia":[{"embeddable":true,"href":"https:\/\/www.multifrigo.pl\/sklep\/wp-json\/wp\/v2\/media\/48215"}],"wp:attachment":[{"href":"https:\/\/www.multifrigo.pl\/sklep\/wp-json\/wp\/v2\/media?parent=48074"}],"wp:term":[{"taxonomy":"pwb-brand","embeddable":true,"href":"https:\/\/www.multifrigo.pl\/sklep\/wp-json\/wp\/v2\/pwb-brand?post=48074"},{"taxonomy":"product_brand","embeddable":true,"href":"https:\/\/www.multifrigo.pl\/sklep\/wp-json\/wp\/v2\/product_brand?post=48074"},{"taxonomy":"product_cat","embeddable":true,"href":"https:\/\/www.multifrigo.pl\/sklep\/wp-json\/wp\/v2\/product_cat?post=48074"},{"taxonomy":"product_tag","embeddable":true,"href":"https:\/\/www.multifrigo.pl\/sklep\/wp-json\/wp\/v2\/product_tag?post=48074"}],"curies":[{"name":"wp","href":"https:\/\/api.w.org\/{rel}","templated":true}]}}