{"id":48076,"date":"2024-09-04T11:24:24","date_gmt":"2024-09-04T11:24:24","guid":{"rendered":"https:\/\/www.multifrigo.pl\/sklep\/produkt\/kuchnia-elektryczna-4-plytowa-z-piekarnikiem-elektrycznym-egaz-ke-47k-pke-3\/"},"modified":"2025-05-20T06:30:51","modified_gmt":"2025-05-20T06:30:51","slug":"kuchnia-elektryczna-4-plytowa-z-piekarnikiem-elektrycznym-egaz-ke-47k-pke-3","status":"publish","type":"product","link":"https:\/\/www.multifrigo.pl\/sklep\/produkt\/kuchnia-elektryczna-4-plytowa-z-piekarnikiem-elektrycznym-egaz-ke-47k-pke-3\/","title":{"rendered":"Kuchnia elektryczna 4-p\u0142ytowa z piekarnikiem elektrycznym | Egaz KE-47K\/PKE-3"},"content":{"rendered":"<p><b>Kuchnia elektryczna z piekarnikiem elektrycznym<\/b><\/p>\n<ul>\n<li>wyposa\u017cone s\u0105 w cztery najwy\u017cszej klasy p\u0142yty grzewcze o mocy 3,0 kW ka\u017cda,<\/li>\n<li>siedmiostopniowe prze\u0142\u0105czniki pozwalaj\u0105 na wygodne i oszcz\u0119dne korzystanie z ich mocy,<\/li>\n<li>\u015bwiec\u0105ca lampka sygnalizacyjna na panelu przednim oznacza, \u017ce p\u0142yty grzejne s\u0105 w\u0142\u0105czone i ostrzega u\u017cytkownika przed ich przypadkowym dotkni\u0119ciem i oparzeniem,<\/li>\n<li>trzony ze wzgl\u0119du na swoj\u0105 budow\u0119 s\u0105 bardzo proste do utrzymania w czysto\u015bci,<\/li>\n<li>przystosowane do obci\u0105\u017ce\u0144 do 100 kg na ka\u017cd\u0105 p\u0142yt\u0119,<\/li>\n<li>w nogach urz\u0105dzenia zamocowano stopki pozwalaj\u0105ce na regulacj\u0119 wysoko\u015bci urz\u0105dzenia do 2 cm,<\/li>\n<\/ul>\n<ul>\n<li>obudowy urz\u0105dze\u0144 wykonane s\u0105 ze stali nierdzewnej,<\/li>\n<li>w trzon wbudowany jest piekarnik elektryczny PKE przeznaczony do pieczenia produkt\u00f3w spo\u017cywczych ze szczeg\u00f3lnym uwzgl\u0119dnieniem mi\u0119s i ciast. Piekarnik opr\u00f3cz standardowych grza\u0142ek g\u00f3rnej i dolnej posiada opiekacz i termoobieg. W komorze piekarnika mie\u015bci si\u0119 4 blachy GN 1\/1. Termostat umo\u017cliwia utrzymanie temperatury w zakresie 50-275\u00b0C.<\/li>\n<li>moc piekarnika PKE 1 \u2013 3,6 kW<\/li>\n<li>moc piekarnika PKE 3 \u2013 5,3 kW<\/li>\n<\/ul>\n","protected":false},"excerpt":{"rendered":"<p>Kuchnia elektryczna z piekarnikiem elektrycznym wyposa\u017cone s\u0105 w cztery najwy\u017cszej klasy p\u0142yty grzewcze o mocy 3,0 kW ka\u017cda, siedmiostopniowe prze\u0142\u0105czniki pozwalaj\u0105 na wygodne i oszcz\u0119dne korzystanie z ich mocy, \u015bwiec\u0105ca lampka sygnalizacyjna na panelu przednim oznacza, \u017ce p\u0142yty grzejne s\u0105 w\u0142\u0105czone i ostrzega u\u017cytkownika przed ich przypadkowym dotkni\u0119ciem i oparzeniem, trzony ze wzgl\u0119du na swoj\u0105 [&hellip;]<\/p>\n","protected":false},"featured_media":48216,"template":"","meta":{"_et_pb_use_builder":"","_et_pb_old_content":"","_et_gb_content_width":""},"pwb-brand":[1478],"product_brand":[],"product_cat":[586],"product_tag":[],"class_list":{"0":"post-48076","1":"product","2":"type-product","3":"status-publish","4":"has-post-thumbnail","6":"pwb-brand-egaz","7":"product_cat-4-plytowe","9":"first","10":"instock","11":"taxable","12":"shipping-taxable","13":"purchasable","14":"product-type-simple"},"brands":[{"id":1478,"name":"Egaz","slug":"egaz"}],"_links":{"self":[{"href":"https:\/\/www.multifrigo.pl\/sklep\/wp-json\/wp\/v2\/product\/48076","targetHints":{"allow":["GET"]}}],"collection":[{"href":"https:\/\/www.multifrigo.pl\/sklep\/wp-json\/wp\/v2\/product"}],"about":[{"href":"https:\/\/www.multifrigo.pl\/sklep\/wp-json\/wp\/v2\/types\/product"}],"wp:featuredmedia":[{"embeddable":true,"href":"https:\/\/www.multifrigo.pl\/sklep\/wp-json\/wp\/v2\/media\/48216"}],"wp:attachment":[{"href":"https:\/\/www.multifrigo.pl\/sklep\/wp-json\/wp\/v2\/media?parent=48076"}],"wp:term":[{"taxonomy":"pwb-brand","embeddable":true,"href":"https:\/\/www.multifrigo.pl\/sklep\/wp-json\/wp\/v2\/pwb-brand?post=48076"},{"taxonomy":"product_brand","embeddable":true,"href":"https:\/\/www.multifrigo.pl\/sklep\/wp-json\/wp\/v2\/product_brand?post=48076"},{"taxonomy":"product_cat","embeddable":true,"href":"https:\/\/www.multifrigo.pl\/sklep\/wp-json\/wp\/v2\/product_cat?post=48076"},{"taxonomy":"product_tag","embeddable":true,"href":"https:\/\/www.multifrigo.pl\/sklep\/wp-json\/wp\/v2\/product_tag?post=48076"}],"curies":[{"name":"wp","href":"https:\/\/api.w.org\/{rel}","templated":true}]}}