{"id":48339,"date":"2024-09-05T08:03:01","date_gmt":"2024-09-05T08:03:01","guid":{"rendered":"https:\/\/www.multifrigo.pl\/sklep\/produkt\/witryna-cukiernicza-chlodnicza-900x760x1290-bolarus-vertika-pure-c900\/"},"modified":"2024-09-05T11:38:14","modified_gmt":"2024-09-05T11:38:14","slug":"witryna-cukiernicza-chlodnicza-900x760x1290-bolarus-vertika-pure-c900","status":"publish","type":"product","link":"https:\/\/www.multifrigo.pl\/sklep\/produkt\/witryna-cukiernicza-chlodnicza-900x760x1290-bolarus-vertika-pure-c900\/","title":{"rendered":"Witryna cukiernicza ch\u0142odnicza, 900x760x1290, Bolarus Vertika Pure C900"},"content":{"rendered":"<p>Witryna cukiernicza ch\u0142odnicza, 900x760x1290, Bolarus Vertika Pure C900<br \/>\nVertika Pure to nowa wersja witryny Vertika z lakierowanymi proszkowo elementami. Produkt posiada m.in. frontow\u0105 szyb\u0119 prost\u0105 z mo\u017cliwo\u015bci\u0105 odchylenia, 3 niezale\u017cne p\u00f3\u0142ki ekspozycyjne z mo\u017cliwo\u015bci\u0105 regulacji wysoko\u015bci oraz k\u0105ta pochylenia wraz z o\u015bwietleniem LED. Zasilana jest agregatem wewn\u0119t<br \/>\nrznym. Dedykowana do zabudowy indywidualnej.<\/p>\n<p>Wyposa\u017cenie standardowe:<\/p>\n<p>Agregat wewn\u0119trzny<br \/>\nElektroniczny sterownik temperatury z wy\u015bwietlaczem<br \/>\nCh\u0142odzenie dynamiczne<br \/>\nAutomatyczne odszranianie<br \/>\nAutomatyczne odparowanie skroplin<br \/>\nUchylna przednia szyba<br \/>\nWn\u0119trze lakierowane proszkowo na kolor RAL<br \/>\nRegulowane szklane p\u00f3\u0142ki<br \/>\nO\u015bwietlenie LED p\u00f3\u0142ek<br \/>\nUrz\u0105dzenie do zabudowy<br \/>\nO\u015bwietlenie LED wn\u0119trza komory<br \/>\nTylne drzwi przesuwne<\/p>\n<p>Wyposa\u017cenie opcjonalne:<\/p>\n<p>Komplet zabudowy MDF<br \/>\nKomplet zabudowy ze stali lakierowanej na kolor RAL<\/p>\n","protected":false},"excerpt":{"rendered":"<p>Witryna cukiernicza ch\u0142odnicza, 900x760x1290, Bolarus Vertika Pure C900 Vertika Pure to nowa wersja witryny Vertika z lakierowanymi proszkowo elementami. Produkt posiada m.in. frontow\u0105 szyb\u0119 prost\u0105 z mo\u017cliwo\u015bci\u0105 odchylenia, 3 niezale\u017cne p\u00f3\u0142ki ekspozycyjne z mo\u017cliwo\u015bci\u0105 regulacji wysoko\u015bci oraz k\u0105ta pochylenia wraz z o\u015bwietleniem LED. Zasilana jest agregatem wewn\u0119t rznym. Dedykowana do zabudowy indywidualnej. Wyposa\u017cenie standardowe: Agregat [&hellip;]<\/p>\n","protected":false},"featured_media":48437,"template":"","meta":{"_et_pb_use_builder":"","_et_pb_old_content":"","_et_gb_content_width":""},"pwb-brand":[1570],"product_brand":[],"product_cat":[472],"product_tag":[],"class_list":{"0":"post-48339","1":"product","2":"type-product","3":"status-publish","4":"has-post-thumbnail","6":"pwb-brand-bolarus","7":"product_cat-witryny-cukiernicze","9":"first","10":"instock","11":"taxable","12":"shipping-taxable","13":"purchasable","14":"product-type-simple"},"brands":[{"id":1570,"name":"Bolarus","slug":"bolarus"}],"_links":{"self":[{"href":"https:\/\/www.multifrigo.pl\/sklep\/wp-json\/wp\/v2\/product\/48339","targetHints":{"allow":["GET"]}}],"collection":[{"href":"https:\/\/www.multifrigo.pl\/sklep\/wp-json\/wp\/v2\/product"}],"about":[{"href":"https:\/\/www.multifrigo.pl\/sklep\/wp-json\/wp\/v2\/types\/product"}],"wp:featuredmedia":[{"embeddable":true,"href":"https:\/\/www.multifrigo.pl\/sklep\/wp-json\/wp\/v2\/media\/48437"}],"wp:attachment":[{"href":"https:\/\/www.multifrigo.pl\/sklep\/wp-json\/wp\/v2\/media?parent=48339"}],"wp:term":[{"taxonomy":"pwb-brand","embeddable":true,"href":"https:\/\/www.multifrigo.pl\/sklep\/wp-json\/wp\/v2\/pwb-brand?post=48339"},{"taxonomy":"product_brand","embeddable":true,"href":"https:\/\/www.multifrigo.pl\/sklep\/wp-json\/wp\/v2\/product_brand?post=48339"},{"taxonomy":"product_cat","embeddable":true,"href":"https:\/\/www.multifrigo.pl\/sklep\/wp-json\/wp\/v2\/product_cat?post=48339"},{"taxonomy":"product_tag","embeddable":true,"href":"https:\/\/www.multifrigo.pl\/sklep\/wp-json\/wp\/v2\/product_tag?post=48339"}],"curies":[{"name":"wp","href":"https:\/\/api.w.org\/{rel}","templated":true}]}}

Witryna cukiernicza chłodnicza, 900x760x1290, Bolarus Vertika Pure C900

<p>Witryna cukiernicza chłodnicza, 900x760x1290, Bolarus Vertika Pure C900<br />
Vertika Pure to nowa wersja witryny Vertika z lakierowanymi proszkowo elementami. Produkt posiada m.in. frontową szybę prostą z możliwością odchylenia, 3 niezależne półki ekspozycyjne z możliwością regulacji wysokości oraz kąta pochylenia wraz z oświetleniem LED. Zasilana jest agregatem wewnęt<br />
rznym. Dedykowana do zabudowy indywidualnej.</p>
<p>Wyposażenie standardowe:</p>
<p>Agregat wewnętrzny<br />
Elektroniczny sterownik temperatury z wyświetlaczem<br />
Chłodzenie dynamiczne<br />
Automatyczne odszranianie<br />
Automatyczne odparowanie skroplin<br />
Uchylna przednia szyba<br />
Wnętrze lakierowane proszkowo na kolor RAL<br />
Regulowane szklane półki<br />
Oświetlenie LED półek<br />
Urządzenie do zabudowy<br />
Oświetlenie LED wnętrza komory<br />
Tylne drzwi przesuwne</p>
<p>Wyposażenie opcjonalne:</p>
<p>Komplet zabudowy MDF<br />
Komplet zabudowy ze stali lakierowanej na kolor RAL</p>

<p>Witryna cukiernicza chłodnicza, 900x760x1290, Bolarus Vertika Pure C900 Vertika Pure to nowa wersja witryny Vertika z lakierowanymi proszkowo elementami. Produkt posiada m.in. frontową szybę prostą z możliwością odchylenia, 3 niezależne półki ekspozycyjne z możliwością regulacji wysokości oraz kąta pochylenia wraz z oświetleniem LED. Zasilana jest agregatem wewnęt rznym. Dedykowana do zabudowy indywidualnej. Wyposażenie standardowe: Agregat [&hellip;]</p>
