{"id":48347,"date":"2024-09-05T08:03:31","date_gmt":"2024-09-05T08:03:31","guid":{"rendered":"https:\/\/www.multifrigo.pl\/sklep\/produkt\/witryna-cukiernicza-naroznik-1320x760x1290-bolarus-vertika-nz\/"},"modified":"2024-09-05T11:38:32","modified_gmt":"2024-09-05T11:38:32","slug":"witryna-cukiernicza-naroznik-1320x760x1290-bolarus-vertika-nz","status":"publish","type":"product","link":"https:\/\/www.multifrigo.pl\/sklep\/produkt\/witryna-cukiernicza-naroznik-1320x760x1290-bolarus-vertika-nz\/","title":{"rendered":"witryna cukiernicza naro\u017cnik, 1320\u00d7760\u00d71290, Bolarus Vertika NZ"},"content":{"rendered":"<p>Witryna cukiernicza, naro\u017cnik, 1320x760x1290, Bolarus Vertika NZ<\/p>\n<p>Wyposa\u017cenie standardowe:<\/p>\n<p>Agregat wewn\u0119trzny<br \/>\nElektroniczny sterownik temperatury z wy\u015bwietlaczem<br \/>\nCh\u0142odzenie dynamiczne<br \/>\nAutomatyczne odszranianie<br \/>\nAutomatyczne odparowanie skroplin<br \/>\nSzyba przednia prosta<br \/>\nUchylna przednia szyba<br \/>\nSzklana p\u00f3\u0142ka ekspozycyjna<br \/>\nO\u015bwietlenie p\u00f3\u0142ek<br \/>\nWn\u0119trze ze stali AISI 430Urz\u0105dzenie do zabudowy<\/p>\n<p>Wyposa\u017cenie dost\u0119pne opcjonalnie w niekt\u00f3rych modelach<\/p>\n<p>System ochrony \u017cywno\u015bci TiO2<br \/>\nKorpus zewn\u0119trzny lakierowany proszkowo na kolor RAL<br \/>\nWersja Open Front<br \/>\nKomplet p\u0142yt zewn\u0119trznych MDF &#8211; wzornik kolor\u00f3w<br \/>\nR\u00f3\u017cne wymiary p\u00f3\u0142ek 250, 350, 450 lub 500<br \/>\nWtyczka angielska<br \/>\nKorpus zewn\u0119trzny ze stali AISI 430<\/p>\n","protected":false},"excerpt":{"rendered":"<p>Witryna cukiernicza, naro\u017cnik, 1320x760x1290, Bolarus Vertika NZ Wyposa\u017cenie standardowe: Agregat wewn\u0119trzny Elektroniczny sterownik temperatury z wy\u015bwietlaczem Ch\u0142odzenie dynamiczne Automatyczne odszranianie Automatyczne odparowanie skroplin Szyba przednia prosta Uchylna przednia szyba Szklana p\u00f3\u0142ka ekspozycyjna O\u015bwietlenie p\u00f3\u0142ek Wn\u0119trze ze stali AISI 430Urz\u0105dzenie do zabudowy Wyposa\u017cenie dost\u0119pne opcjonalnie w niekt\u00f3rych modelach System ochrony \u017cywno\u015bci TiO2 Korpus zewn\u0119trzny lakierowany proszkowo [&hellip;]<\/p>\n","protected":false},"featured_media":48506,"template":"","meta":{"_et_pb_use_builder":"","_et_pb_old_content":"","_et_gb_content_width":""},"pwb-brand":[1570],"product_brand":[],"product_cat":[472],"product_tag":[],"class_list":{"0":"post-48347","1":"product","2":"type-product","3":"status-publish","4":"has-post-thumbnail","6":"pwb-brand-bolarus","7":"product_cat-witryny-cukiernicze","9":"first","10":"instock","11":"taxable","12":"shipping-taxable","13":"purchasable","14":"product-type-simple"},"brands":[{"id":1570,"name":"Bolarus","slug":"bolarus"}],"_links":{"self":[{"href":"https:\/\/www.multifrigo.pl\/sklep\/wp-json\/wp\/v2\/product\/48347","targetHints":{"allow":["GET"]}}],"collection":[{"href":"https:\/\/www.multifrigo.pl\/sklep\/wp-json\/wp\/v2\/product"}],"about":[{"href":"https:\/\/www.multifrigo.pl\/sklep\/wp-json\/wp\/v2\/types\/product"}],"wp:featuredmedia":[{"embeddable":true,"href":"https:\/\/www.multifrigo.pl\/sklep\/wp-json\/wp\/v2\/media\/48506"}],"wp:attachment":[{"href":"https:\/\/www.multifrigo.pl\/sklep\/wp-json\/wp\/v2\/media?parent=48347"}],"wp:term":[{"taxonomy":"pwb-brand","embeddable":true,"href":"https:\/\/www.multifrigo.pl\/sklep\/wp-json\/wp\/v2\/pwb-brand?post=48347"},{"taxonomy":"product_brand","embeddable":true,"href":"https:\/\/www.multifrigo.pl\/sklep\/wp-json\/wp\/v2\/product_brand?post=48347"},{"taxonomy":"product_cat","embeddable":true,"href":"https:\/\/www.multifrigo.pl\/sklep\/wp-json\/wp\/v2\/product_cat?post=48347"},{"taxonomy":"product_tag","embeddable":true,"href":"https:\/\/www.multifrigo.pl\/sklep\/wp-json\/wp\/v2\/product_tag?post=48347"}],"curies":[{"name":"wp","href":"https:\/\/api.w.org\/{rel}","templated":true}]}}