{"id":48363,"date":"2024-09-05T08:04:08","date_gmt":"2024-09-05T08:04:08","guid":{"rendered":"https:\/\/www.multifrigo.pl\/sklep\/produkt\/szafa-mroznicza-1480x830x2040-bolarus-gastro-f1400\/"},"modified":"2024-09-05T11:43:53","modified_gmt":"2024-09-05T11:43:53","slug":"szafa-mroznicza-1480x830x2040-bolarus-gastro-f1400","status":"publish","type":"product","link":"https:\/\/www.multifrigo.pl\/sklep\/produkt\/szafa-mroznicza-1480x830x2040-bolarus-gastro-f1400\/","title":{"rendered":"Szafa mro\u017anicza, 1480x830x2040, Bolarus Gastro F1400"},"content":{"rendered":"<p>Szafa mro\u017anicza, 1480x830x2040, Bolarus Gastro F1400<br \/>\nSzafy mro\u017anicze Gastro F to urz\u0105dzenia z wn\u0119trzem dostosowanym pod pojemniki GN 2\/1, wykonanym z blachy aluminiowej. Korpus zewn\u0119trzny jest malowany proszkowo, standardowo na kolor bia\u0142y. Dost\u0119pne r\u00f3wnie\u017c z drzwiami szklanymi wraz z o\u015bwietleniem wn\u0119trza.<\/p>\n<p>Wyposa\u017cenie standardowe:<\/p>\n<p>Elektroniczny sterownik temperatury z wy\u015bwietlaczem<br \/>\nCh\u0142odzenie dynamiczne<br \/>\nAutomatyczne odszranianie<br \/>\nAutomatyczne odparowanie skroplin<br \/>\nDrzwi pe\u0142ne<br \/>\nSamodomykaj\u0105ce si\u0119 drzwi<br \/>\nRegulowane nogi<br \/>\nWn\u0119trze z aluminium<br \/>\nProwadnice p\u00f3\u0142ek<br \/>\nP\u00f3\u0142ki metalowe plastyfikowane<br \/>\nWn\u0119trze przystosowane do pojemnik\u00f3w GN<br \/>\nO\u015bwietlenie wn\u0119trza (n\/d pe\u0142nych drzwi)<br \/>\nKorpus zewn\u0119trzny lakierowany proszkowo na kolor RAL<br \/>\nWersja tropik (n\/d drzwi szklane)<br \/>\nZamek drzwi mechaniczny<br \/>\nAutomatyczna praca wentylatora<br \/>\nCh\u0142odzenie dynamiczne za pomoc\u0105 monobloku<br \/>\nMagnetyczna uszczelka drzwi<\/p>\n<p>Wyposa\u017cenie dost\u0119pne opcjonalnie w niekt\u00f3rych modelach<\/p>\n<p>System ochrony \u017cywno\u015bci TiO2<br \/>\nSzklane drzwi<br \/>\nPeda\u0142 do otwierania drzwi nog\u0105<br \/>\nRegulowane nogi INOX<br \/>\nKomplet k\u00f3\u0142ek<br \/>\nProwadnice p\u00f3\u0142ek<br \/>\nP\u00f3\u0142ki inox<br \/>\nHaki na wyroby mi\u0119sne<br \/>\nGrza\u0142ka odszraniania parownika<br \/>\nRejestrator temperatury<br \/>\nAlarm d\u017awi\u0119kowy<br \/>\nP\u00f3\u0142ka metalowa plastyfikowana<br \/>\nWn\u0119trze przystosowane do tac piekarniczych 600&#215;400<br \/>\nO\u015bwietlenie &#8211; barwa neutralna<br \/>\nWtyczka angielska<\/p>\n","protected":false},"excerpt":{"rendered":"<p>Szafa mro\u017anicza, 1480x830x2040, Bolarus Gastro F1400 Szafy mro\u017anicze Gastro F to urz\u0105dzenia z wn\u0119trzem dostosowanym pod pojemniki GN 2\/1, wykonanym z blachy aluminiowej. Korpus zewn\u0119trzny jest malowany proszkowo, standardowo na kolor bia\u0142y. Dost\u0119pne r\u00f3wnie\u017c z drzwiami szklanymi wraz z o\u015bwietleniem wn\u0119trza. Wyposa\u017cenie standardowe: Elektroniczny sterownik temperatury z wy\u015bwietlaczem Ch\u0142odzenie dynamiczne Automatyczne odszranianie Automatyczne odparowanie skroplin [&hellip;]<\/p>\n","protected":false},"featured_media":48422,"template":"","meta":{"_et_pb_use_builder":"","_et_pb_old_content":"","_et_gb_content_width":""},"pwb-brand":[1570],"product_brand":[],"product_cat":[520],"product_tag":[],"class_list":{"0":"post-48363","1":"product","2":"type-product","3":"status-publish","4":"has-post-thumbnail","6":"pwb-brand-bolarus","7":"product_cat-szafy-mroznicze","9":"first","10":"instock","11":"taxable","12":"shipping-taxable","13":"purchasable","14":"product-type-simple"},"brands":[{"id":1570,"name":"Bolarus","slug":"bolarus"}],"_links":{"self":[{"href":"https:\/\/www.multifrigo.pl\/sklep\/wp-json\/wp\/v2\/product\/48363","targetHints":{"allow":["GET"]}}],"collection":[{"href":"https:\/\/www.multifrigo.pl\/sklep\/wp-json\/wp\/v2\/product"}],"about":[{"href":"https:\/\/www.multifrigo.pl\/sklep\/wp-json\/wp\/v2\/types\/product"}],"wp:featuredmedia":[{"embeddable":true,"href":"https:\/\/www.multifrigo.pl\/sklep\/wp-json\/wp\/v2\/media\/48422"}],"wp:attachment":[{"href":"https:\/\/www.multifrigo.pl\/sklep\/wp-json\/wp\/v2\/media?parent=48363"}],"wp:term":[{"taxonomy":"pwb-brand","embeddable":true,"href":"https:\/\/www.multifrigo.pl\/sklep\/wp-json\/wp\/v2\/pwb-brand?post=48363"},{"taxonomy":"product_brand","embeddable":true,"href":"https:\/\/www.multifrigo.pl\/sklep\/wp-json\/wp\/v2\/product_brand?post=48363"},{"taxonomy":"product_cat","embeddable":true,"href":"https:\/\/www.multifrigo.pl\/sklep\/wp-json\/wp\/v2\/product_cat?post=48363"},{"taxonomy":"product_tag","embeddable":true,"href":"https:\/\/www.multifrigo.pl\/sklep\/wp-json\/wp\/v2\/product_tag?post=48363"}],"curies":[{"name":"wp","href":"https:\/\/api.w.org\/{rel}","templated":true}]}}