{"id":48706,"date":"2024-09-09T06:32:47","date_gmt":"2024-09-09T06:32:47","guid":{"rendered":"https:\/\/www.multifrigo.pl\/sklep\/?post_type=product&#038;p=48706"},"modified":"2025-07-17T07:45:01","modified_gmt":"2025-07-17T07:45:01","slug":"piec-konwekcyjny-at400-z-nawilzaniem-bartscher-105780","status":"publish","type":"product","link":"https:\/\/www.multifrigo.pl\/sklep\/produkt\/piec-konwekcyjny-at400-z-nawilzaniem-bartscher-105780\/","title":{"rendered":"Piec konwekcyjny AT400 z nawil\u017caniem | Bartscher 105780"},"content":{"rendered":"<p><b>Piec konwekcyjny AT400 z nawil\u017caniem<\/b><\/p>\n<p>Seria AT: kulinarna inteligencja do grillowania, sma\u017cenia i pieczenia.<\/p>\n<p> Pe\u0142na moc do 300 stopni \u2013 seria AT oferuje szeroki wyb\u00f3r wysoce wydajnych piec\u00f3w konwekcyjnych.<\/p><\/p>\n","protected":false},"excerpt":{"rendered":"<p>Piec konwekcyjny AT400 z nawil\u017caniem Seria AT: kulinarna inteligencja do grillowania, sma\u017cenia i pieczenia. Pe\u0142na moc do 300 stopni \u2013 seria AT oferuje szeroki wyb\u00f3r wysoce wydajnych piec\u00f3w konwekcyjnych.<\/p>\n","protected":false},"featured_media":54608,"template":"","meta":{"_et_pb_use_builder":"","_et_pb_old_content":"","_et_gb_content_width":""},"pwb-brand":[1577],"product_brand":[],"product_cat":[463],"product_tag":[],"class_list":{"0":"post-48706","1":"product","2":"type-product","3":"status-publish","4":"has-post-thumbnail","6":"pwb-brand-bartscher","7":"product_cat-piece-konwekcyjne","9":"first","10":"instock","11":"taxable","12":"shipping-taxable","13":"purchasable","14":"product-type-simple"},"brands":[{"id":1577,"name":"Bartscher","slug":"bartscher"}],"_links":{"self":[{"href":"https:\/\/www.multifrigo.pl\/sklep\/wp-json\/wp\/v2\/product\/48706","targetHints":{"allow":["GET"]}}],"collection":[{"href":"https:\/\/www.multifrigo.pl\/sklep\/wp-json\/wp\/v2\/product"}],"about":[{"href":"https:\/\/www.multifrigo.pl\/sklep\/wp-json\/wp\/v2\/types\/product"}],"wp:featuredmedia":[{"embeddable":true,"href":"https:\/\/www.multifrigo.pl\/sklep\/wp-json\/wp\/v2\/media\/54608"}],"wp:attachment":[{"href":"https:\/\/www.multifrigo.pl\/sklep\/wp-json\/wp\/v2\/media?parent=48706"}],"wp:term":[{"taxonomy":"pwb-brand","embeddable":true,"href":"https:\/\/www.multifrigo.pl\/sklep\/wp-json\/wp\/v2\/pwb-brand?post=48706"},{"taxonomy":"product_brand","embeddable":true,"href":"https:\/\/www.multifrigo.pl\/sklep\/wp-json\/wp\/v2\/product_brand?post=48706"},{"taxonomy":"product_cat","embeddable":true,"href":"https:\/\/www.multifrigo.pl\/sklep\/wp-json\/wp\/v2\/product_cat?post=48706"},{"taxonomy":"product_tag","embeddable":true,"href":"https:\/\/www.multifrigo.pl\/sklep\/wp-json\/wp\/v2\/product_tag?post=48706"}],"curies":[{"name":"wp","href":"https:\/\/api.w.org\/{rel}","templated":true}]}}