{"id":48715,"date":"2024-09-09T06:33:19","date_gmt":"2024-09-09T06:33:19","guid":{"rendered":"https:\/\/www.multifrigo.pl\/sklep\/?post_type=product&#038;p=48715"},"modified":"2025-07-17T08:37:32","modified_gmt":"2025-07-17T08:37:32","slug":"piec-konwekcyjny-mf6430-bartscher-121782","status":"publish","type":"product","link":"https:\/\/www.multifrigo.pl\/sklep\/produkt\/piec-konwekcyjny-mf6430-bartscher-121782\/","title":{"rendered":"Piec konwekcyjny MF6430 | Bartscher 121782"},"content":{"rendered":"<p><b>Piec konwekcyjny MF6430<\/b><\/p>\n<p>Wielofunkcyjno\u015b\u0107 i prostota obs\u0142ugi \u2013 dzi\u0119ki wielu r\u00f3\u017cnym funkcjom pieczenia piec konwekcyjny oferuje du\u017co mo\u017cliwo\u015bci perfekcyjnego przygotowania potraw.<\/p>\n","protected":false},"excerpt":{"rendered":"<p>Piec konwekcyjny MF6430 Wielofunkcyjno\u015b\u0107 i prostota obs\u0142ugi \u2013 dzi\u0119ki wielu r\u00f3\u017cnym funkcjom pieczenia piec konwekcyjny oferuje du\u017co mo\u017cliwo\u015bci perfekcyjnego przygotowania potraw.<\/p>\n","protected":false},"featured_media":54652,"template":"","meta":{"_et_pb_use_builder":"","_et_pb_old_content":"","_et_gb_content_width":""},"pwb-brand":[1577],"product_brand":[],"product_cat":[463],"product_tag":[],"class_list":{"0":"post-48715","1":"product","2":"type-product","3":"status-publish","4":"has-post-thumbnail","6":"pwb-brand-bartscher","7":"product_cat-piece-konwekcyjne","9":"first","10":"instock","11":"taxable","12":"shipping-taxable","13":"purchasable","14":"product-type-simple"},"brands":[{"id":1577,"name":"Bartscher","slug":"bartscher"}],"_links":{"self":[{"href":"https:\/\/www.multifrigo.pl\/sklep\/wp-json\/wp\/v2\/product\/48715","targetHints":{"allow":["GET"]}}],"collection":[{"href":"https:\/\/www.multifrigo.pl\/sklep\/wp-json\/wp\/v2\/product"}],"about":[{"href":"https:\/\/www.multifrigo.pl\/sklep\/wp-json\/wp\/v2\/types\/product"}],"wp:featuredmedia":[{"embeddable":true,"href":"https:\/\/www.multifrigo.pl\/sklep\/wp-json\/wp\/v2\/media\/54652"}],"wp:attachment":[{"href":"https:\/\/www.multifrigo.pl\/sklep\/wp-json\/wp\/v2\/media?parent=48715"}],"wp:term":[{"taxonomy":"pwb-brand","embeddable":true,"href":"https:\/\/www.multifrigo.pl\/sklep\/wp-json\/wp\/v2\/pwb-brand?post=48715"},{"taxonomy":"product_brand","embeddable":true,"href":"https:\/\/www.multifrigo.pl\/sklep\/wp-json\/wp\/v2\/product_brand?post=48715"},{"taxonomy":"product_cat","embeddable":true,"href":"https:\/\/www.multifrigo.pl\/sklep\/wp-json\/wp\/v2\/product_cat?post=48715"},{"taxonomy":"product_tag","embeddable":true,"href":"https:\/\/www.multifrigo.pl\/sklep\/wp-json\/wp\/v2\/product_tag?post=48715"}],"curies":[{"name":"wp","href":"https:\/\/api.w.org\/{rel}","templated":true}]}}