{"id":48891,"date":"2024-09-09T06:43:36","date_gmt":"2024-09-09T06:43:36","guid":{"rendered":"https:\/\/www.multifrigo.pl\/sklep\/produkt\/dozownik-platkow-sniadaniowych-podwojny-bartscher-500378\/"},"modified":"2025-07-17T09:42:03","modified_gmt":"2025-07-17T09:42:03","slug":"dozownik-platkow-sniadaniowych-podwojny-bartscher-500378","status":"publish","type":"product","link":"https:\/\/www.multifrigo.pl\/sklep\/produkt\/dozownik-platkow-sniadaniowych-podwojny-bartscher-500378\/","title":{"rendered":"Dozownik p\u0142atk\u00f3w \u015bniadaniowych, podw\u00f3jny | Bartscher 500378"},"content":{"rendered":"<p><b>Dozownik p\u0142atk\u00f3w \u015bniadaniowych, podw\u00f3jny<\/b><\/p>\n","protected":false},"excerpt":{"rendered":"<p>Dozownik p\u0142atk\u00f3w \u015bniadaniowych, podw\u00f3jny<\/p>\n","protected":false},"featured_media":51958,"template":"","meta":{"_et_pb_use_builder":"","_et_pb_old_content":"","_et_gb_content_width":""},"pwb-brand":[1577],"product_brand":[],"product_cat":[296],"product_tag":[],"class_list":{"0":"post-48891","1":"product","2":"type-product","3":"status-publish","4":"has-post-thumbnail","6":"pwb-brand-bartscher","7":"product_cat-dyspensery-do-platkow","9":"first","10":"instock","11":"taxable","12":"shipping-taxable","13":"purchasable","14":"product-type-simple"},"brands":[{"id":1577,"name":"Bartscher","slug":"bartscher"}],"_links":{"self":[{"href":"https:\/\/www.multifrigo.pl\/sklep\/wp-json\/wp\/v2\/product\/48891","targetHints":{"allow":["GET"]}}],"collection":[{"href":"https:\/\/www.multifrigo.pl\/sklep\/wp-json\/wp\/v2\/product"}],"about":[{"href":"https:\/\/www.multifrigo.pl\/sklep\/wp-json\/wp\/v2\/types\/product"}],"wp:featuredmedia":[{"embeddable":true,"href":"https:\/\/www.multifrigo.pl\/sklep\/wp-json\/wp\/v2\/media\/51958"}],"wp:attachment":[{"href":"https:\/\/www.multifrigo.pl\/sklep\/wp-json\/wp\/v2\/media?parent=48891"}],"wp:term":[{"taxonomy":"pwb-brand","embeddable":true,"href":"https:\/\/www.multifrigo.pl\/sklep\/wp-json\/wp\/v2\/pwb-brand?post=48891"},{"taxonomy":"product_brand","embeddable":true,"href":"https:\/\/www.multifrigo.pl\/sklep\/wp-json\/wp\/v2\/product_brand?post=48891"},{"taxonomy":"product_cat","embeddable":true,"href":"https:\/\/www.multifrigo.pl\/sklep\/wp-json\/wp\/v2\/product_cat?post=48891"},{"taxonomy":"product_tag","embeddable":true,"href":"https:\/\/www.multifrigo.pl\/sklep\/wp-json\/wp\/v2\/product_tag?post=48891"}],"curies":[{"name":"wp","href":"https:\/\/api.w.org\/{rel}","templated":true}]}}