{"id":48906,"date":"2024-09-09T06:44:17","date_gmt":"2024-09-09T06:44:17","guid":{"rendered":"https:\/\/www.multifrigo.pl\/sklep\/produkt\/dyspenser-do-napojow-dew5-bartscher-150996\/"},"modified":"2025-07-17T08:44:37","modified_gmt":"2025-07-17T08:44:37","slug":"dyspenser-do-napojow-dew5-bartscher-150996","status":"publish","type":"product","link":"https:\/\/www.multifrigo.pl\/sklep\/produkt\/dyspenser-do-napojow-dew5-bartscher-150996\/","title":{"rendered":"Dyspenser do napoj\u00f3w DEW5 | Bartscher 150996"},"content":{"rendered":"<p><b>Dyspenser do napoj\u00f3w DEW5<\/b><\/p>\n<p>Napoje zimne jak l\u00f3d \u2013 dos\u0142ownie: rurka ch\u0142odz\u0105ca pozwala utrzyma\u0107 nisk\u0105 temperatur\u0119 5 litr\u00f3w soku, wody itp. Dyspenser o atrakcyjnym designie mo\u017cna wykorzysta\u0107 zar\u00f3wno w bufecie, jak i w cateringu \u2013 w zale\u017cno\u015bci od indywidualnych potrzeb.<\/p><\/p>\n","protected":false},"excerpt":{"rendered":"<p>Dyspenser do napoj\u00f3w DEW5 Napoje zimne jak l\u00f3d \u2013 dos\u0142ownie: rurka ch\u0142odz\u0105ca pozwala utrzyma\u0107 nisk\u0105 temperatur\u0119 5 litr\u00f3w soku, wody itp. Dyspenser o atrakcyjnym designie mo\u017cna wykorzysta\u0107 zar\u00f3wno w bufecie, jak i w cateringu \u2013 w zale\u017cno\u015bci od indywidualnych potrzeb.<\/p>\n","protected":false},"featured_media":51980,"template":"","meta":{"_et_pb_use_builder":"","_et_pb_old_content":"","_et_gb_content_width":""},"pwb-brand":[1577],"product_brand":[],"product_cat":[1889],"product_tag":[],"class_list":{"0":"post-48906","1":"product","2":"type-product","3":"status-publish","4":"has-post-thumbnail","6":"pwb-brand-bartscher","7":"product_cat-dyspensery-do-napojow-dyspensery-bufetowe-bufet-i-catering","9":"first","10":"instock","11":"taxable","12":"shipping-taxable","13":"purchasable","14":"product-type-simple"},"brands":[{"id":1577,"name":"Bartscher","slug":"bartscher"}],"_links":{"self":[{"href":"https:\/\/www.multifrigo.pl\/sklep\/wp-json\/wp\/v2\/product\/48906","targetHints":{"allow":["GET"]}}],"collection":[{"href":"https:\/\/www.multifrigo.pl\/sklep\/wp-json\/wp\/v2\/product"}],"about":[{"href":"https:\/\/www.multifrigo.pl\/sklep\/wp-json\/wp\/v2\/types\/product"}],"wp:featuredmedia":[{"embeddable":true,"href":"https:\/\/www.multifrigo.pl\/sklep\/wp-json\/wp\/v2\/media\/51980"}],"wp:attachment":[{"href":"https:\/\/www.multifrigo.pl\/sklep\/wp-json\/wp\/v2\/media?parent=48906"}],"wp:term":[{"taxonomy":"pwb-brand","embeddable":true,"href":"https:\/\/www.multifrigo.pl\/sklep\/wp-json\/wp\/v2\/pwb-brand?post=48906"},{"taxonomy":"product_brand","embeddable":true,"href":"https:\/\/www.multifrigo.pl\/sklep\/wp-json\/wp\/v2\/product_brand?post=48906"},{"taxonomy":"product_cat","embeddable":true,"href":"https:\/\/www.multifrigo.pl\/sklep\/wp-json\/wp\/v2\/product_cat?post=48906"},{"taxonomy":"product_tag","embeddable":true,"href":"https:\/\/www.multifrigo.pl\/sklep\/wp-json\/wp\/v2\/product_tag?post=48906"}],"curies":[{"name":"wp","href":"https:\/\/api.w.org\/{rel}","templated":true}]}}