{"id":48920,"date":"2024-09-09T06:44:58","date_gmt":"2024-09-09T06:44:58","guid":{"rendered":"https:\/\/www.multifrigo.pl\/sklep\/produkt\/dyspenser-do-napojow-dte5-bartscher-150983\/"},"modified":"2025-07-17T08:44:11","modified_gmt":"2025-07-17T08:44:11","slug":"dyspenser-do-napojow-dte5-bartscher-150983","status":"publish","type":"product","link":"https:\/\/www.multifrigo.pl\/sklep\/produkt\/dyspenser-do-napojow-dte5-bartscher-150983\/","title":{"rendered":"Dyspenser do napoj\u00f3w DTE5 | Bartscher 150983"},"content":{"rendered":"<p><b>Dyspenser do napoj\u00f3w DTE5<\/b><\/p>\n<p>Reprezentacyjny dyspenser do strefy bufetowej \u2013 \u0142atwe nape\u0142nianie i odbieranie sch\u0142odzonych napoj\u00f3w. Dzi\u0119ki cichemu ch\u0142odzeniu termoelektrycznemu napoje pozostan\u0105 d\u0142u\u017cej sch\u0142odzone.<\/p><\/p>\n","protected":false},"excerpt":{"rendered":"<p>Dyspenser do napoj\u00f3w DTE5 Reprezentacyjny dyspenser do strefy bufetowej \u2013 \u0142atwe nape\u0142nianie i odbieranie sch\u0142odzonych napoj\u00f3w. Dzi\u0119ki cichemu ch\u0142odzeniu termoelektrycznemu napoje pozostan\u0105 d\u0142u\u017cej sch\u0142odzone.<\/p>\n","protected":false},"featured_media":51994,"template":"","meta":{"_et_pb_use_builder":"","_et_pb_old_content":"","_et_gb_content_width":""},"pwb-brand":[1577],"product_brand":[],"product_cat":[1889],"product_tag":[],"class_list":{"0":"post-48920","1":"product","2":"type-product","3":"status-publish","4":"has-post-thumbnail","6":"pwb-brand-bartscher","7":"product_cat-dyspensery-do-napojow-dyspensery-bufetowe-bufet-i-catering","9":"first","10":"instock","11":"taxable","12":"shipping-taxable","13":"purchasable","14":"product-type-simple"},"brands":[{"id":1577,"name":"Bartscher","slug":"bartscher"}],"_links":{"self":[{"href":"https:\/\/www.multifrigo.pl\/sklep\/wp-json\/wp\/v2\/product\/48920","targetHints":{"allow":["GET"]}}],"collection":[{"href":"https:\/\/www.multifrigo.pl\/sklep\/wp-json\/wp\/v2\/product"}],"about":[{"href":"https:\/\/www.multifrigo.pl\/sklep\/wp-json\/wp\/v2\/types\/product"}],"wp:featuredmedia":[{"embeddable":true,"href":"https:\/\/www.multifrigo.pl\/sklep\/wp-json\/wp\/v2\/media\/51994"}],"wp:attachment":[{"href":"https:\/\/www.multifrigo.pl\/sklep\/wp-json\/wp\/v2\/media?parent=48920"}],"wp:term":[{"taxonomy":"pwb-brand","embeddable":true,"href":"https:\/\/www.multifrigo.pl\/sklep\/wp-json\/wp\/v2\/pwb-brand?post=48920"},{"taxonomy":"product_brand","embeddable":true,"href":"https:\/\/www.multifrigo.pl\/sklep\/wp-json\/wp\/v2\/product_brand?post=48920"},{"taxonomy":"product_cat","embeddable":true,"href":"https:\/\/www.multifrigo.pl\/sklep\/wp-json\/wp\/v2\/product_cat?post=48920"},{"taxonomy":"product_tag","embeddable":true,"href":"https:\/\/www.multifrigo.pl\/sklep\/wp-json\/wp\/v2\/product_tag?post=48920"}],"curies":[{"name":"wp","href":"https:\/\/api.w.org\/{rel}","templated":true}]}}