{"id":48942,"date":"2024-09-09T06:45:58","date_gmt":"2024-09-09T06:45:58","guid":{"rendered":"https:\/\/www.multifrigo.pl\/sklep\/produkt\/ekspres-do-kawy-aurora-22-bartscher-190187\/"},"modified":"2025-07-17T08:48:33","modified_gmt":"2025-07-17T08:48:33","slug":"ekspres-do-kawy-aurora-22-bartscher-190187","status":"publish","type":"product","link":"https:\/\/www.multifrigo.pl\/sklep\/produkt\/ekspres-do-kawy-aurora-22-bartscher-190187\/","title":{"rendered":"Ekspres do kawy Aurora 22 | Bartscher 190187"},"content":{"rendered":"<p><b>Ekspres do kawy Aurora 22<\/b><\/p>\n<p>Termos ze stali szlachetnej w modelu Aurora 22 jest w stanie pomie\u015bci\u0107 nawet do 1,9 litra \u015bwie\u017co parzonej kawy, kt\u00f3r\u0105 przygotujesz w 8 minut. Optymaln\u0105 wymian\u0119 ciep\u0142a gwarantuje grza\u0142ka ze stali szlachetnej. Praktyczny dzbanek z systemem pompuj\u0105cym u\u0142atwia samoobs\u0142ug\u0119.<\/p><\/p>\n","protected":false},"excerpt":{"rendered":"<p>Ekspres do kawy Aurora 22 Termos ze stali szlachetnej w modelu Aurora 22 jest w stanie pomie\u015bci\u0107 nawet do 1,9 litra \u015bwie\u017co parzonej kawy, kt\u00f3r\u0105 przygotujesz w 8 minut. Optymaln\u0105 wymian\u0119 ciep\u0142a gwarantuje grza\u0142ka ze stali szlachetnej. Praktyczny dzbanek z systemem pompuj\u0105cym u\u0142atwia samoobs\u0142ug\u0119.<\/p>\n","protected":false},"featured_media":52019,"template":"","meta":{"_et_pb_use_builder":"","_et_pb_old_content":"","_et_gb_content_width":""},"pwb-brand":[1577],"product_brand":[],"product_cat":[322],"product_tag":[],"class_list":{"0":"post-48942","1":"product","2":"type-product","3":"status-publish","4":"has-post-thumbnail","6":"pwb-brand-bartscher","7":"product_cat-ekspresy-automatyczne","9":"first","10":"instock","11":"taxable","12":"shipping-taxable","13":"purchasable","14":"product-type-simple"},"brands":[{"id":1577,"name":"Bartscher","slug":"bartscher"}],"_links":{"self":[{"href":"https:\/\/www.multifrigo.pl\/sklep\/wp-json\/wp\/v2\/product\/48942","targetHints":{"allow":["GET"]}}],"collection":[{"href":"https:\/\/www.multifrigo.pl\/sklep\/wp-json\/wp\/v2\/product"}],"about":[{"href":"https:\/\/www.multifrigo.pl\/sklep\/wp-json\/wp\/v2\/types\/product"}],"wp:featuredmedia":[{"embeddable":true,"href":"https:\/\/www.multifrigo.pl\/sklep\/wp-json\/wp\/v2\/media\/52019"}],"wp:attachment":[{"href":"https:\/\/www.multifrigo.pl\/sklep\/wp-json\/wp\/v2\/media?parent=48942"}],"wp:term":[{"taxonomy":"pwb-brand","embeddable":true,"href":"https:\/\/www.multifrigo.pl\/sklep\/wp-json\/wp\/v2\/pwb-brand?post=48942"},{"taxonomy":"product_brand","embeddable":true,"href":"https:\/\/www.multifrigo.pl\/sklep\/wp-json\/wp\/v2\/product_brand?post=48942"},{"taxonomy":"product_cat","embeddable":true,"href":"https:\/\/www.multifrigo.pl\/sklep\/wp-json\/wp\/v2\/product_cat?post=48942"},{"taxonomy":"product_tag","embeddable":true,"href":"https:\/\/www.multifrigo.pl\/sklep\/wp-json\/wp\/v2\/product_tag?post=48942"}],"curies":[{"name":"wp","href":"https:\/\/api.w.org\/{rel}","templated":true}]}}