{"id":48980,"date":"2024-09-09T06:47:39","date_gmt":"2024-09-09T06:47:39","guid":{"rendered":"https:\/\/www.multifrigo.pl\/sklep\/produkt\/ekspres-do-kawy-regina-plus-40-bartscher-a190149\/"},"modified":"2025-07-17T10:04:13","modified_gmt":"2025-07-17T10:04:13","slug":"ekspres-do-kawy-regina-plus-40-bartscher-a190149","status":"publish","type":"product","link":"https:\/\/www.multifrigo.pl\/sklep\/produkt\/ekspres-do-kawy-regina-plus-40-bartscher-a190149\/","title":{"rendered":"Ekspres do kawy Regina Plus 40 | Bartscher A190149"},"content":{"rendered":"<p><b>Ekspres do kawy Regina Plus 40<\/b><\/p>\n<p>Model Regina Plus 40 jest w stanie zaparzy\u0107 nawet 6,8 litra kawy filtrowanej w ci\u0105gu 45 minut. Urz\u0105dzenie wyr\u00f3\u017cnia si\u0119 takimi funkcjami jak sygna\u0142 informuj\u0105cy o konieczno\u015bci odkamienienia, wska\u017anik poziomu nape\u0142nienia oraz funkcja utrzymania ciep\u0142a ze zoptymalizowan\u0105 nieck\u0105 grzewcz\u0105 ze stali szlachetnej.<\/p><\/p>\n","protected":false},"excerpt":{"rendered":"<p>Ekspres do kawy Regina Plus 40 Model Regina Plus 40 jest w stanie zaparzy\u0107 nawet 6,8 litra kawy filtrowanej w ci\u0105gu 45 minut. Urz\u0105dzenie wyr\u00f3\u017cnia si\u0119 takimi funkcjami jak sygna\u0142 informuj\u0105cy o konieczno\u015bci odkamienienia, wska\u017anik poziomu nape\u0142nienia oraz funkcja utrzymania ciep\u0142a ze zoptymalizowan\u0105 nieck\u0105 grzewcz\u0105 ze stali szlachetnej.<\/p>\n","protected":false},"featured_media":52081,"template":"","meta":{"_et_pb_use_builder":"","_et_pb_old_content":"","_et_gb_content_width":""},"pwb-brand":[1577],"product_brand":[],"product_cat":[322],"product_tag":[],"class_list":{"0":"post-48980","1":"product","2":"type-product","3":"status-publish","4":"has-post-thumbnail","6":"pwb-brand-bartscher","7":"product_cat-ekspresy-automatyczne","9":"first","10":"instock","11":"taxable","12":"shipping-taxable","13":"purchasable","14":"product-type-simple"},"brands":[{"id":1577,"name":"Bartscher","slug":"bartscher"}],"_links":{"self":[{"href":"https:\/\/www.multifrigo.pl\/sklep\/wp-json\/wp\/v2\/product\/48980","targetHints":{"allow":["GET"]}}],"collection":[{"href":"https:\/\/www.multifrigo.pl\/sklep\/wp-json\/wp\/v2\/product"}],"about":[{"href":"https:\/\/www.multifrigo.pl\/sklep\/wp-json\/wp\/v2\/types\/product"}],"wp:featuredmedia":[{"embeddable":true,"href":"https:\/\/www.multifrigo.pl\/sklep\/wp-json\/wp\/v2\/media\/52081"}],"wp:attachment":[{"href":"https:\/\/www.multifrigo.pl\/sklep\/wp-json\/wp\/v2\/media?parent=48980"}],"wp:term":[{"taxonomy":"pwb-brand","embeddable":true,"href":"https:\/\/www.multifrigo.pl\/sklep\/wp-json\/wp\/v2\/pwb-brand?post=48980"},{"taxonomy":"product_brand","embeddable":true,"href":"https:\/\/www.multifrigo.pl\/sklep\/wp-json\/wp\/v2\/product_brand?post=48980"},{"taxonomy":"product_cat","embeddable":true,"href":"https:\/\/www.multifrigo.pl\/sklep\/wp-json\/wp\/v2\/product_cat?post=48980"},{"taxonomy":"product_tag","embeddable":true,"href":"https:\/\/www.multifrigo.pl\/sklep\/wp-json\/wp\/v2\/product_tag?post=48980"}],"curies":[{"name":"wp","href":"https:\/\/api.w.org\/{rel}","templated":true}]}}