{"id":48982,"date":"2024-09-09T06:47:48","date_gmt":"2024-09-09T06:47:48","guid":{"rendered":"https:\/\/www.multifrigo.pl\/sklep\/produkt\/ekspres-do-kawy-silver-1300-bartscher-a190189\/"},"modified":"2025-07-17T10:04:24","modified_gmt":"2025-07-17T10:04:24","slug":"ekspres-do-kawy-silver-1300-bartscher-a190189","status":"publish","type":"product","link":"https:\/\/www.multifrigo.pl\/sklep\/produkt\/ekspres-do-kawy-silver-1300-bartscher-a190189\/","title":{"rendered":"Ekspres do kawy Silver 1300 | Bartscher A190189"},"content":{"rendered":"<p><b>Ekspres do kawy Silver 1300<\/b><\/p>\n<p>Fili\u017canka lub dzbanek: ekspres przelewowy z filtrem okr\u0105g\u0142ym urzeka wieloma r\u00f3\u017cnymi funkcjami: du\u017ca pojemno\u015b\u0107 (ponad 13 litr\u00f3w), sygna\u0142 informuj\u0105cy o konieczno\u015bci odkamienienia, wyjmowana tacka ociekowa oraz prze\u015bwit poni\u017cej zaworu spustowego, kt\u00f3ry umo\u017cliwia podstawienie dzbanka. Elegancki design doda presti\u017cu w ka\u017cdym miejscu, w kt\u00f3rym pija si\u0119 kaw\u0119.<\/p><\/p>\n","protected":false},"excerpt":{"rendered":"<p>Ekspres do kawy Silver 1300 Fili\u017canka lub dzbanek: ekspres przelewowy z filtrem okr\u0105g\u0142ym urzeka wieloma r\u00f3\u017cnymi funkcjami: du\u017ca pojemno\u015b\u0107 (ponad 13 litr\u00f3w), sygna\u0142 informuj\u0105cy o konieczno\u015bci odkamienienia, wyjmowana tacka ociekowa oraz prze\u015bwit poni\u017cej zaworu spustowego, kt\u00f3ry umo\u017cliwia podstawienie dzbanka. Elegancki design doda presti\u017cu w ka\u017cdym miejscu, w kt\u00f3rym pija si\u0119 kaw\u0119.<\/p>\n","protected":false},"featured_media":52092,"template":"","meta":{"_et_pb_use_builder":"","_et_pb_old_content":"","_et_gb_content_width":""},"pwb-brand":[1577],"product_brand":[],"product_cat":[322],"product_tag":[],"class_list":{"0":"post-48982","1":"product","2":"type-product","3":"status-publish","4":"has-post-thumbnail","6":"pwb-brand-bartscher","7":"product_cat-ekspresy-automatyczne","9":"first","10":"instock","11":"taxable","12":"shipping-taxable","13":"purchasable","14":"product-type-simple"},"brands":[{"id":1577,"name":"Bartscher","slug":"bartscher"}],"_links":{"self":[{"href":"https:\/\/www.multifrigo.pl\/sklep\/wp-json\/wp\/v2\/product\/48982","targetHints":{"allow":["GET"]}}],"collection":[{"href":"https:\/\/www.multifrigo.pl\/sklep\/wp-json\/wp\/v2\/product"}],"about":[{"href":"https:\/\/www.multifrigo.pl\/sklep\/wp-json\/wp\/v2\/types\/product"}],"wp:featuredmedia":[{"embeddable":true,"href":"https:\/\/www.multifrigo.pl\/sklep\/wp-json\/wp\/v2\/media\/52092"}],"wp:attachment":[{"href":"https:\/\/www.multifrigo.pl\/sklep\/wp-json\/wp\/v2\/media?parent=48982"}],"wp:term":[{"taxonomy":"pwb-brand","embeddable":true,"href":"https:\/\/www.multifrigo.pl\/sklep\/wp-json\/wp\/v2\/pwb-brand?post=48982"},{"taxonomy":"product_brand","embeddable":true,"href":"https:\/\/www.multifrigo.pl\/sklep\/wp-json\/wp\/v2\/product_brand?post=48982"},{"taxonomy":"product_cat","embeddable":true,"href":"https:\/\/www.multifrigo.pl\/sklep\/wp-json\/wp\/v2\/product_cat?post=48982"},{"taxonomy":"product_tag","embeddable":true,"href":"https:\/\/www.multifrigo.pl\/sklep\/wp-json\/wp\/v2\/product_tag?post=48982"}],"curies":[{"name":"wp","href":"https:\/\/api.w.org\/{rel}","templated":true}]}}